000
CDUS41 KILN 310629
CLICMH


CLIMATE REPORT
NATIONAL WEATHER SERVICE WILMINGTON OH
229 AM EDT MON AUG 31 2015


...................................

...THE COLUMBUS OH CLIMATE SUMMARY FOR AUGUST 30 2015...

CLIMATE NORMAL PERIOD 1981 TO 2010
CLIMATE RECORD PERIOD 1869 TO 2015


WEATHER ITEM   OBSERVED TIME   RECORD YEAR NORMAL DEPARTURE LAST
                VALUE   (LST)  VALUE       VALUE  FROM      YEAR
                                                  NORMAL
..................................................................
TEMPERATURE (F)
 YESTERDAY
  MAXIMUM         85    429 PM 100    1953  82      3       93
  MINIMUM         66    449 AM  45    1976  62      4       70
  AVERAGE         76                        72      4       82

PRECIPITATION (IN)
  YESTERDAY        0.19          2.64 2003   0.11   0.08     0.01
  MONTH TO DATE    3.59                      3.21   0.38     3.07
  SINCE JUN 1     15.72                     12.01   3.71    11.83
  SINCE JAN 1     31.86                     27.58   4.28    28.68

SNOWFALL (IN)
  YESTERDAY        0.0                       0.0    0.0      0.0
  MONTH TO DATE    0.0                       0.0    0.0      0.0
  SINCE JUN 1      0.0                       0.0    0.0      0.0
  SINCE JUL 1      0.0                       0.0    0.0      0.0
  SNOW DEPTH       0

DEGREE DAYS
 HEATING
  YESTERDAY        0                         0      0        0
  MONTH TO DATE    5                         0      5        0
  SINCE JUN 1     25                        19      6        1
  SINCE JUL 1      5                         0      5        0

 COOLING
  YESTERDAY       11                         8      3       17
  MONTH TO DATE  212                       274    -62      314
  SINCE JUN 1    692                       800   -108      854
  SINCE JAN 1    845                       882    -37     1009
..................................................................


WIND (MPH)
  RESULTANT WIND SPEED   4   RESULTANT WIND DIRECTION   S (190)
  HIGHEST WIND SPEED    15   HIGHEST WIND DIRECTION    SW (230)
  HIGHEST GUST SPEED    23   HIGHEST GUST DIRECTION    SW (230)
  AVERAGE WIND SPEED     5.4


SKY COVER
  POSSIBLE SUNSHINE  MM
  AVERAGE SKY COVER 0.7


WEATHER CONDITIONS
 THE FOLLOWING WEATHER WAS RECORDED YESTERDAY.
  THUNDERSTORM
  RAIN
  LIGHT RAIN
  FOG


RELATIVE HUMIDITY (PERCENT)
 HIGHEST   100           600 AM
 LOWEST     51           400 PM
 AVERAGE    76

..........................................................


THE COLUMBUS OH CLIMATE NORMALS FOR TODAY
                         NORMAL    RECORD    YEAR
 MAXIMUM TEMPERATURE (F)   82        98      1953
                                             1951
 MINIMUM TEMPERATURE (F)   62        43      1915


SUNRISE AND SUNSET
AUGUST 31 2015........SUNRISE   658 AM EDT   SUNSET   805 PM EDT
SEPTEMBER  1 2015.....SUNRISE   659 AM EDT   SUNSET   803 PM EDT


-  INDICATES NEGATIVE NUMBERS.
R  INDICATES RECORD WAS SET OR TIED.
MM INDICATES DATA IS MISSING.
T  INDICATES TRACE AMOUNT.




$$
