000
CDUS41 KILN 290601
CLICMH


CLIMATE REPORT
NATIONAL WEATHER SERVICE WILMINGTON OH
201 AM EDT SUN MAY 29 2016


...................................

...THE COLUMBUS OH CLIMATE SUMMARY FOR MAY 28 2016...

CLIMATE NORMAL PERIOD 1981 TO 2010
CLIMATE RECORD PERIOD 1869 TO 2016


WEATHER ITEM   OBSERVED TIME   RECORD YEAR NORMAL DEPARTURE LAST
                VALUE   (LST)  VALUE       VALUE  FROM      YEAR
                                                  NORMAL
..................................................................
TEMPERATURE (F)
 YESTERDAY
  MAXIMUM         86    120 PM  94    1911  76     10       83
  MINIMUM         67    530 AM  36    1971  56     11       62
                                      1907
  AVERAGE         77                        66     11       73

PRECIPITATION (IN)
  YESTERDAY        0.43          2.67 2000   0.14   0.29     0.00
  MONTH TO DATE    2.57                      3.72  -1.15     3.16
  SINCE MAR 1      9.15                     10.14  -0.99    11.17
  SINCE JAN 1     13.56                     15.12  -1.56    15.74

SNOWFALL (IN)
  YESTERDAY        0.0           0.0    MM   0.0    0.0      0.0
  MONTH TO DATE    0.0                       0.0    0.0      0.0
  SINCE MAR 1      2.6                       5.3   -2.7      5.4
  SINCE JUL 1     17.1                      26.7   -9.6     33.4
  SNOW DEPTH       0

DEGREE DAYS
 HEATING
  YESTERDAY        0                         3     -3        0
  MONTH TO DATE  202                       139     63       85
  SINCE MAR 1   1106                      1226   -120     1264
  SINCE JUL 1   4547                      5221   -674     5818

 COOLING
  YESTERDAY       12                         4      8        8
  MONTH TO DATE   37                        58    -21      130
  SINCE MAR 1     38                        70    -32      130
  SINCE JAN 1     38                        70    -32      130
..................................................................


WIND (MPH)
  RESULTANT WIND SPEED   2   RESULTANT WIND DIRECTION   S (170)
  HIGHEST WIND SPEED    24   HIGHEST WIND DIRECTION     W (250)
  HIGHEST GUST SPEED    32   HIGHEST GUST DIRECTION     W (250)
  AVERAGE WIND SPEED     3.8


SKY COVER
  POSSIBLE SUNSHINE  MM
  AVERAGE SKY COVER 0.7


WEATHER CONDITIONS
 THE FOLLOWING WEATHER WAS RECORDED YESTERDAY.
  THUNDERSTORM
  HEAVY RAIN
  LIGHT RAIN
  FOG
  HAZE


RELATIVE HUMIDITY (PERCENT)
 HIGHEST    93           300 AM
 LOWEST     51          1200 PM
 AVERAGE    72

..........................................................


THE COLUMBUS OH CLIMATE NORMALS FOR TODAY
                         NORMAL    RECORD    YEAR
 MAXIMUM TEMPERATURE (F)   77        94      1914
 MINIMUM TEMPERATURE (F)   56        38      1949


SUNRISE AND SUNSET
MAY 29 2016...........SUNRISE   606 AM EDT   SUNSET   852 PM EDT
MAY 30 2016...........SUNRISE   605 AM EDT   SUNSET   853 PM EDT


-  INDICATES NEGATIVE NUMBERS.
R  INDICATES RECORD WAS SET OR TIED.
MM INDICATES DATA IS MISSING.
T  INDICATES TRACE AMOUNT.




$$
