000
CDUS41 KILN 010538
CLICMH


CLIMATE REPORT
NATIONAL WEATHER SERVICE WILMINGTON OH
138 AM EDT SAT NOV 1 2014


...................................

...THE COLUMBUS OH CLIMATE SUMMARY FOR OCTOBER 31 2014...

CLIMATE NORMAL PERIOD 1981 TO 2010
CLIMATE RECORD PERIOD 1869 TO 2014


WEATHER ITEM   OBSERVED TIME   RECORD YEAR NORMAL DEPARTURE LAST
                VALUE   (LST)  VALUE       VALUE  FROM      YEAR
                                                  NORMAL
..................................................................
TEMPERATURE (F)
 YESTERDAY
  MAXIMUM         49    456 PM  83    1950  60    -11       67
  MINIMUM         38   1159 PM  20    1887  41     -3       57
  AVERAGE         44                        50     -6       62

PRECIPITATION (IN)
  YESTERDAY        0.11          1.44 1932   0.09   0.02     0.98
  MONTH TO DATE    2.77                      2.61   0.16     5.91
  SINCE SEP 1      3.42                      5.45  -2.03     8.43
  SINCE JAN 1     33.93                     33.14   0.79    35.07

SNOWFALL (IN)
  YESTERDAY        0.0           1.0  1993   0.0    0.0      0.0
  MONTH TO DATE    T                         0.2   -0.2       T
  SINCE SEP 1      T                         0.2   -0.2       T
  SINCE JUL 1      T                         0.2   -0.2       T
  SNOW DEPTH       0

DEGREE DAYS
 HEATING
  YESTERDAY       21                        15      6        3
  MONTH TO DATE  328                       325      3      300
  SINCE SEP 1    376                       394    -18      349
  SINCE JUL 1    376                       394    -18      353

 COOLING
  YESTERDAY        0                         0      0        0
  MONTH TO DATE    8                        13     -5       42
  SINCE SEP 1    141                       135      6      178
  SINCE JAN 1   1163                      1024    139     1179
..................................................................


WIND (MPH)
  RESULTANT WIND SPEED   3   RESULTANT WIND DIRECTION  NW (300)
  HIGHEST WIND SPEED    24   HIGHEST WIND DIRECTION     N (360)
  HIGHEST GUST SPEED    30   HIGHEST GUST DIRECTION     N (360)
  AVERAGE WIND SPEED     7.8


SKY COVER
  POSSIBLE SUNSHINE  MM
  AVERAGE SKY COVER 1.0


WEATHER CONDITIONS
 THE FOLLOWING WEATHER WAS RECORDED YESTERDAY.
  LIGHT RAIN
  FOG


RELATIVE HUMIDITY (PERCENT)
 HIGHEST    93           600 PM
 LOWEST     65           100 AM
 AVERAGE    79

..........................................................


THE COLUMBUS OH CLIMATE NORMALS FOR TODAY
                         NORMAL    RECORD    YEAR
 MAXIMUM TEMPERATURE (F)   59        80      1950
 MINIMUM TEMPERATURE (F)   40        24      1949
                                             1878


SUNRISE AND SUNSET
NOVEMBER  1 2014......SUNRISE   801 AM EDT   SUNSET   629 PM EDT
NOVEMBER  2 2014......SUNRISE   702 AM EST   SUNSET   528 PM EST


-  INDICATES NEGATIVE NUMBERS.
R  INDICATES RECORD WAS SET OR TIED.
MM INDICATES DATA IS MISSING.
T  INDICATES TRACE AMOUNT.




$$
