000
CDUS41 KILN 020551
CLICMH


CLIMATE REPORT
NATIONAL WEATHER SERVICE WILMINGTON OH
150 AM EDT SAT AUG 2 2014


...................................

...THE COLUMBUS OH CLIMATE SUMMARY FOR AUGUST 1 2014...

CLIMATE NORMAL PERIOD 1981 TO 2010
CLIMATE RECORD PERIOD 1869 TO 2014


WEATHER ITEM   OBSERVED TIME   RECORD YEAR NORMAL DEPARTURE LAST
                VALUE   (LST)  VALUE       VALUE  FROM      YEAR
                                                  NORMAL
..................................................................
TEMPERATURE (F)
 YESTERDAY
  MAXIMUM         87    442 PM  97    1955  84      3       81
  MINIMUM         64    607 AM  48    1952  65     -1       66
  AVERAGE         76                        75      1       74

PRECIPITATION (IN)
  YESTERDAY        0.00          1.83 1938   0.12  -0.12     0.03
  MONTH TO DATE    0.00                      0.12  -0.12     0.03
  SINCE JUN 1      8.76                      8.92  -0.16    11.36
  SINCE JAN 1     25.61                     24.49   1.12    23.83

SNOWFALL (IN)
  YESTERDAY        0.0           0.0    MM   0.0    0.0      0.0
  MONTH TO DATE    0.0                       0.0    0.0      0.0
  SINCE JUN 1      0.0                       0.0    0.0      0.0
  SINCE JUL 1      0.0                       0.0    0.0      0.0
  SNOW DEPTH       0

DEGREE DAYS
 HEATING
  YESTERDAY        0                         0      0        0
  MONTH TO DATE    0                         0      0        0
  SINCE JUN 1      1                        19    -18        6
  SINCE JUL 1      0                         0      0        0

 COOLING
  YESTERDAY       11                        10      1        9
  MONTH TO DATE   11                        10      1        9
  SINCE JUN 1    551                       536     15      567
  SINCE JAN 1    706                       618     88      728
..................................................................


WIND (MPH)
  RESULTANT WIND SPEED   2   RESULTANT WIND DIRECTION  NE (60)
  HIGHEST WIND SPEED    15   HIGHEST WIND DIRECTION     N (360)
  HIGHEST GUST SPEED    18   HIGHEST GUST DIRECTION     N (10)
  AVERAGE WIND SPEED     2.7


SKY COVER
  POSSIBLE SUNSHINE  MM
  AVERAGE SKY COVER 0.3


WEATHER CONDITIONS
 THE FOLLOWING WEATHER WAS RECORDED YESTERDAY.
  FOG
  HAZE


RELATIVE HUMIDITY (PERCENT)
 HIGHEST    87           500 AM
 LOWEST     40           100 PM
 AVERAGE    64

..........................................................


THE COLUMBUS OH CLIMATE NORMALS FOR TODAY
                         NORMAL    RECORD    YEAR
 MAXIMUM TEMPERATURE (F)   84        99      1991
 MINIMUM TEMPERATURE (F)   65        50      1976


SUNRISE AND SUNSET
AUGUST  2 2014........SUNRISE   631 AM EDT   SUNSET   844 PM EDT
AUGUST  3 2014........SUNRISE   632 AM EDT   SUNSET   843 PM EDT


-  INDICATES NEGATIVE NUMBERS.
R  INDICATES RECORD WAS SET OR TIED.
MM INDICATES DATA IS MISSING.
T  INDICATES TRACE AMOUNT.




$$
