000
CDUS41 KILN 080600
CLICMH


CLIMATE REPORT
NATIONAL WEATHER SERVICE WILMINGTON OH
153 AM EDT WED JUL 8 2015


...................................

...THE COLUMBUS OH CLIMATE SUMMARY FOR JULY 7 2015...

CLIMATE NORMAL PERIOD 1981 TO 2010
CLIMATE RECORD PERIOD 1869 TO 2015


WEATHER ITEM   OBSERVED TIME   RECORD YEAR NORMAL DEPARTURE LAST
                VALUE   (LST)  VALUE       VALUE  FROM      YEAR
                                                  NORMAL
..................................................................
TEMPERATURE (F)
 YESTERDAY
  MAXIMUM         84   1244 PM 101    2012  85     -1       85
  MINIMUM         69   1159 PM  48    1983  65      4       69
                                      1972
  AVERAGE         77                        75      2       77

PRECIPITATION (IN)
  YESTERDAY        0.55          2.40 1943   0.15   0.40     0.65
  MONTH TO DATE    0.55                      1.02  -0.47     1.47
  SINCE JUN 1      7.27                      5.03   2.24     6.76
  SINCE JAN 1     23.41                     20.60   2.81    23.61

SNOWFALL (IN)
  YESTERDAY        0.0           0.0         0.0    0.0      0.0
  MONTH TO DATE    0.0                       0.0    0.0      0.0
  SINCE JUN 1      0.0                       0.0    0.0      0.0
  SINCE JUL 1      0.0                       0.0    0.0      0.0
  SNOW DEPTH       0

DEGREE DAYS
 HEATING
  YESTERDAY        0                         0      0        0
  MONTH TO DATE    0                         0      0        0
  SINCE JUN 1     20                        19      1        1
  SINCE JUL 1      0                         0      0        0

 COOLING
  YESTERDAY       12                        10      2       12
  MONTH TO DATE   41                        70    -29       56
  SINCE JUN 1    261                       286    -25      345
  SINCE JAN 1    414                       368     46      500
..................................................................


WIND (MPH)
  RESULTANT WIND SPEED   8   RESULTANT WIND DIRECTION   S (200)
  HIGHEST WIND SPEED    24   HIGHEST WIND DIRECTION    SW (220)
  HIGHEST GUST SPEED    30   HIGHEST GUST DIRECTION     S (200)
  AVERAGE WIND SPEED     8.9


SKY COVER
  POSSIBLE SUNSHINE  MM
  AVERAGE SKY COVER 0.9


WEATHER CONDITIONS
 THE FOLLOWING WEATHER WAS RECORDED YESTERDAY.
  HEAVY RAIN
  RAIN
  LIGHT RAIN
  FOG
  HAZE


RELATIVE HUMIDITY (PERCENT)
 HIGHEST    94           600 PM
 LOWEST     65          1200 PM
 AVERAGE    80

..........................................................


THE COLUMBUS OH CLIMATE NORMALS FOR TODAY
                         NORMAL    RECORD    YEAR
 MAXIMUM TEMPERATURE (F)   85       102      1936
 MINIMUM TEMPERATURE (F)   66        49      1984


SUNRISE AND SUNSET
JULY  8 2015..........SUNRISE   610 AM EDT   SUNSET   903 PM EDT
JULY  9 2015..........SUNRISE   611 AM EDT   SUNSET   902 PM EDT


-  INDICATES NEGATIVE NUMBERS.
R  INDICATES RECORD WAS SET OR TIED.
MM INDICATES DATA IS MISSING.
T  INDICATES TRACE AMOUNT.




$$
