000
CDUS41 KILN 030623
CLICMH


CLIMATE REPORT
NATIONAL WEATHER SERVICE WILMINGTON OH
122 AM EST TUE MAR 3 2015


...................................

...THE COLUMBUS OH CLIMATE SUMMARY FOR MARCH 2 2015...

CLIMATE NORMAL PERIOD 1981 TO 2010
CLIMATE RECORD PERIOD 1869 TO 2015


WEATHER ITEM   OBSERVED TIME   RECORD YEAR NORMAL DEPARTURE LAST
                VALUE   (LST)  VALUE       VALUE  FROM      YEAR
                                                  NORMAL
..................................................................
TEMPERATURE (F)
 YESTERDAY
  MAXIMUM         31    217 PM  73    1992  45    -14       35
  MINIMUM         17   1031 PM   0    1980  28    -11       16
  AVERAGE         24                        37    -13       26

PRECIPITATION (IN)
  YESTERDAY        0.00          1.08 1940   0.08  -0.08     0.22
  MONTH TO DATE    0.32                      0.16   0.16     0.22
  SINCE MAR 1      0.32                      0.16   0.16     0.22
  SINCE JAN 1      4.89                      5.14  -0.25     5.01

SNOWFALL (IN)
  YESTERDAY        0.0           5.0  1891   0.2   -0.2      2.9
  MONTH TO DATE    3.6                       0.4    3.2      2.9
  SINCE MAR 1      3.6                       0.4    3.2      2.9
  SINCE JUL 1     31.6                      21.8    9.8     53.9
  SNOW DEPTH       6

DEGREE DAYS
 HEATING
  YESTERDAY       41                        28     13       39
  MONTH TO DATE   78                        56     22       66
  SINCE MAR 1     78                        56     22       66
  SINCE JUL 1   4632                      4051    581     4450

 COOLING
  YESTERDAY        0                         0      0        0
  MONTH TO DATE    0                         0      0        0
  SINCE MAR 1      0                         0      0        0
  SINCE JAN 1      0                         0      0        0
..................................................................


WIND (MPH)
  RESULTANT WIND SPEED   6   RESULTANT WIND DIRECTION  NW (300)
  HIGHEST WIND SPEED    23   HIGHEST WIND DIRECTION    NW (310)
  HIGHEST GUST SPEED    28   HIGHEST GUST DIRECTION    NW (310)
  AVERAGE WIND SPEED     7.0


SKY COVER
  POSSIBLE SUNSHINE  MM
  AVERAGE SKY COVER 0.8


WEATHER CONDITIONS
 THE FOLLOWING WEATHER WAS RECORDED YESTERDAY.
  FOG
  HAZE


RELATIVE HUMIDITY (PERCENT)
 HIGHEST    92          1200 AM
 LOWEST     43           500 PM
 AVERAGE    68

..........................................................


THE COLUMBUS OH CLIMATE NORMALS FOR TODAY
                         NORMAL    RECORD    YEAR
 MAXIMUM TEMPERATURE (F)   46        75      1974
 MINIMUM TEMPERATURE (F)   29         1      1980


SUNRISE AND SUNSET
MARCH  3 2015.........SUNRISE   702 AM EST   SUNSET   625 PM EST
MARCH  4 2015.........SUNRISE   701 AM EST   SUNSET   626 PM EST


-  INDICATES NEGATIVE NUMBERS.
R  INDICATES RECORD WAS SET OR TIED.
MM INDICATES DATA IS MISSING.
T  INDICATES TRACE AMOUNT.




$$
