000
CDUS43 KILX 310651
CLICMI


CLIMATE REPORT
NATIONAL WEATHER SERVICE LINCOLN IL
1250 AM CST SAT JAN 31 2015


...................................

...THE CHAMPAIGN IL AIRPORT CLIMATE SUMMARY FOR JANUARY 30 2015...

CLIMATE NORMAL PERIOD 1981 TO 2010
CLIMATE RECORD PERIOD 9999 TO 9999


WEATHER ITEM   OBSERVED TIME   RECORD YEAR NORMAL DEPARTURE LAST
                VALUE   (LST)  VALUE       VALUE  FROM      YEAR
                                                  NORMAL
..................................................................
TEMPERATURE (F)
 YESTERDAY
  MAXIMUM         34    337 PM  MM      MM  34      0       37
  MINIMUM         22   1159 PM  MM      MM  17      5       19
  AVERAGE         28                        26      2       28

PRECIPITATION (IN)
  YESTERDAY        0.00         MM      MM   0.06  -0.06     0.00
  MONTH TO DATE    1.01                      2.00  -0.99     0.66
  SINCE DEC 1      2.68                      4.52  -1.84     2.53
  SINCE JAN 1      1.01                      2.00  -0.99     0.66

DEGREE DAYS
 HEATING
  YESTERDAY       37                        39     -2       37
  MONTH TO DATE 1200                      1192      8     1366
  SINCE DEC 1   2188                      2309   -121     2548
  SINCE JUL 1   3538                      3473     65     3742

 COOLING
  YESTERDAY        0                         0      0        0
  MONTH TO DATE    0                         0      0        0
  SINCE DEC 1      0                         0      0        0
  SINCE JAN 1      0                         0      0        0
..................................................................


WIND (MPH)
  HIGHEST WIND SPEED    22   HIGHEST WIND DIRECTION    NW (330)
  HIGHEST GUST SPEED    28   HIGHEST GUST DIRECTION    NW (330)
  AVERAGE WIND SPEED     8.4


SKY COVER
  POSSIBLE SUNSHINE  MM
  AVERAGE SKY COVER 0.2


WEATHER CONDITIONS
 THE FOLLOWING WEATHER WAS RECORDED YESTERDAY.
  NO SIGNIFICANT WEATHER WAS OBSERVED.


RELATIVE HUMIDITY (PERCENT)
 HIGHEST    88           900 PM
 LOWEST     45           100 PM
 AVERAGE    67

..........................................................


THE CHAMPAIGN IL AIRPORT CLIMATE NORMALS FOR TODAY
                         NORMAL    RECORD    YEAR
 MAXIMUM TEMPERATURE (F)   34        MM        MM
 MINIMUM TEMPERATURE (F)   18        MM        MM


SUNRISE AND SUNSET
JANUARY 31 2015.......SUNRISE   703 AM CST   SUNSET   511 PM CST
FEBRUARY  1 2015......SUNRISE   702 AM CST   SUNSET   512 PM CST


-  INDICATES NEGATIVE NUMBERS.
R  INDICATES RECORD WAS SET OR TIED.
MM INDICATES DATA IS MISSING.
T  INDICATES TRACE AMOUNT.




$$
