000
CDUS43 KILX 200627
CLICMI


CLIMATE REPORT
NATIONAL WEATHER SERVICE LINCOLN IL
127 AM CDT MON OCT 20 2014


...................................

...THE CHAMPAIGN IL AIRPORT CLIMATE SUMMARY FOR OCTOBER 19 2014...

CLIMATE NORMAL PERIOD 1981 TO 2010
CLIMATE RECORD PERIOD 9999 TO 9999


WEATHER ITEM   OBSERVED TIME   RECORD YEAR NORMAL DEPARTURE LAST
                VALUE   (LST)  VALUE       VALUE  FROM      YEAR
                                                  NORMAL
..................................................................
TEMPERATURE (F)
 YESTERDAY
  MAXIMUM         56    416 PM  MM      MM  64     -8       57
  MINIMUM         33    608 AM  MM      MM  41     -8       41
  AVERAGE         45                        53     -8       49

PRECIPITATION (IN)
  YESTERDAY        0.00         MM      MM   0.11  -0.11     0.28
  MONTH TO DATE    2.92                      1.94   0.98     1.92
  SINCE SEP 1      6.10                      5.22   0.88     2.47
  SINCE JAN 1     34.67                     32.50   2.17    26.68

DEGREE DAYS
 HEATING
  YESTERDAY       20                        13      7       16
  MONTH TO DATE  195                       191      4      112
  SINCE SEP 1    277                       274      3      140
  SINCE JUL 1    286                       283      3      155

 COOLING
  YESTERDAY        0                         0      0        0
  MONTH TO DATE    9                        14     -5       45
  SINCE SEP 1     91                       112    -21      214
  SINCE JAN 1    947                       939      8     1067
..................................................................


WIND (MPH)
  HIGHEST WIND SPEED    14   HIGHEST WIND DIRECTION     S (190)
  HIGHEST GUST SPEED    27   HIGHEST GUST DIRECTION    SW (240)
  AVERAGE WIND SPEED     7.2


SKY COVER
  POSSIBLE SUNSHINE  MM
  AVERAGE SKY COVER 0.4


WEATHER CONDITIONS
 THE FOLLOWING WEATHER WAS RECORDED YESTERDAY.
  FOG
  FOG W/VISIBILITY <= 1/4 MILE


RELATIVE HUMIDITY (PERCENT)
 HIGHEST   100           600 AM
 LOWEST     61           300 PM
 AVERAGE    81

..........................................................


THE CHAMPAIGN IL AIRPORT CLIMATE NORMALS FOR TODAY
                         NORMAL    RECORD    YEAR
 MAXIMUM TEMPERATURE (F)   64        MM        MM
 MINIMUM TEMPERATURE (F)   41        MM        MM


SUNRISE AND SUNSET
OCTOBER 20 2014.......SUNRISE   709 AM CDT   SUNSET   606 PM CDT
OCTOBER 21 2014.......SUNRISE   710 AM CDT   SUNSET   605 PM CDT


-  INDICATES NEGATIVE NUMBERS.
R  INDICATES RECORD WAS SET OR TIED.
MM INDICATES DATA IS MISSING.
T  INDICATES TRACE AMOUNT.




$$
