000
CDUS43 KILX 160638
CLICMI


CLIMATE REPORT
NATIONAL WEATHER SERVICE LINCOLN IL
136 AM CDT WED AUG 16 2017


...................................

...THE CHAMPAIGN IL AIRPORT CLIMATE SUMMARY FOR AUGUST 15 2017...

CLIMATE NORMAL PERIOD 1981 TO 2010
CLIMATE RECORD PERIOD 9999 TO 9999


WEATHER ITEM   OBSERVED TIME   RECORD YEAR NORMAL DEPARTURE LAST
                VALUE   (LST)  VALUE       VALUE  FROM      YEAR
                                                  NORMAL
..................................................................
TEMPERATURE (F)
 YESTERDAY
  MAXIMUM         87    411 PM  MM      MM  83      4       77
  MINIMUM         63    528 AM  MM      MM  62      1       69
  AVERAGE         75                        72      3       73

PRECIPITATION (IN)
  YESTERDAY        0.00         MM      MM   0.11  -0.11     1.29
  MONTH TO DATE    0.09                      1.42  -1.33     2.29
  SINCE JUN 1      4.89                      9.93  -5.04    12.29
  SINCE JAN 1     21.01                     25.09  -4.08    22.80

DEGREE DAYS
 HEATING
  YESTERDAY        0                         0      0        0
  MONTH TO DATE    4                         0      4        0
  SINCE JUN 1      7                        19    -12       10
  SINCE JUL 1      4                         2      2        8

 COOLING
  YESTERDAY       10                         8      2        8
  MONTH TO DATE   76                       120    -44      169
  SINCE JUN 1    686                       625     61      767
  SINCE JAN 1    785                       717     68      867
..................................................................


WIND (MPH)
  HIGHEST WIND SPEED    10   HIGHEST WIND DIRECTION    SW (230)
  HIGHEST GUST SPEED    16   HIGHEST GUST DIRECTION     S (200)
  AVERAGE WIND SPEED     4.5


SKY COVER
  POSSIBLE SUNSHINE  MM
  AVERAGE SKY COVER 0.1


WEATHER CONDITIONS
 THE FOLLOWING WEATHER WAS RECORDED YESTERDAY.
  FOG


RELATIVE HUMIDITY (PERCENT)
 HIGHEST   100           400 AM
 LOWEST     53           300 PM
 AVERAGE    77

..........................................................


THE CHAMPAIGN IL AIRPORT CLIMATE NORMALS FOR TODAY
                         NORMAL    RECORD    YEAR
 MAXIMUM TEMPERATURE (F)   83        MM        MM
 MINIMUM TEMPERATURE (F)   62        MM        MM


SUNRISE AND SUNSET
AUGUST 16 2017........SUNRISE   606 AM CDT   SUNSET   748 PM CDT
AUGUST 17 2017........SUNRISE   607 AM CDT   SUNSET   747 PM CDT


-  INDICATES NEGATIVE NUMBERS.
R  INDICATES RECORD WAS SET OR TIED.
MM INDICATES DATA IS MISSING.
T  INDICATES TRACE AMOUNT.




$$
