000
CDUS43 KILX 312202
CLICMI


CLIMATE REPORT
NATIONAL WEATHER SERVICE LINCOLN IL
502 PM CDT TUE MAY 31 2016


...................................

...THE CHAMPAIGN IL AIRPORT CLIMATE SUMMARY FOR MAY 31 2016...
VALID TODAY AS OF 0400 PM LOCAL TIME.

CLIMATE NORMAL PERIOD 1981 TO 2010
CLIMATE RECORD PERIOD 9999 TO 9999


WEATHER ITEM   OBSERVED TIME   RECORD YEAR NORMAL DEPARTURE LAST
                VALUE   (LST)  VALUE       VALUE  FROM      YEAR
                                                  NORMAL
..................................................................
TEMPERATURE (F)
 TODAY
  MAXIMUM         89   1241 PM  MM      MM  80      9       57
  MINIMUM         63    420 AM  MM      MM  56      7       49
  AVERAGE         76                        68      8       53

PRECIPITATION (IN)
  TODAY            0.00         MM      MM   0.14  -0.14     0.16
  MONTH TO DATE    2.46                      4.55  -2.09     5.59
  SINCE MAR 1      8.78                     11.09  -2.31     9.74
  SINCE JAN 1     10.44                     15.16  -4.72    11.41

DEGREE DAYS
 HEATING
  TODAY            0                         2     -2       12
  MONTH TO DATE  153                       141     12       90
  SINCE MAR 1   1072                      1304   -232     1291
  SINCE JUL 1   4759                      5806  -1047     6167

 COOLING
  TODAY           11                         5      6        0
  MONTH TO DATE   86                        81      5      151
  SINCE MAR 1    100                        92      8      154
  SINCE JAN 1    100                        92      8      154
..................................................................


WIND (MPH)
  HIGHEST WIND SPEED    18   HIGHEST WIND DIRECTION     S (160)
  HIGHEST GUST SPEED    24   HIGHEST GUST DIRECTION    SE (120)
  AVERAGE WIND SPEED     5.5


SKY COVER
  POSSIBLE SUNSHINE  MM
  AVERAGE SKY COVER 0.2


WEATHER CONDITIONS
 THE FOLLOWING WEATHER WAS RECORDED TODAY.
  NO SIGNIFICANT WEATHER WAS OBSERVED.


RELATIVE HUMIDITY (PERCENT)
 HIGHEST    87           500 AM
 LOWEST     36          1200 PM
 AVERAGE    62

..........................................................


THE CHAMPAIGN IL AIRPORT CLIMATE NORMALS FOR TOMORROW
                         NORMAL    RECORD    YEAR
 MAXIMUM TEMPERATURE (F)   80        MM        MM
 MINIMUM TEMPERATURE (F)   56        MM        MM


SUNRISE AND SUNSET
MAY 31 2016...........SUNRISE   527 AM CDT   SUNSET   816 PM CDT
JUNE  1 2016..........SUNRISE   526 AM CDT   SUNSET   816 PM CDT


-  INDICATES NEGATIVE NUMBERS.
R  INDICATES RECORD WAS SET OR TIED.
MM INDICATES DATA IS MISSING.
T  INDICATES TRACE AMOUNT.




$$
