000
CDUS43 KILX 260634
CLICMI


CLIMATE REPORT
NATIONAL WEATHER SERVICE LINCOLN IL
133 AM CDT SUN MAR 26 2017


...................................

...THE CHAMPAIGN IL AIRPORT CLIMATE SUMMARY FOR MARCH 25 2017...

CLIMATE NORMAL PERIOD 1981 TO 2010
CLIMATE RECORD PERIOD 9999 TO 9999


WEATHER ITEM   OBSERVED TIME   RECORD YEAR NORMAL DEPARTURE LAST
                VALUE   (LST)  VALUE       VALUE  FROM      YEAR
                                                  NORMAL
..................................................................
TEMPERATURE (F)
 YESTERDAY
  MAXIMUM         70    233 PM  MM      MM  55     15       47
  MINIMUM         55   1159 PM  MM      MM  33     22       31
  AVERAGE         63                        44     19       39

PRECIPITATION (IN)
  YESTERDAY        0.03         MM      MM   0.11  -0.08     0.00
  MONTH TO DATE    1.41                      2.11  -0.70     1.36
  SINCE MAR 1      1.41                      2.11  -0.70     1.36
  SINCE JAN 1      4.15                      6.18  -2.03     3.02

DEGREE DAYS
 HEATING
  YESTERDAY        2                        21    -19       26
  MONTH TO DATE  592                       637    -45      445
  SINCE MAR 1    592                       637    -45      445
  SINCE JUL 1   4111                      5139  -1028     4132

 COOLING
  YESTERDAY        0                         0      0        0
  MONTH TO DATE    0                         0      0        0
  SINCE MAR 1      0                         0      0        0
  SINCE JAN 1      0                         0      0        0
..................................................................


WIND (MPH)
  HIGHEST WIND SPEED    26   HIGHEST WIND DIRECTION     S (180)
  HIGHEST GUST SPEED    31   HIGHEST GUST DIRECTION     S (180)
  AVERAGE WIND SPEED    12.3


SKY COVER
  POSSIBLE SUNSHINE  MM
  AVERAGE SKY COVER 0.7


WEATHER CONDITIONS
 THE FOLLOWING WEATHER WAS RECORDED YESTERDAY.
  THUNDERSTORM
  LIGHT RAIN


RELATIVE HUMIDITY (PERCENT)
 HIGHEST    87           800 PM
 LOWEST     53          1100 AM
 AVERAGE    70

..........................................................


THE CHAMPAIGN IL AIRPORT CLIMATE NORMALS FOR TODAY
                         NORMAL    RECORD    YEAR
 MAXIMUM TEMPERATURE (F)   56        MM        MM
 MINIMUM TEMPERATURE (F)   33        MM        MM


SUNRISE AND SUNSET
MARCH 26 2017.........SUNRISE   646 AM CDT   SUNSET   712 PM CDT
MARCH 27 2017.........SUNRISE   645 AM CDT   SUNSET   713 PM CDT


-  INDICATES NEGATIVE NUMBERS.
R  INDICATES RECORD WAS SET OR TIED.
MM INDICATES DATA IS MISSING.
T  INDICATES TRACE AMOUNT.




$$
