000
CDUS43 KILX 250651
CLICMI


CLIMATE REPORT
NATIONAL WEATHER SERVICE LINCOLN IL
1250 AM CST TUE NOV 25 2014


...................................

...THE CHAMPAIGN IL AIRPORT CLIMATE SUMMARY FOR NOVEMBER 24 2014...

CLIMATE NORMAL PERIOD 1981 TO 2010
CLIMATE RECORD PERIOD 9999 TO 9999


WEATHER ITEM   OBSERVED TIME   RECORD YEAR NORMAL DEPARTURE LAST
                VALUE   (LST)  VALUE       VALUE  FROM      YEAR
                                                  NORMAL
..................................................................
TEMPERATURE (F)
 YESTERDAY
  MAXIMUM         53    452 AM  MM      MM  46      7       27
  MINIMUM         32   1159 PM  MM      MM  29      3        9
  AVERAGE         43                        38      5       18

PRECIPITATION (IN)
  YESTERDAY        0.56         MM      MM   0.11   0.45     0.00
  MONTH TO DATE    2.22                      2.79  -0.57     1.13
  SINCE SEP 1      8.82                      9.21  -0.39     5.68
  SINCE JAN 1     37.39                     36.49   0.90    29.89

DEGREE DAYS
 HEATING
  YESTERDAY       22                        28     -6       47
  MONTH TO DATE  707                       527    180      586
  SINCE SEP 1   1140                       979    161      963
  SINCE JUL 1   1149                       988    161      978

 COOLING
  YESTERDAY        0                         0      0        0
  MONTH TO DATE    0                         0      0        0
  SINCE SEP 1     92                       117    -25      214
  SINCE JAN 1    948                       944      4     1067
..................................................................


WIND (MPH)
  HIGHEST WIND SPEED    38   HIGHEST WIND DIRECTION     W (250)
  HIGHEST GUST SPEED    47   HIGHEST GUST DIRECTION    SW (240)
  AVERAGE WIND SPEED    21.8


SKY COVER
  POSSIBLE SUNSHINE  MM
  AVERAGE SKY COVER 1.0


WEATHER CONDITIONS
 THE FOLLOWING WEATHER WAS RECORDED YESTERDAY.
  HEAVY RAIN
  RAIN
  LIGHT RAIN
  LIGHT SNOW
  FOG


RELATIVE HUMIDITY (PERCENT)
 HIGHEST   100          1200 AM
 LOWEST     75           200 PM
 AVERAGE    88

..........................................................


THE CHAMPAIGN IL AIRPORT CLIMATE NORMALS FOR TODAY
                         NORMAL    RECORD    YEAR
 MAXIMUM TEMPERATURE (F)   46        MM        MM
 MINIMUM TEMPERATURE (F)   28        MM        MM


SUNRISE AND SUNSET
NOVEMBER 25 2014......SUNRISE   650 AM CST   SUNSET   430 PM CST
NOVEMBER 26 2014......SUNRISE   651 AM CST   SUNSET   430 PM CST


-  INDICATES NEGATIVE NUMBERS.
R  INDICATES RECORD WAS SET OR TIED.
MM INDICATES DATA IS MISSING.
T  INDICATES TRACE AMOUNT.




$$
