000
CDUS43 KILX 222237
CLICMI


CLIMATE REPORT
NATIONAL WEATHER SERVICE LINCOLN IL
437 PM CST MON DEC 22 2014


...................................

...THE CHAMPAIGN IL AIRPORT CLIMATE SUMMARY FOR DECEMBER 22 2014...
VALID TODAY AS OF 0400 PM LOCAL TIME.

CLIMATE NORMAL PERIOD 1981 TO 2010
CLIMATE RECORD PERIOD 9999 TO 9999


WEATHER ITEM   OBSERVED TIME   RECORD YEAR NORMAL DEPARTURE LAST
                VALUE   (LST)  VALUE       VALUE  FROM      YEAR
                                                  NORMAL
..................................................................
TEMPERATURE (F)
 TODAY
  MAXIMUM         44    359 PM  MM      MM  34     10       36
  MINIMUM         29   1231 AM  MM      MM  20      9       28
  AVERAGE         37                        27     10       32

PRECIPITATION (IN)
  TODAY            0.23         MM      MM   0.09   0.14     0.02
  MONTH TO DATE    0.91                      1.70  -0.79     1.87
  SINCE DEC 1      0.91                      1.70  -0.79     1.87
  SINCE JAN 1     38.30                     38.90  -0.60    31.76

DEGREE DAYS
 HEATING
  TODAY           28                        38    -10       33
  MONTH TO DATE  705                       769    -64      820
  SINCE DEC 1    705                       769    -64      820
  SINCE JUL 1   2055                      1933    122     2014

 COOLING
  TODAY            0                         0      0        0
  MONTH TO DATE    0                         0      0        0
  SINCE DEC 1      0                         0      0        0
  SINCE JAN 1    948                       945      3     1067
..................................................................


WIND (MPH)
  HIGHEST WIND SPEED    20   HIGHEST WIND DIRECTION    SE (120)
  HIGHEST GUST SPEED    25   HIGHEST GUST DIRECTION    SE (130)
  AVERAGE WIND SPEED    13.1


SKY COVER
  POSSIBLE SUNSHINE  MM
  AVERAGE SKY COVER 0.9


WEATHER CONDITIONS
 THE FOLLOWING WEATHER WAS RECORDED TODAY.
  LIGHT RAIN
  FOG


RELATIVE HUMIDITY (PERCENT)
 HIGHEST   100           100 PM
 LOWEST     82           600 AM
 AVERAGE    91

..........................................................


THE CHAMPAIGN IL AIRPORT CLIMATE NORMALS FOR TOMORROW
                         NORMAL    RECORD    YEAR
 MAXIMUM TEMPERATURE (F)   34        MM        MM
 MINIMUM TEMPERATURE (F)   20        MM        MM


SUNRISE AND SUNSET
DECEMBER 22 2014......SUNRISE   712 AM CST   SUNSET   432 PM CST
DECEMBER 23 2014......SUNRISE   712 AM CST   SUNSET   432 PM CST


-  INDICATES NEGATIVE NUMBERS.
R  INDICATES RECORD WAS SET OR TIED.
MM INDICATES DATA IS MISSING.
T  INDICATES TRACE AMOUNT.




$$
