000
CDUS43 KTOP 240633
CLICNK


CLIMATE REPORT
NATIONAL WEATHER SERVICE TOPEKA KS
132 AM CDT THU APR 24 2014


...................................

...THE CONCORDIA KS CLIMATE SUMMARY FOR APRIL 23 2014...

CLIMATE NORMAL PERIOD 1981 TO 2010
CLIMATE RECORD PERIOD 1885 TO 2014


WEATHER ITEM   OBSERVED TIME   RECORD YEAR NORMAL DEPARTURE LAST
                VALUE   (LST)  VALUE       VALUE  FROM      YEAR
                                                  NORMAL
..................................................................
TEMPERATURE (F)
 YESTERDAY
  MAXIMUM         83    247 PM  95    1989  67     16       37
  MINIMUM         53    712 AM  29    2013  44      9       29
                                      1967
  AVERAGE         68                        56     12       33

PRECIPITATION (IN)
  YESTERDAY        T             0.91 2003   0.08  -0.08     0.14
  MONTH TO DATE    0.58                      1.78  -1.20     3.48
  SINCE MAR 1      0.81                      3.79  -2.98     4.37
  SINCE JAN 1      2.00                      5.16  -3.16     5.85

SNOWFALL (IN)
  YESTERDAY        0.0           2.2  2013   0.0    0.0      2.2
  MONTH TO DATE    T                         0.5   -0.5      2.4
  SINCE JAN 1     16.9                      13.7    3.2     20.3
  SINCE JUL 1     23.2                      20.2    3.0     28.8
  SNOW DEPTH       0

DEGREE DAYS
 HEATING
  YESTERDAY        0                        10    -10       32
  MONTH TO DATE  288                       310    -22      456
  SINCE MAR 1   1084                       994     90     1273
  SINCE JUL 1   5566                      5201    365     5292

 COOLING
  YESTERDAY        3                         1      2        0
  MONTH TO DATE   18                         8     10        0
  SINCE MAR 1     18                         9      9        0
  SINCE JAN 1     18                         9      9        0
..................................................................


WIND (MPH)
  HIGHEST WIND SPEED    35   HIGHEST WIND DIRECTION     S (160)
  HIGHEST GUST SPEED    48   HIGHEST GUST DIRECTION     S (160)
  AVERAGE WIND SPEED    21.3


SKY COVER
  AVERAGE SKY COVER 0.4


WEATHER CONDITIONS
 THE FOLLOWING WEATHER WAS RECORDED YESTERDAY.
  THUNDERSTORM
  LIGHT RAIN


RELATIVE HUMIDITY (PERCENT)
 HIGHEST    61           800 AM
 LOWEST     30           800 PM
 AVERAGE    46

..........................................................


THE CONCORDIA KS CLIMATE NORMALS FOR TODAY
                         NORMAL    RECORD    YEAR
 MAXIMUM TEMPERATURE (F)   68        98      1989
 MINIMUM TEMPERATURE (F)   44        25      2013
                                             1967


SUNRISE AND SUNSET
APRIL 24 2014.........SUNRISE   641 AM CDT   SUNSET   817 PM CDT
APRIL 25 2014.........SUNRISE   639 AM CDT   SUNSET   818 PM CDT


-  INDICATES NEGATIVE NUMBERS.
R  INDICATES RECORD WAS SET OR TIED.
MM INDICATES DATA IS MISSING.
T  INDICATES TRACE AMOUNT.




$$
