000
CDUS43 KTOP 022141
CLICNK


CLIMATE REPORT
NATIONAL WEATHER SERVICE TOPEKA KS
440 PM CDT TUE SEP 2 2014


...................................

...THE CONCORDIA KS CLIMATE SUMMARY FOR SEPTEMBER 2 2014...
VALID TODAY AS OF 0400 PM LOCAL TIME.

CLIMATE NORMAL PERIOD 1981 TO 2010
CLIMATE RECORD PERIOD 1885 TO 2014


WEATHER ITEM   OBSERVED TIME   RECORD YEAR NORMAL DEPARTURE LAST
                VALUE   (LST)  VALUE       VALUE  FROM      YEAR
                                                  NORMAL
..................................................................
TEMPERATURE (F)
 TODAY
  MAXIMUM         83    259 PM 109    2000  85     -2       84
  MINIMUM         57    641 AM  45    1893  62     -5       57
  AVERAGE         70                        74     -4       71

PRECIPITATION (IN)
  TODAY            0.00          1.62 1942   0.10  -0.10     0.00
  MONTH TO DATE    T                         0.20  -0.20     0.01
  SINCE SEP 1      T                         0.20  -0.20     0.01
  SINCE JAN 1     20.66                     21.30  -0.64    23.58

SNOWFALL (IN)
  TODAY            0.0           0.0    MM   0.0    0.0      0.0
  MONTH TO DATE    0.0                       0.0    0.0      0.0
  SINCE JAN 1     16.9                      13.7    3.2     20.3
  SINCE JUL 1      0.0                       0.0    0.0      0.0
  SNOW DEPTH       0

DEGREE DAYS
 HEATING
  TODAY            0                         0      0        0
  MONTH TO DATE    0                         0      0        0
  SINCE SEP 1      0                         0      0        0
  SINCE JUL 1      2                         3     -1        7

 COOLING
  TODAY            5                         9     -4        6
  MONTH TO DATE   11                        18     -7       17
  SINCE SEP 1     11                        18     -7       17
  SINCE JAN 1   1220                      1184     36     1102
..................................................................


WIND (MPH)
  HIGHEST WIND SPEED    10   HIGHEST WIND DIRECTION     N (360)
  HIGHEST GUST SPEED    12   HIGHEST GUST DIRECTION    SE (140)
  AVERAGE WIND SPEED     3.6



WEATHER CONDITIONS
 THE FOLLOWING WEATHER WAS RECORDED TODAY.
  NO SIGNIFICANT WEATHER WAS OBSERVED.


RELATIVE HUMIDITY (PERCENT)
 HIGHEST   100           100 AM
 LOWEST     51           200 PM
 AVERAGE    76

..........................................................


THE CONCORDIA KS CLIMATE NORMALS FOR TOMORROW
                         NORMAL    RECORD    YEAR
 MAXIMUM TEMPERATURE (F)   85       112      1947
 MINIMUM TEMPERATURE (F)   61        40      1974


SUNRISE AND SUNSET
SEPTEMBER  2 2014.....SUNRISE   700 AM CDT   SUNSET   800 PM CDT
SEPTEMBER  3 2014.....SUNRISE   701 AM CDT   SUNSET   758 PM CDT


-  INDICATES NEGATIVE NUMBERS.
R  INDICATES RECORD WAS SET OR TIED.
MM INDICATES DATA IS MISSING.
T  INDICATES TRACE AMOUNT.




$$
