874
CDUS43 KTOP 280635
CLICNK


CLIMATE REPORT
NATIONAL WEATHER SERVICE TOPEKA KS
135 AM CDT FRI APR 28 2017


...................................

...THE CONCORDIA KS CLIMATE SUMMARY FOR APRIL 27 2017...

CLIMATE NORMAL PERIOD 1981 TO 2010
CLIMATE RECORD PERIOD 1885 TO 2017


WEATHER ITEM   OBSERVED TIME   RECORD YEAR NORMAL DEPARTURE LAST
                VALUE   (LST)  VALUE       VALUE  FROM      YEAR
                                                  NORMAL
..................................................................
TEMPERATURE (F)
 YESTERDAY
  MAXIMUM         58    209 PM  93    1989  69    -11       59
  MINIMUM         29R   515 AM  30    1995  45    -16       41
  AVERAGE         44                        57    -13       50

PRECIPITATION (IN)
  YESTERDAY        0.29          1.71 1986   0.10   0.19     0.02
  MONTH TO DATE    3.24                      2.16   1.08     1.29
  SINCE MAR 1      6.43                      4.17   2.26     1.74
  SINCE JAN 1      8.28                      5.54   2.74     3.30

SNOWFALL (IN)
  YESTERDAY        0.0           T    1955   0.0    0.0      0.0
  MONTH TO DATE    0.0                       0.5   -0.5      0.0
  SINCE JAN 1      2.1                      13.7  -11.6     12.3
  SINCE JUL 1      4.3                      20.2  -15.9     13.6
  SNOW DEPTH       0

DEGREE DAYS
 HEATING
  YESTERDAY       21                         9     12       15
  MONTH TO DATE  280                       348    -68      217
  SINCE MAR 1    849                      1032   -183      705
  SINCE JUL 1   4350                      5239   -889     4176

 COOLING
  YESTERDAY        0                         1     -1        0
  MONTH TO DATE   15                        12      3        8
  SINCE MAR 1     19                        13      6       11
  SINCE JAN 1     19                        13      6       11
..................................................................


WIND (MPH)
  HIGHEST WIND SPEED    16   HIGHEST WIND DIRECTION     S (170)
  HIGHEST GUST SPEED    20   HIGHEST GUST DIRECTION     S (160)
  AVERAGE WIND SPEED     6.9


SKY COVER
  AVERAGE SKY COVER 0.4


WEATHER CONDITIONS
 THE FOLLOWING WEATHER WAS RECORDED YESTERDAY.
  RAIN
  LIGHT RAIN
  FOG


RELATIVE HUMIDITY (PERCENT)
 HIGHEST   100           500 AM
 LOWEST     43           100 PM
 AVERAGE    72

..........................................................


THE CONCORDIA KS CLIMATE NORMALS FOR TODAY
                         NORMAL    RECORD    YEAR
 MAXIMUM TEMPERATURE (F)   69        94      1910
 MINIMUM TEMPERATURE (F)   46        29      1965


SUNRISE AND SUNSET
APRIL 28 2017.........SUNRISE   635 AM CDT   SUNSET   822 PM CDT
APRIL 29 2017.........SUNRISE   634 AM CDT   SUNSET   823 PM CDT


-  INDICATES NEGATIVE NUMBERS.
R  INDICATES RECORD WAS SET OR TIED.
MM INDICATES DATA IS MISSING.
T  INDICATES TRACE AMOUNT.




$$
