000
CDUS43 KICT 250630
CLICNU


CLIMATE REPORT
NATIONAL WEATHER SERVICE WICHITA KS
129 AM CDT WED MAY 25 2016


...................................

...THE CHANUTE KS CLIMATE SUMMARY FOR MAY 24 2016...

CLIMATE NORMAL PERIOD 1981 TO 2010
CLIMATE RECORD PERIOD 1894 TO 2016


WEATHER ITEM   OBSERVED TIME   RECORD YEAR NORMAL DEPARTURE LAST
                VALUE   (LST)  VALUE       VALUE  FROM      YEAR
                                                  NORMAL
..................................................................
TEMPERATURE (F)
 YESTERDAY
  MAXIMUM         81    328 PM  91    1926  78      3       69
  MINIMUM         65    906 AM  41    1935  58      7       61
  AVERAGE         73                        68      5       65

PRECIPITATION (IN)
  YESTERDAY        0.05          2.39 2014   0.20  -0.15     0.60
  MONTH TO DATE    2.67                      4.29  -1.62     9.30
  SINCE MAR 1      9.55                     11.73  -2.18    14.38
  SINCE JAN 1     10.63                     14.89  -4.26    15.69

DEGREE DAYS
 HEATING
  YESTERDAY        0                         1     -1        0
  MONTH TO DATE  119                        69     50       78
  SINCE MAR 1    682                       899   -217      760
  SINCE JUL 1   3647                      4471   -824     4450

 COOLING
  YESTERDAY        8                         4      4        0
  MONTH TO DATE   37                        65    -28       62
  SINCE MAR 1     61                        96    -35       84
  SINCE JAN 1     61                        96    -35       84
..................................................................


WIND (MPH)
  HIGHEST WIND SPEED    20   HIGHEST WIND DIRECTION     S (170)
  HIGHEST GUST SPEED    24   HIGHEST GUST DIRECTION     S (180)
  AVERAGE WIND SPEED     7.9


SKY COVER
  POSSIBLE SUNSHINE  MM
  AVERAGE SKY COVER 0.6


WEATHER CONDITIONS
 THE FOLLOWING WEATHER WAS RECORDED YESTERDAY.
  THUNDERSTORM
  LIGHT RAIN
  FOG


RELATIVE HUMIDITY (PERCENT)
 HIGHEST    93           200 AM
 LOWEST     69           300 PM
 AVERAGE    81

..........................................................


THE CHANUTE KS CLIMATE NORMALS FOR TODAY
                         NORMAL    RECORD    YEAR
 MAXIMUM TEMPERATURE (F)   78        92      1964
 MINIMUM TEMPERATURE (F)   59        38      1925


SUNRISE AND SUNSET
MAY 25 2016...........SUNRISE   605 AM CDT   SUNSET   833 PM CDT
MAY 26 2016...........SUNRISE   604 AM CDT   SUNSET   834 PM CDT


-  INDICATES NEGATIVE NUMBERS.
R  INDICATES RECORD WAS SET OR TIED.
MM INDICATES DATA IS MISSING.
T  INDICATES TRACE AMOUNT.




$$
