000
CDUS43 KICT 290701
CLICNU


CLIMATE REPORT
NATIONAL WEATHER SERVICE WICHITA KS
101 AM CST THU JAN 29 2015


...................................

...THE CHANUTE KS CLIMATE SUMMARY FOR JANUARY 28 2015...

CLIMATE NORMAL PERIOD 1981 TO 2010
CLIMATE RECORD PERIOD 1894 TO 2015


WEATHER ITEM   OBSERVED TIME   RECORD YEAR NORMAL DEPARTURE LAST
                VALUE   (LST)  VALUE       VALUE  FROM      YEAR
                                                  NORMAL
..................................................................
TEMPERATURE (F)
 YESTERDAY
  MAXIMUM         75R   233 PM  75    2013  43     32       26
  MINIMUM         40    357 AM  -9    1948  23     17        4
  AVERAGE         58                        33     25       15

PRECIPITATION (IN)
  YESTERDAY        0.00          1.22 2001   0.05  -0.05     0.00
  MONTH TO DATE    0.20                      1.12  -0.92     0.11
  SINCE DEC 1      2.57                      2.87  -0.30     0.27
  SINCE JAN 1      0.20                      1.12  -0.92     0.11

DEGREE DAYS
 HEATING
  YESTERDAY        7                        32    -25       50
  MONTH TO DATE  876                       916    -40      989
  SINCE DEC 1   1711                      1857   -146     2022
  SINCE JUL 1   2653                      2709    -56     2942

 COOLING
  YESTERDAY        0                         0      0        0
  MONTH TO DATE    0                         0      0        0
  SINCE DEC 1      0                         0      0        0
  SINCE JAN 1      0                         0      0        0
..................................................................


WIND (MPH)
  HIGHEST WIND SPEED    28   HIGHEST WIND DIRECTION     S (180)
  HIGHEST GUST SPEED    35   HIGHEST GUST DIRECTION     S (180)
  AVERAGE WIND SPEED    14.1


SKY COVER
  POSSIBLE SUNSHINE  MM
  AVERAGE SKY COVER 0.0


WEATHER CONDITIONS
 THE FOLLOWING WEATHER WAS RECORDED YESTERDAY.
  NO SIGNIFICANT WEATHER WAS OBSERVED.


RELATIVE HUMIDITY (PERCENT)
 HIGHEST    79           400 AM
 LOWEST     29           100 PM
 AVERAGE    54

..........................................................


THE CHANUTE KS CLIMATE NORMALS FOR TODAY
                         NORMAL    RECORD    YEAR
 MAXIMUM TEMPERATURE (F)   44        75      1917
 MINIMUM TEMPERATURE (F)   23       -16      1949


SUNRISE AND SUNSET
JANUARY 29 2015.......SUNRISE   728 AM CST   SUNSET   542 PM CST
JANUARY 30 2015.......SUNRISE   727 AM CST   SUNSET   543 PM CST


-  INDICATES NEGATIVE NUMBERS.
R  INDICATES RECORD WAS SET OR TIED.
MM INDICATES DATA IS MISSING.
T  INDICATES TRACE AMOUNT.




$$
