000
CDUS45 KGJT 060747
CLICNY


CLIMATE REPORT
NATIONAL WEATHER SERVICE GRAND JUNCTION CO
143 AM MDT FRI MAY 6 2016


...................................

...THE CANYONLANDS AIRPORT UT CLIMATE SUMMARY FOR MAY 5 2016...

CLIMATE NORMAL PERIOD 1981 TO 2010
CLIMATE RECORD PERIOD 9999 TO 9999


WEATHER ITEM   OBSERVED TIME   RECORD YEAR NORMAL DEPARTURE LAST
                VALUE   (LST)  VALUE       VALUE  FROM      YEAR
                                                  NORMAL
..................................................................
TEMPERATURE (F)
 YESTERDAY
  MAXIMUM         87    347 PM  MM      MM  74     13       65
  MINIMUM         58    529 AM  MM      MM  44     14       54
  AVERAGE         73                        59     14       60

PRECIPITATION (IN)
  YESTERDAY        T            MM      MM   0.02  -0.02     0.38
  MONTH TO DATE    T                         0.11  -0.11     0.44
  SINCE MAR 1      1.31                      1.57  -0.26     1.06
  SINCE JAN 1      2.31                      2.73  -0.42     1.63

SNOWFALL (IN)
  YESTERDAY       MM            MM      MM  MM     MM       MM
  MONTH TO DATE   MM                        MM     MM       MM
  SINCE MAR 1     MM                        MM     MM       MM
  SINCE JUL 1     MM                        MM     MM       MM
  SNOW DEPTH      MM

DEGREE DAYS
 HEATING
  YESTERDAY        0                         7     -7        5
  MONTH TO DATE   31                        37     -6        5
  SINCE MAR 1    890                      1053   -163      888
  SINCE JUL 1   5065                      5462   -397     4605

 COOLING
  YESTERDAY        8                         1      7        0
  MONTH TO DATE    8                         3      5       11
  SINCE MAR 1     11                         6      5       12
  SINCE JAN 1     11                         6      5       12
..................................................................


WIND (MPH)
  HIGHEST WIND SPEED    48   HIGHEST WIND DIRECTION     S (190)
  HIGHEST GUST SPEED    63   HIGHEST GUST DIRECTION     S (200)
  AVERAGE WIND SPEED    11.1


SKY COVER
  POSSIBLE SUNSHINE  MM
  AVERAGE SKY COVER 0.2


WEATHER CONDITIONS
 THE FOLLOWING WEATHER WAS RECORDED YESTERDAY.
  LIGHT RAIN
  HAZE


RELATIVE HUMIDITY (PERCENT)
 HIGHEST    40          1000 PM
 LOWEST     12           300 PM
 AVERAGE    26

..........................................................


THE CANYONLANDS AIRPORT UT CLIMATE NORMALS FOR TODAY
                         NORMAL    RECORD    YEAR
 MAXIMUM TEMPERATURE (F)   74        MM        MM
 MINIMUM TEMPERATURE (F)   44        MM        MM


SUNRISE AND SUNSET
MAY  6 2016...........SUNRISE   615 AM MDT   SUNSET   817 PM MDT
MAY  7 2016...........SUNRISE   614 AM MDT   SUNSET   818 PM MDT


-  INDICATES NEGATIVE NUMBERS.
R  INDICATES RECORD WAS SET OR TIED.
MM INDICATES DATA IS MISSING.
T  INDICATES TRACE AMOUNT.




$$
