000
CDUS41 KGYX 210904
CLICON


CLIMATE REPORT
NATIONAL WEATHER SERVICE GRAY ME
404 AM EST SUN DEC 21 2014


...................................

...THE CONCORD NH CLIMATE SUMMARY FOR DECEMBER 20 2014...

CLIMATE NORMAL PERIOD 1981 TO 2010
CLIMATE RECORD PERIOD 1868 TO 2014


WEATHER ITEM   OBSERVED TIME   RECORD YEAR NORMAL DEPARTURE LAST
                VALUE   (LST)  VALUE       VALUE  FROM      YEAR
                                                  NORMAL
..................................................................
TEMPERATURE (F)
 YESTERDAY
  MAXIMUM         36    238 PM  60    1957  35      1       39
  MINIMUM         16    734 AM -24    1875  15      1       24
  AVERAGE         26                        25      1       32

PRECIPITATION (IN)
  YESTERDAY        0.00          2.19 1936   0.10  -0.10     0.01
  MONTH TO DATE    3.84                      2.14   1.70     1.76
  SINCE DEC 1      3.84                      2.14   1.70     1.76
  SINCE JAN 1     44.71                     39.55   5.16    39.16

SNOWFALL (IN)
  YESTERDAY        0.0          11.5  2007   0.5   -0.5      0.0
  MONTH TO DATE    1.8                       8.8   -7.0     17.2
  SINCE DEC 1      1.8                       8.8   -7.0     17.2
  SINCE JUL 1     14.7                      11.4    3.3     17.4
  SNOW DEPTH       4

DEGREE DAYS
 HEATING
  YESTERDAY       39                        40     -1       33
  MONTH TO DATE  688                       727    -39      830
  SINCE DEC 1    688                       727    -39      830
  SINCE JUL 1   2192                      2287    -95     2347

 COOLING
  YESTERDAY        0                         0      0        0
  MONTH TO DATE    0                         0      0        0
  SINCE DEC 1      0                         0      0        0
  SINCE JAN 1    387                       452    -65      537
..................................................................


WIND (MPH)
  RESULTANT WIND SPEED   2   RESULTANT WIND DIRECTION   N (360)
  HIGHEST WIND SPEED     9   HIGHEST WIND DIRECTION    NE (60)
  HIGHEST GUST SPEED    12   HIGHEST GUST DIRECTION     E (70)
  AVERAGE WIND SPEED     2.8


SKY COVER
  AVERAGE SKY COVER 0.4


WEATHER CONDITIONS
 THE FOLLOWING WEATHER WAS RECORDED YESTERDAY.
  NO SIGNIFICANT WEATHER WAS OBSERVED.


RELATIVE HUMIDITY (PERCENT)
 HIGHEST   100           700 AM
 LOWEST     51           100 PM
 AVERAGE    76

..........................................................


THE CONCORD NH CLIMATE NORMALS FOR TODAY
                         NORMAL    RECORD    YEAR
 MAXIMUM TEMPERATURE (F)   34        60      1994
 MINIMUM TEMPERATURE (F)   15       -21      1980


SUNRISE AND SUNSET
DECEMBER 21 2014......SUNRISE   715 AM EST   SUNSET   414 PM EST
DECEMBER 22 2014......SUNRISE   715 AM EST   SUNSET   414 PM EST


-  INDICATES NEGATIVE NUMBERS.
R  INDICATES RECORD WAS SET OR TIED.
MM INDICATES DATA IS MISSING.
T  INDICATES TRACE AMOUNT.




$$
