000
CDUS41 KGYX 170806
CLICON


CLIMATE REPORT
NATIONAL WEATHER SERVICE GRAY ME
406 AM EDT THU APR 17 2014


...................................

...THE CONCORD NH CLIMATE SUMMARY FOR APRIL 16 2014...

CLIMATE NORMAL PERIOD 1981 TO 2010
CLIMATE RECORD PERIOD 1868 TO 2014


WEATHER ITEM   OBSERVED TIME   RECORD YEAR NORMAL DEPARTURE LAST
                VALUE   (LST)  VALUE       VALUE  FROM      YEAR
                                                  NORMAL
..................................................................
TEMPERATURE (F)
 YESTERDAY
  MAXIMUM         39    412 PM  90    2012  58    -19       68
  MINIMUM         25   1157 PM  15    1943  33     -8       37
  AVERAGE         32                        45    -13       53

PRECIPITATION (IN)
  YESTERDAY        0.22          2.40 1996   0.11   0.11      T
  MONTH TO DATE    1.84                      1.84   0.00     1.46
  SINCE MAR 1      5.82                      5.11   0.71     3.18
  SINCE JAN 1     13.14                     10.43   2.71     8.27

SNOWFALL (IN)
  YESTERDAY        0.2           4.7  1904   0.1    0.1      0.0
  MONTH TO DATE    0.2                       2.2   -2.0      0.2
  SINCE MAR 1     10.6                      13.3   -2.7     16.2
  SINCE JUL 1     80.4                      60.8   19.6     83.4
  SNOW DEPTH       T

DEGREE DAYS
 HEATING
  YESTERDAY       33                        20     13       12
  MONTH TO DATE  332                       364    -32      360
  SINCE MAR 1   1546                      1351    195     1348
  SINCE JUL 1   7015                      6611    404     6277

 COOLING
  YESTERDAY        0                         0      0        0
  MONTH TO DATE    0                         0      0        0
  SINCE MAR 1      0                         0      0        0
  SINCE JAN 1      0                         0      0        0
..................................................................


WIND (MPH)
  RESULTANT WIND SPEED  14   RESULTANT WIND DIRECTION  NW (320)
  HIGHEST WIND SPEED    28   HIGHEST WIND DIRECTION    NW (320)
  HIGHEST GUST SPEED    36   HIGHEST GUST DIRECTION    NW (310)
  AVERAGE WIND SPEED    14.2


SKY COVER
  AVERAGE SKY COVER 0.3


WEATHER CONDITIONS
 THE FOLLOWING WEATHER WAS RECORDED YESTERDAY.
  RAIN
  LIGHT SNOW
  FOG


RELATIVE HUMIDITY (PERCENT)
 HIGHEST   100          1200 AM
 LOWEST     32           500 PM
 AVERAGE    66

..........................................................


THE CONCORD NH CLIMATE NORMALS FOR TODAY
                         NORMAL    RECORD    YEAR
 MAXIMUM TEMPERATURE (F)   58        94      2002
 MINIMUM TEMPERATURE (F)   33        18      1908


SUNRISE AND SUNSET
APRIL 17 2014.........SUNRISE   601 AM EDT   SUNSET   731 PM EDT
APRIL 18 2014.........SUNRISE   559 AM EDT   SUNSET   732 PM EDT


-  INDICATES NEGATIVE NUMBERS.
R  INDICATES RECORD WAS SET OR TIED.
MM INDICATES DATA IS MISSING.
T  INDICATES TRACE AMOUNT.




$$
