721
CDUS41 KGYX 230814
CLICON


CLIMATE REPORT
NATIONAL WEATHER SERVICE GRAY ME
414 AM EDT THU MAR 23 2017


...................................

...THE CONCORD NH CLIMATE SUMMARY FOR MARCH 22 2017...

CLIMATE NORMAL PERIOD 1981 TO 2010
CLIMATE RECORD PERIOD 1868 TO 2017


WEATHER ITEM   OBSERVED TIME   RECORD YEAR NORMAL DEPARTURE LAST
                VALUE   (LST)  VALUE       VALUE  FROM      YEAR
                                                  NORMAL
..................................................................
TEMPERATURE (F)
 YESTERDAY
  MAXIMUM         36    521 AM  84    2012  46    -10       49
  MINIMUM         15   1114 PM  -4    1875  25    -10       29
  AVERAGE         26                        35     -9       39

PRECIPITATION (IN)
  YESTERDAY        0.00          2.48 2001   0.11  -0.11     0.00
  MONTH TO DATE    1.66                      2.26  -0.60     1.86
  SINCE MAR 1      1.66                      2.26  -0.60     1.86
  SINCE JAN 1      6.61                      7.58  -0.97     7.61

SNOWFALL (IN)
  YESTERDAY        0.0           6.9  1998   0.3   -0.3      0.0
  MONTH TO DATE   15.9                       8.6    7.3      2.3
  SINCE MAR 1     15.9                       8.6    7.3      2.3
  SINCE JUL 1     72.9                      56.1   16.8     27.0
  SNOW DEPTH       9

DEGREE DAYS
 HEATING
  YESTERDAY       39                        30      9       26
  MONTH TO DATE  821                       737     84      578
  SINCE MAR 1    821                       737     84      578
  SINCE JUL 1   5319                      5997   -678     4927

 COOLING
  YESTERDAY        0                         0      0        0
  MONTH TO DATE    0                         0      0        0
  SINCE MAR 1      0                         0      0        0
  SINCE JAN 1      0                         0      0        0
..................................................................


WIND (MPH)
  RESULTANT WIND SPEED  18   RESULTANT WIND DIRECTION  NW (320)
  HIGHEST WIND SPEED    33   HIGHEST WIND DIRECTION    NW (310)
  HIGHEST GUST SPEED    50   HIGHEST GUST DIRECTION    NW (300)
  AVERAGE WIND SPEED    20.0


SKY COVER
  AVERAGE SKY COVER 0.2


WEATHER CONDITIONS
 THE FOLLOWING WEATHER WAS RECORDED YESTERDAY.
  NO SIGNIFICANT WEATHER WAS OBSERVED.


RELATIVE HUMIDITY (PERCENT)
 HIGHEST    85           300 AM
 LOWEST     35           400 PM
 AVERAGE    60

..........................................................


THE CONCORD NH CLIMATE NORMALS FOR TODAY
                         NORMAL    RECORD    YEAR
 MAXIMUM TEMPERATURE (F)   46        80      1938
 MINIMUM TEMPERATURE (F)   25       -10      1875


SUNRISE AND SUNSET
MARCH 23 2017.........SUNRISE   644 AM EDT   SUNSET   702 PM EDT
MARCH 24 2017.........SUNRISE   642 AM EDT   SUNSET   703 PM EDT


-  INDICATES NEGATIVE NUMBERS.
R  INDICATES RECORD WAS SET OR TIED.
MM INDICATES DATA IS MISSING.
T  INDICATES TRACE AMOUNT.




$$
