000
CDUS41 KGYX 260804
CLICON


CLIMATE REPORT
NATIONAL WEATHER SERVICE GRAY ME
404 AM EDT MON SEP 26 2016


...................................

...THE CONCORD NH CLIMATE SUMMARY FOR SEPTEMBER 25 2016...

CLIMATE NORMAL PERIOD 1981 TO 2010
CLIMATE RECORD PERIOD 1868 TO 2016


WEATHER ITEM   OBSERVED TIME   RECORD YEAR NORMAL DEPARTURE LAST
                VALUE   (LST)  VALUE       VALUE  FROM      YEAR
                                                  NORMAL
..................................................................
TEMPERATURE (F)
 YESTERDAY
  MAXIMUM         65    323 PM  89    1970  69     -4       66
  MINIMUM         33    542 AM  26    1963  43    -10       44
  AVERAGE         49                        56     -7       55

PRECIPITATION (IN)
  YESTERDAY        0.00          2.67 1991   0.12  -0.12     0.00
  MONTH TO DATE    2.68                      2.75  -0.07     1.54
  SINCE SEP 1      2.68                      2.75  -0.07     1.54
  SINCE JAN 1     20.86                     29.02  -8.16    24.88

SNOWFALL (IN)
  YESTERDAY        0.0           0.0  2002   0.0    0.0      0.0
                                      2001
                                      2000
  MONTH TO DATE    0.0                       0.0    0.0      0.0
  SINCE SEP 1      0.0                       0.0    0.0      0.0
  SINCE JUL 1      0.0                       0.0    0.0      0.0
  SNOW DEPTH       0

DEGREE DAYS
 HEATING
  YESTERDAY       16                         9      7       10
  MONTH TO DATE   47                       134    -87       46
  SINCE SEP 1     47                       134    -87       46
  SINCE JUL 1     59                       182   -123       54

 COOLING
  YESTERDAY        0                         0      0        0
  MONTH TO DATE   91                        37     54       89
  SINCE SEP 1     91                        37     54       89
  SINCE JAN 1    715                       450    265      589
..................................................................


WIND (MPH)
  RESULTANT WIND SPEED   6   RESULTANT WIND DIRECTION  NW (330)
  HIGHEST WIND SPEED    20   HIGHEST WIND DIRECTION    NW (310)
  HIGHEST GUST SPEED    27   HIGHEST GUST DIRECTION     W (290)
  AVERAGE WIND SPEED     7.2


SKY COVER
  AVERAGE SKY COVER 0.0


WEATHER CONDITIONS
 THE FOLLOWING WEATHER WAS RECORDED YESTERDAY.
  NO SIGNIFICANT WEATHER WAS OBSERVED.


RELATIVE HUMIDITY (PERCENT)
 HIGHEST    92          1200 AM
 LOWEST     28           200 PM
 AVERAGE    60

..........................................................


THE CONCORD NH CLIMATE NORMALS FOR TODAY
                         NORMAL    RECORD    YEAR
 MAXIMUM TEMPERATURE (F)   68        90      2007
 MINIMUM TEMPERATURE (F)   43        27      1987
                                             1950
                                             1925


SUNRISE AND SUNSET
SEPTEMBER 26 2016.....SUNRISE   638 AM EDT   SUNSET   635 PM EDT
SEPTEMBER 27 2016.....SUNRISE   639 AM EDT   SUNSET   633 PM EDT


-  INDICATES NEGATIVE NUMBERS.
R  INDICATES RECORD WAS SET OR TIED.
MM INDICATES DATA IS MISSING.
T  INDICATES TRACE AMOUNT.




$$
