000
CDUS41 KGYX 040815
CLICON


CLIMATE REPORT
NATIONAL WEATHER SERVICE GRAY ME
415 AM EDT FRI SEP 4 2015


...................................

...THE CONCORD NH CLIMATE SUMMARY FOR SEPTEMBER 3 2015...

CLIMATE NORMAL PERIOD 1981 TO 2010
CLIMATE RECORD PERIOD 1868 TO 2015


WEATHER ITEM   OBSERVED TIME   RECORD YEAR NORMAL DEPARTURE LAST
                VALUE   (LST)  VALUE       VALUE  FROM      YEAR
                                                  NORMAL
..................................................................
TEMPERATURE (F)
 YESTERDAY
  MAXIMUM         90    123 PM  93    1973  77     13       82
                                      1937
                                      1929
  MINIMUM         61    515 AM  35    1970  52      9       56
  AVERAGE         76                        65     11       69

PRECIPITATION (IN)
  YESTERDAY        0.39          2.22 1905   0.09   0.30     0.01
  MONTH TO DATE    0.39                      0.29   0.10     0.05
  SINCE SEP 1      0.39                      0.29   0.10     0.05
  SINCE JAN 1     23.73                     26.56  -2.83    32.93

SNOWFALL (IN)
  YESTERDAY        0.0           0.0  2002   0.0    0.0      0.0
                                      2001
                                      2000
  MONTH TO DATE    0.0                       0.0    0.0      0.0
  SINCE SEP 1      0.0                       0.0    0.0      0.0
  SINCE JUL 1      0.0                       0.0    0.0      0.0
  SNOW DEPTH       0

DEGREE DAYS
 HEATING
  YESTERDAY        0                         3     -3        0
  MONTH TO DATE    0                         8     -8        0
  SINCE SEP 1      0                         8     -8        0
  SINCE JUL 1      8                        56    -48       32

 COOLING
  YESTERDAY       11                         3      8        4
  MONTH TO DATE   25                         9     16       25
  SINCE SEP 1     25                         9     16       25
  SINCE JAN 1    525                       422    103      356
..................................................................


WIND (MPH)
  RESULTANT WIND SPEED   1   RESULTANT WIND DIRECTION  SE (130)
  HIGHEST WIND SPEED    18   HIGHEST WIND DIRECTION     W (290)
  HIGHEST GUST SPEED    29   HIGHEST GUST DIRECTION     W (250)
  AVERAGE WIND SPEED     2.3


SKY COVER
  AVERAGE SKY COVER 0.2


WEATHER CONDITIONS
 THE FOLLOWING WEATHER WAS RECORDED YESTERDAY.
  THUNDERSTORM
  HEAVY RAIN
  LIGHT RAIN
  FOG
  HAZE


RELATIVE HUMIDITY (PERCENT)
 HIGHEST    97           400 AM
 LOWEST     44           100 PM
 AVERAGE    71

..........................................................


THE CONCORD NH CLIMATE NORMALS FOR TODAY
                         NORMAL    RECORD    YEAR
 MAXIMUM TEMPERATURE (F)   77        93      1880
 MINIMUM TEMPERATURE (F)   52        34      1987
                                             1883


SUNRISE AND SUNSET
SEPTEMBER  4 2015.....SUNRISE   613 AM EDT   SUNSET   716 PM EDT
SEPTEMBER  5 2015.....SUNRISE   614 AM EDT   SUNSET   714 PM EDT


-  INDICATES NEGATIVE NUMBERS.
R  INDICATES RECORD WAS SET OR TIED.
MM INDICATES DATA IS MISSING.
T  INDICATES TRACE AMOUNT.




$$
