000
CDUS45 KPUB 041048
CLICOS


CLIMATE REPORT
NATIONAL WEATHER SERVICE PUEBLO
448 AM MDT WED MAY 4 2016


...................................

...THE COLORADO SPRINGS CO CLIMATE SUMMARY FOR MAY 3 2016...

CLIMATE NORMAL PERIOD 1981 TO 2010
CLIMATE RECORD PERIOD 1872 TO 2016


WEATHER ITEM   OBSERVED TIME   RECORD YEAR NORMAL DEPARTURE LAST
                VALUE   (LST)  VALUE       VALUE  FROM      YEAR
                                                  NORMAL
..................................................................
TEMPERATURE (F)
 YESTERDAY
  MAXIMUM         65    342 PM  82    1963  65      0       75
  MINIMUM         37    249 AM  17    1907  39     -2       45
  AVERAGE         51                        52     -1       60

PRECIPITATION (IN)
  YESTERDAY        0.00          0.92 1933   0.05  -0.05      T
  MONTH TO DATE    0.01                      0.16  -0.15     0.05
  SINCE MAR 1      3.02                      2.58   0.44     1.83
  SINCE JAN 1      4.56                      3.24   1.32     4.15

SNOWFALL (IN)
  YESTERDAY        0.0           8.0  1898   0.1   -0.1      0.0
  MONTH TO DATE    T                         0.2   -0.2       T
  SINCE MAR 1     23.6                      13.2   10.4      5.6
  SINCE JUL 1     50.7                      37.2   13.5     46.5
  SNOW DEPTH       0

DEGREE DAYS
 HEATING
  YESTERDAY       14                        13      1        5
  MONTH TO DATE   65                        40     25       19
  SINCE MAR 1   1318                      1399    -81     1177
  SINCE JUL 1   5221                      5962   -741     5398

 COOLING
  YESTERDAY        0                         0      0        0
  MONTH TO DATE    0                         0      0        0
  SINCE MAR 1      0                         1     -1        0
  SINCE JAN 1      0                         1     -1        0
..................................................................


WIND (MPH)
  HIGHEST WIND SPEED    28   HIGHEST WIND DIRECTION     N (340)
  HIGHEST GUST SPEED    35   HIGHEST GUST DIRECTION     N (360)
  AVERAGE WIND SPEED    13.5


SKY COVER
  POSSIBLE SUNSHINE  MM
  AVERAGE SKY COVER 0.2


WEATHER CONDITIONS
 THE FOLLOWING WEATHER WAS RECORDED YESTERDAY.
  NO SIGNIFICANT WEATHER WAS OBSERVED.


RELATIVE HUMIDITY (PERCENT)
 HIGHEST    54          1200 AM
 LOWEST     15           500 PM
 AVERAGE    35

..........................................................


THE COLORADO SPRINGS CO CLIMATE NORMALS FOR TODAY
                         NORMAL    RECORD    YEAR
 MAXIMUM TEMPERATURE (F)   66        86      2012
 MINIMUM TEMPERATURE (F)   39        24      1935
                                             1908


SUNRISE AND SUNSET
MAY  4 2016...........SUNRISE   557 AM MDT   SUNSET   755 PM MDT
MAY  5 2016...........SUNRISE   556 AM MDT   SUNSET   756 PM MDT


-  INDICATES NEGATIVE NUMBERS.
R  INDICATES RECORD WAS SET OR TIED.
MM INDICATES DATA IS MISSING.
T  INDICATES TRACE AMOUNT.




$$
