000
CDUS45 KPUB 270033
CLICOS


CLIMATE REPORT
NATIONAL WEATHER SERVICE PUEBLO
533 PM MST WED NOV 26 2014


...................................

...THE COLORADO SPRINGS CO CLIMATE SUMMARY FOR NOVEMBER 26 2014...
VALID TODAY AS OF 0500 PM LOCAL TIME.

CLIMATE NORMAL PERIOD 1981 TO 2010
CLIMATE RECORD PERIOD 1872 TO 2014


WEATHER ITEM   OBSERVED TIME   RECORD YEAR NORMAL DEPARTURE LAST
                VALUE   (LST)  VALUE       VALUE  FROM      YEAR
                                                  NORMAL
..................................................................
TEMPERATURE (F)
 TODAY
  MAXIMUM         39    315 PM  70    1950  46     -7       46
  MINIMUM         23    406 AM  -4    1952  21      2       24
  AVERAGE         31                        34     -3       35

PRECIPITATION (IN)
  TODAY            0.00          0.39 1987   0.01  -0.01     0.00
  MONTH TO DATE    0.26                      0.35  -0.09     0.27
  SINCE SEP 1      3.83                      2.36   1.47     5.49
  SINCE JAN 1     16.88                     16.15   0.73    19.15

SNOWFALL (IN)
  TODAY            0.0           4.7  1987   0.2   -0.2      0.0
  MONTH TO DATE    6.8                       3.9    2.9      4.0
  SINCE SEP 1      6.8                       7.0   -0.2      4.2
  SINCE JUL 1      6.8                       7.0   -0.2      4.2
  SNOW DEPTH       0

DEGREE DAYS
 HEATING
  TODAY           34                        31      3       30
  MONTH TO DATE  787                       677    110      658
  SINCE SEP 1   1224                      1320    -96     1243
  SINCE JUL 1   1254                      1351    -97     1253

 COOLING
  TODAY            0                         0      0        0
  MONTH TO DATE    0                         0      0        0
  SINCE SEP 1     60                        37     23       92
  SINCE JAN 1    487                       455     32      694
..................................................................


WIND (MPH)
  HIGHEST WIND SPEED    23   HIGHEST WIND DIRECTION     N (10)
  HIGHEST GUST SPEED    26   HIGHEST GUST DIRECTION     N (10)
  AVERAGE WIND SPEED     8.4


SKY COVER
  POSSIBLE SUNSHINE  MM
  AVERAGE SKY COVER 0.7


WEATHER CONDITIONS
 THE FOLLOWING WEATHER WAS RECORDED TODAY.
  NO SIGNIFICANT WEATHER WAS OBSERVED.


RELATIVE HUMIDITY (PERCENT)
 HIGHEST    96           400 AM
 LOWEST     59           300 PM
 AVERAGE    78

..........................................................


THE COLORADO SPRINGS CO CLIMATE NORMALS FOR TOMORROW
                         NORMAL    RECORD    YEAR
 MAXIMUM TEMPERATURE (F)   46        72      1998
 MINIMUM TEMPERATURE (F)   21       -10      1896


SUNRISE AND SUNSET
NOVEMBER 26 2014......SUNRISE   653 AM MST   SUNSET   439 PM MST
NOVEMBER 27 2014......SUNRISE   654 AM MST   SUNSET   439 PM MST


-  INDICATES NEGATIVE NUMBERS.
R  INDICATES RECORD WAS SET OR TIED.
MM INDICATES DATA IS MISSING.
T  INDICATES TRACE AMOUNT.




$$
