000
CDUS45 KPUB 281125
CLICOS


CLIMATE REPORT
NATIONAL WEATHER SERVICE PUEBLO
424 AM MST WED JAN 28 2015


...................................

...THE COLORADO SPRINGS CO CLIMATE SUMMARY FOR JANUARY 27 2015...

CLIMATE NORMAL PERIOD 1981 TO 2010
CLIMATE RECORD PERIOD 1872 TO 2015


WEATHER ITEM   OBSERVED TIME   RECORD YEAR NORMAL DEPARTURE LAST
                VALUE   (LST)  VALUE       VALUE  FROM      YEAR
                                                  NORMAL
..................................................................
TEMPERATURE (F)
 YESTERDAY
  MAXIMUM         67R   241 PM  67    1970  43     24       23
  MINIMUM         35   1256 AM -18    1897  18     17        8
  AVERAGE         51                        30     21       16

PRECIPITATION (IN)
  YESTERDAY        0.00          0.23 2001   0.02  -0.02     0.19
  MONTH TO DATE    0.80                      0.28   0.52     0.46
  SINCE DEC 1      0.96                      0.62   0.34     0.53
  SINCE JAN 1      0.80                      0.28   0.52     0.46

SNOWFALL (IN)
  YESTERDAY        0.0           3.9  2001   0.2   -0.2      3.5
  MONTH TO DATE   14.4                       4.9    9.5     10.2
  SINCE DEC 1     18.1                      10.6    7.5     13.1
  SINCE JUL 1     25.2                      18.4    6.8     17.3
  SNOW DEPTH       0

DEGREE DAYS
 HEATING
  YESTERDAY       14                        35    -21       49
  MONTH TO DATE  886                       929    -43      913
  SINCE DEC 1   1916                      2020   -104     2016
  SINCE JUL 1   3241                      3501   -260     3377

 COOLING
  YESTERDAY        0                         0      0        0
  MONTH TO DATE    0                         0      0        0
  SINCE DEC 1      0                         0      0        0
  SINCE JAN 1      0                         0      0        0
..................................................................


WIND (MPH)
  HIGHEST WIND SPEED    17   HIGHEST WIND DIRECTION    NE (30)
  HIGHEST GUST SPEED    19   HIGHEST GUST DIRECTION     S (160)
  AVERAGE WIND SPEED     9.2


SKY COVER
  POSSIBLE SUNSHINE  MM
  AVERAGE SKY COVER 0.3


WEATHER CONDITIONS
 THE FOLLOWING WEATHER WAS RECORDED YESTERDAY.
  NO SIGNIFICANT WEATHER WAS OBSERVED.


RELATIVE HUMIDITY (PERCENT)
 HIGHEST    64          1200 AM
 LOWEST     13          1100 AM
 AVERAGE    39

..........................................................


THE COLORADO SPRINGS CO CLIMATE NORMALS FOR TODAY
                         NORMAL    RECORD    YEAR
 MAXIMUM TEMPERATURE (F)   43        67      1986
 MINIMUM TEMPERATURE (F)   18       -10      1895


SUNRISE AND SUNSET
JANUARY 28 2015.......SUNRISE   708 AM MST   SUNSET   516 PM MST
JANUARY 29 2015.......SUNRISE   708 AM MST   SUNSET   517 PM MST


-  INDICATES NEGATIVE NUMBERS.
R  INDICATES RECORD WAS SET OR TIED.
MM INDICATES DATA IS MISSING.
T  INDICATES TRACE AMOUNT.




$$
