000
CDUS45 KPUB 210038
CLICOS


CLIMATE REPORT
NATIONAL WEATHER SERVICE PUEBLO
538 PM MST SAT JAN 20 2018


...................................

...THE COLORADO SPRINGS CO CLIMATE SUMMARY FOR JANUARY 20 2018...
VALID TODAY AS OF 0500 PM LOCAL TIME.

CLIMATE NORMAL PERIOD 1981 TO 2010
CLIMATE RECORD PERIOD 1872 TO 2018


WEATHER ITEM   OBSERVED TIME   RECORD YEAR NORMAL DEPARTURE LAST
                VALUE   (LST)  VALUE       VALUE  FROM      YEAR
                                                  NORMAL
..................................................................
TEMPERATURE (F)
 TODAY
  MAXIMUM         63    301 PM  69    1950  43     20       39
  MINIMUM         34    442 AM -12    1984  18     16       27
  AVERAGE         49                        31     18       33

PRECIPITATION (IN)
  TODAY            0.00          0.26 1935   0.01  -0.01     0.05
  MONTH TO DATE    0.08                      0.20  -0.12     0.29
  SINCE DEC 1      0.09                      0.54  -0.45     0.97
  SINCE JAN 1      0.08                      0.20  -0.12     0.29

SNOWFALL (IN)
  TODAY            0.0           3.0  1945   0.2   -0.2      0.2
                                      1926
  MONTH TO DATE    0.1                       3.6   -3.5      4.9
  SINCE DEC 1      1.0                       9.3   -8.3     11.3
  SINCE JUL 1      2.6                      17.1  -14.5     11.3
  SNOW DEPTH       0

DEGREE DAYS
 HEATING
  TODAY           16                        34    -18       32
  MONTH TO DATE  589                       690   -101      703
  SINCE DEC 1   1559                      1781   -222     1803
  SINCE JUL 1   2727                      3262   -535     2706

 COOLING
  TODAY            0                         0      0        0
  MONTH TO DATE    0                         0      0        0
  SINCE DEC 1      0                         0      0        0
  SINCE JAN 1      0                         0      0        0
..................................................................


WIND (MPH)
  HIGHEST WIND SPEED    31   HIGHEST WIND DIRECTION    SW (240)
  HIGHEST GUST SPEED    38   HIGHEST GUST DIRECTION    SW (220)
  AVERAGE WIND SPEED    14.1


SKY COVER
  POSSIBLE SUNSHINE  MM
  AVERAGE SKY COVER 0.6


WEATHER CONDITIONS
 THE FOLLOWING WEATHER WAS RECORDED TODAY.
  NO SIGNIFICANT WEATHER WAS OBSERVED.


RELATIVE HUMIDITY (PERCENT)
 HIGHEST    37           500 AM
 LOWEST     17           300 PM
 AVERAGE    27

..........................................................


THE COLORADO SPRINGS CO CLIMATE NORMALS FOR TOMORROW
                         NORMAL    RECORD    YEAR
 MAXIMUM TEMPERATURE (F)   43        70      2009
 MINIMUM TEMPERATURE (F)   18       -20      1930


SUNRISE AND SUNSET
JANUARY 20 2018.......SUNRISE   713 AM MST   SUNSET   507 PM MST
JANUARY 21 2018.......SUNRISE   713 AM MST   SUNSET   508 PM MST


-  INDICATES NEGATIVE NUMBERS.
R  INDICATES RECORD WAS SET OR TIED.
MM INDICATES DATA IS MISSING.
T  INDICATES TRACE AMOUNT.




$$
