000
CDUS45 KRIW 260757
CLICPR


CLIMATE REPORT
NATIONAL WEATHER SERVICE RIVERTON WY
1245 AM MST WED NOV 26 2014


...................................

...THE CASPER WY CLIMATE SUMMARY FOR NOVEMBER 25 2014...

CLIMATE NORMAL PERIOD 1981 TO 2010
CLIMATE RECORD PERIOD 1939 TO 2014


WEATHER ITEM   OBSERVED TIME   RECORD YEAR NORMAL DEPARTURE LAST
                VALUE   (LST)  VALUE       VALUE  FROM      YEAR
                                                  NORMAL
..................................................................
TEMPERATURE (F)
 YESTERDAY
  MAXIMUM         46    201 PM  61    1995  39      7       41
                                      1949
  MINIMUM         23   1200 AM -12    1993  18      5       16
  AVERAGE         35                        28      7       29

PRECIPITATION (IN)
  YESTERDAY        0.13          0.33 1984   0.02   0.11     0.00
  MONTH TO DATE    0.70                      0.66   0.04     0.24
  SINCE SEP 1      2.39                      2.85  -0.46     4.74
  SINCE JAN 1     10.77                     11.93  -1.16    13.94

SNOWFALL (IN)
  YESTERDAY        2.4                       0.4    2.0      0.0
  MONTH TO DATE    9.1                       8.6    0.5      3.6
  SINCE SEP 1     13.3                      17.8   -4.5     24.8
  SINCE JUL 1     13.3                      17.8   -4.5     24.8
  SNOW DEPTH       0

DEGREE DAYS
 HEATING
  YESTERDAY       30                        36     -6       36
  MONTH TO DATE  922                       769    153      808
  SINCE SEP 1   1566                      1622    -56     1697
  SINCE JUL 1   1613                      1668    -55     1697

 COOLING
  YESTERDAY        0                         0      0        0
  MONTH TO DATE    0                         0      0        0
  SINCE SEP 1     29                        25      4       80
  SINCE JAN 1    357                       422    -65      618
..................................................................


WIND (MPH)
  HIGHEST WIND SPEED    33   HIGHEST WIND DIRECTION    SW (230)
  HIGHEST GUST SPEED    43   HIGHEST GUST DIRECTION    SW (220)
  AVERAGE WIND SPEED    17.0


SKY COVER
  POSSIBLE SUNSHINE  MM
  AVERAGE SKY COVER 0.5


WEATHER CONDITIONS
 THE FOLLOWING WEATHER WAS RECORDED YESTERDAY.
  LIGHT SNOW
  FOG


RELATIVE HUMIDITY (PERCENT)
 HIGHEST    88           800 PM
 LOWEST     34           200 PM
 AVERAGE    61

..........................................................


THE CASPER WY CLIMATE NORMALS FOR TODAY
                         NORMAL    RECORD    YEAR
 MAXIMUM TEMPERATURE (F)   39        63      1998
 MINIMUM TEMPERATURE (F)   17       -11      1952


SUNRISE AND SUNSET
NOVEMBER 26 2014......SUNRISE   712 AM MST   SUNSET   435 PM MST
NOVEMBER 27 2014......SUNRISE   713 AM MST   SUNSET   434 PM MST


-  INDICATES NEGATIVE NUMBERS.
R  INDICATES RECORD WAS SET OR TIED.
MM INDICATES DATA IS MISSING.
T  INDICATES TRACE AMOUNT.




$$
