000
CDUS45 KRIW 230032
CLICPR


CLIMATE REPORT
NATIONAL WEATHER SERVICE RIVERTON WY
632 PM MDT SUN OCT 22 2017


...................................

...THE CASPER WY CLIMATE SUMMARY FOR OCTOBER 22 2017...
VALID TODAY AS OF 0500 PM LOCAL TIME.

CLIMATE NORMAL PERIOD 1981 TO 2010
CLIMATE RECORD PERIOD 1939 TO 2017


WEATHER ITEM   OBSERVED TIME   RECORD YEAR NORMAL DEPARTURE LAST
                VALUE   (LST)  VALUE       VALUE  FROM      YEAR
                                                  NORMAL
..................................................................
TEMPERATURE (F)
 TODAY
  MAXIMUM         61        MM  80    2003  57      4       74
  MINIMUM         31    200 AM  10    1984  30      1       32
  AVERAGE         46                        43      3       53

PRECIPITATION (IN)
  TODAY            0.00          0.69 1986   0.03  -0.03     0.00
  MONTH TO DATE    0.95                      0.81   0.14     0.14
  SINCE SEP 1      2.37                      1.89   0.48     1.69
  SINCE JAN 1     12.29                     10.97   1.32    13.86

SNOWFALL (IN)
  TODAY            0.0                       0.3   -0.3      0.0
  MONTH TO DATE    4.5                       4.8   -0.3       T
  SINCE SEP 1      4.5                       6.6   -2.1       T
  SINCE JUL 1      4.5                       6.6   -2.1       T
  SNOW DEPTH       0

DEGREE DAYS
 HEATING
  TODAY           19                        22     -3       12
  MONTH TO DATE  411                       405      6      333
  SINCE SEP 1    689                       644     45      541
  SINCE JUL 1    710                       690     20      601

 COOLING
  TODAY            0                         0      0        0
  MONTH TO DATE    0                         0      0        0
  SINCE SEP 1     54                        25     29       29
  SINCE JAN 1    448                       422     26      451
..................................................................


WIND (MPH)
  HIGHEST WIND SPEED    33   HIGHEST WIND DIRECTION    SW (230)
  HIGHEST GUST SPEED    48   HIGHEST GUST DIRECTION    SW (240)
  AVERAGE WIND SPEED    23.0


SKY COVER
  POSSIBLE SUNSHINE  MM
  AVERAGE SKY COVER 0.0


WEATHER CONDITIONS
 THE FOLLOWING WEATHER WAS RECORDED TODAY.
  LIGHT RAIN


RELATIVE HUMIDITY (PERCENT)
 HIGHEST    44           200 AM
 LOWEST     27           300 PM
 AVERAGE    36

..........................................................


THE CASPER WY CLIMATE NORMALS FOR TOMORROW
                         NORMAL    RECORD    YEAR
 MAXIMUM TEMPERATURE (F)   57        81      2003
 MINIMUM TEMPERATURE (F)   29        11      1984


SUNRISE AND SUNSET
OCTOBER 22 2017.......SUNRISE   728 AM MDT   SUNSET   612 PM MDT
OCTOBER 23 2017.......SUNRISE   729 AM MDT   SUNSET   610 PM MDT


-  INDICATES NEGATIVE NUMBERS.
R  INDICATES RECORD WAS SET OR TIED.
MM INDICATES DATA IS MISSING.
T  INDICATES TRACE AMOUNT.




$$
