000
CDUS45 KRIW 270742
CLICPR


CLIMATE REPORT
NATIONAL WEATHER SERVICE RIVERTON WY
142 AM MDT WED AUG 27 2014


...................................

...THE CASPER WY CLIMATE SUMMARY FOR AUGUST 26 2014...

CLIMATE NORMAL PERIOD 1981 TO 2010
CLIMATE RECORD PERIOD 1939 TO 2014


WEATHER ITEM   OBSERVED TIME   RECORD YEAR NORMAL DEPARTURE LAST
                VALUE   (LST)  VALUE       VALUE  FROM      YEAR
                                                  NORMAL
..................................................................
TEMPERATURE (F)
 YESTERDAY
  MAXIMUM         80    133 PM  98    1994  84     -4       88
  MINIMUM         47    554 AM  39    2005  49     -2       63
  AVERAGE         64                        67     -3       76

PRECIPITATION (IN)
  YESTERDAY        0.03          0.59 2006   0.02   0.01     0.00
  MONTH TO DATE    0.84                      0.73   0.11     0.70
  SINCE JUN 1      3.36                      3.75  -0.39     3.23
  SINCE JAN 1      8.12                      8.96  -0.84     9.20

SNOWFALL (IN)
  YESTERDAY        0.0                       0.0    0.0      0.0
  MONTH TO DATE    0.0                       0.0    0.0      0.0
  SINCE JUN 1      T                         0.1   -0.1      0.0
  SINCE JUL 1      T                         0.0    0.0      0.0
  SNOW DEPTH       0

DEGREE DAYS
 HEATING
  YESTERDAY        1                         2     -1        0
  MONTH TO DATE   21                        18      3        0
  SINCE JUN 1    195                       170     25       72
  SINCE JUL 1     37                        34      3        0

 COOLING
  YESTERDAY        0                         3     -3       11
  MONTH TO DATE  111                       138    -27      168
  SINCE JUN 1    316                       379    -63      481
  SINCE JAN 1    322                       383    -61      491
..................................................................


WIND (MPH)
  HIGHEST WIND SPEED    15   HIGHEST WIND DIRECTION    SW (220)
  HIGHEST GUST SPEED    20   HIGHEST GUST DIRECTION     N (20)
  AVERAGE WIND SPEED     7.3


SKY COVER
  POSSIBLE SUNSHINE  MM
  AVERAGE SKY COVER 0.2


WEATHER CONDITIONS
 THE FOLLOWING WEATHER WAS RECORDED YESTERDAY.
  LIGHT RAIN


RELATIVE HUMIDITY (PERCENT)
 HIGHEST   100           600 AM
 LOWEST     31           200 PM
 AVERAGE    66

..........................................................


THE CASPER WY CLIMATE NORMALS FOR TODAY
                         NORMAL    RECORD    YEAR
 MAXIMUM TEMPERATURE (F)   84        96      2012
                                             2011
                                             1995
 MINIMUM TEMPERATURE (F)   49        37      1976


SUNRISE AND SUNSET
AUGUST 27 2014........SUNRISE   625 AM MDT   SUNSET   749 PM MDT
AUGUST 28 2014........SUNRISE   626 AM MDT   SUNSET   747 PM MDT


-  INDICATES NEGATIVE NUMBERS.
R  INDICATES RECORD WAS SET OR TIED.
MM INDICATES DATA IS MISSING.
T  INDICATES TRACE AMOUNT.




$$
