000
CDUS45 KRIW 040746
CLICPR


CLIMATE REPORT
NATIONAL WEATHER SERVICE RIVERTON WY
139 AM MDT TUE AUG 4 2015


...................................

...THE CASPER WY CLIMATE SUMMARY FOR AUGUST 3 2015...

CLIMATE NORMAL PERIOD 1981 TO 2010
CLIMATE RECORD PERIOD 1939 TO 2015


WEATHER ITEM   OBSERVED TIME   RECORD YEAR NORMAL DEPARTURE LAST
                VALUE   (LST)  VALUE       VALUE  FROM      YEAR
                                                  NORMAL
..................................................................
TEMPERATURE (F)
 YESTERDAY
  MAXIMUM         86   1259 PM  97    2001  89     -3       92
  MINIMUM         55    513 AM  41    1974  54      1       52
  AVERAGE         71                        71      0       72

PRECIPITATION (IN)
  YESTERDAY        0.73          1.09 2005   0.04   0.69      T
  MONTH TO DATE    0.73                      0.11   0.62      T
  SINCE JUN 1      2.80                      3.13  -0.33     2.52
  SINCE JAN 1     10.30                      8.34   1.96     7.28

SNOWFALL (IN)
  YESTERDAY        0.0                       0.0    0.0      0.0
  MONTH TO DATE    0.0                       0.0    0.0      0.0
  SINCE JUN 1      0.0                       0.1   -0.1       T
  SINCE JUL 1      0.0                       0.0    0.0       T
  SNOW DEPTH       0

DEGREE DAYS
 HEATING
  YESTERDAY        0                         0      0        0
  MONTH TO DATE    0                         0      0        0
  SINCE JUN 1     42                       152   -110      174
  SINCE JUL 1     16                        16      0       16

 COOLING
  YESTERDAY        6                         7     -1        7
  MONTH TO DATE   21                        21      0       16
  SINCE JUN 1    227                       262    -35      221
  SINCE JAN 1    227                       266    -39      227
..................................................................


WIND (MPH)
  HIGHEST WIND SPEED    43   HIGHEST WIND DIRECTION     S (180)
  HIGHEST GUST SPEED    50   HIGHEST GUST DIRECTION     S (180)
  AVERAGE WIND SPEED     7.0


SKY COVER
  POSSIBLE SUNSHINE  MM
  AVERAGE SKY COVER 0.1


WEATHER CONDITIONS
 THE FOLLOWING WEATHER WAS RECORDED YESTERDAY.
  THUNDERSTORM
  HEAVY RAIN
  RAIN
  LIGHT RAIN
  FOG


RELATIVE HUMIDITY (PERCENT)
 HIGHEST    87          1000 PM
 LOWEST     29          1200 PM
 AVERAGE    58

..........................................................


THE CASPER WY CLIMATE NORMALS FOR TODAY
                         NORMAL    RECORD    YEAR
 MAXIMUM TEMPERATURE (F)   89        97      1981
                                             1979
                                             1941
 MINIMUM TEMPERATURE (F)   54        41      1980


SUNRISE AND SUNSET
AUGUST  4 2015........SUNRISE   600 AM MDT   SUNSET   823 PM MDT
AUGUST  5 2015........SUNRISE   601 AM MDT   SUNSET   822 PM MDT


-  INDICATES NEGATIVE NUMBERS.
R  INDICATES RECORD WAS SET OR TIED.
MM INDICATES DATA IS MISSING.
T  INDICATES TRACE AMOUNT.




$$
