472
CDUS45 KRIW 230729
CLICPR


CLIMATE REPORT
NATIONAL WEATHER SERVICE RIVERTON WY
128 AM MDT FRI JUN 23 2017


...................................

...THE CASPER WY CLIMATE SUMMARY FOR JUNE 22 2017...

CLIMATE NORMAL PERIOD 1981 TO 2010
CLIMATE RECORD PERIOD 1939 TO 2017


WEATHER ITEM   OBSERVED TIME   RECORD YEAR NORMAL DEPARTURE LAST
                VALUE   (LST)  VALUE       VALUE  FROM      YEAR
                                                  NORMAL
..................................................................
TEMPERATURE (F)
 YESTERDAY
  MAXIMUM         78    416 PM  98    1988  82     -4       87
  MINIMUM         52    357 AM  34    1989  48      4       50
  AVERAGE         65                        65      0       69

PRECIPITATION (IN)
  YESTERDAY        0.00          0.93 1948   0.05  -0.05     0.00
  MONTH TO DATE    0.93                      1.24  -0.31     0.95
  SINCE JUN 1      0.93                      1.24  -0.31     0.95
  SINCE JAN 1      8.53                      6.45   2.08    10.41

SNOWFALL (IN)
  YESTERDAY        0.0                       0.0    0.0      0.0
  MONTH TO DATE    0.0                       0.1   -0.1      0.0
  SINCE JUN 1      0.0                       0.1   -0.1      0.0
  SINCE JUL 1     70.0                      74.9   -4.9     86.6
  SNOW DEPTH       0

DEGREE DAYS
 HEATING
  YESTERDAY        0                         3     -3        0
  MONTH TO DATE   58                       119    -61       33
  SINCE JUN 1     58                       119    -61       33
  SINCE JUL 1   7009                      7563   -554     6938

 COOLING
  YESTERDAY        0                         2     -2        4
  MONTH TO DATE   33                        28      5       71
  SINCE JUN 1     33                        28      5       71
  SINCE JAN 1     33                        32      1       71
..................................................................


WIND (MPH)
  HIGHEST WIND SPEED    25   HIGHEST WIND DIRECTION     N (20)
  HIGHEST GUST SPEED    32   HIGHEST GUST DIRECTION    NE (30)
  AVERAGE WIND SPEED    11.1


SKY COVER
  POSSIBLE SUNSHINE  MM
  AVERAGE SKY COVER 0.2


WEATHER CONDITIONS
 THE FOLLOWING WEATHER WAS RECORDED YESTERDAY.
  NO SIGNIFICANT WEATHER WAS OBSERVED.


RELATIVE HUMIDITY (PERCENT)
 HIGHEST    89           400 AM
 LOWEST     24           400 PM
 AVERAGE    57

..........................................................


THE CASPER WY CLIMATE NORMALS FOR TODAY
                         NORMAL    RECORD    YEAR
 MAXIMUM TEMPERATURE (F)   82       101      1954
 MINIMUM TEMPERATURE (F)   48        38      1987


SUNRISE AND SUNSET
JUNE 23 2017..........SUNRISE   528 AM MDT   SUNSET   849 PM MDT
JUNE 24 2017..........SUNRISE   528 AM MDT   SUNSET   849 PM MDT


-  INDICATES NEGATIVE NUMBERS.
R  INDICATES RECORD WAS SET OR TIED.
MM INDICATES DATA IS MISSING.
T  INDICATES TRACE AMOUNT.




$$
