000
CDUS45 KRIW 070742
CLICPR


CLIMATE REPORT
NATIONAL WEATHER SERVICE RIVERTON WY
130 AM MDT TUE JUL 7 2015


...................................

...THE CASPER WY CLIMATE SUMMARY FOR JULY 6 2015...

CLIMATE NORMAL PERIOD 1981 TO 2010
CLIMATE RECORD PERIOD 1939 TO 2015


WEATHER ITEM   OBSERVED TIME   RECORD YEAR NORMAL DEPARTURE LAST
                VALUE   (LST)  VALUE       VALUE  FROM      YEAR
                                                  NORMAL
..................................................................
TEMPERATURE (F)
 YESTERDAY
  MAXIMUM         70    334 PM 101    1981  87    -17       94
  MINIMUM         53    317 AM  41    2004  52      1       55
  AVERAGE         62                        69     -7       75

PRECIPITATION (IN)
  YESTERDAY        0.04          1.27 1994   0.04   0.00     0.00
  MONTH TO DATE    0.27                      0.25   0.02     0.00
  SINCE JUN 1      1.77                      1.86  -0.09     1.35
  SINCE JAN 1      9.27                      7.07   2.20     6.11

SNOWFALL (IN)
  YESTERDAY        0.0                       0.0    0.0      0.0
  MONTH TO DATE    0.0                       0.0    0.0      0.0
  SINCE JUN 1      0.0                       0.1   -0.1      0.0
  SINCE JUL 1      0.0                       0.0    0.0      0.0
  SNOW DEPTH       0

DEGREE DAYS
 HEATING
  YESTERDAY        3                         1      2        0
  MONTH TO DATE    3                         6     -3       11
  SINCE JUN 1     29                       142   -113      169
  SINCE JUL 1      3                         6     -3       11

 COOLING
  YESTERDAY        0                         5     -5       10
  MONTH TO DATE   37                        27     10       38
  SINCE JUN 1    113                        80     33       55
  SINCE JAN 1    113                        84     29       61
..................................................................


WIND (MPH)
  HIGHEST WIND SPEED    16   HIGHEST WIND DIRECTION     E (90)
  HIGHEST GUST SPEED    19   HIGHEST GUST DIRECTION     E (80)
  AVERAGE WIND SPEED     8.1


SKY COVER
  POSSIBLE SUNSHINE  MM
  AVERAGE SKY COVER 0.6


WEATHER CONDITIONS
 THE FOLLOWING WEATHER WAS RECORDED YESTERDAY.
  LIGHT RAIN
  FOG
  HAZE


RELATIVE HUMIDITY (PERCENT)
 HIGHEST    93           100 AM
 LOWEST     53           300 PM
 AVERAGE    73

..........................................................


THE CASPER WY CLIMATE NORMALS FOR TODAY
                         NORMAL    RECORD    YEAR
 MAXIMUM TEMPERATURE (F)   87       101      1989
 MINIMUM TEMPERATURE (F)   52        39      2010
                                             1993


SUNRISE AND SUNSET
JULY  7 2015..........SUNRISE   534 AM MDT   SUNSET   847 PM MDT
JULY  8 2015..........SUNRISE   535 AM MDT   SUNSET   846 PM MDT


-  INDICATES NEGATIVE NUMBERS.
R  INDICATES RECORD WAS SET OR TIED.
MM INDICATES DATA IS MISSING.
T  INDICATES TRACE AMOUNT.




$$
