000
CDUS46 KLOX 310114
CLICQT


CLIMATE REPORT
NATIONAL WEATHER SERVICE LOS ANGELES/OXNARD CA
614 PM PDT THU OCT 30 2014


...................................

...THE DOWNTOWN LOS ANGELES (USC) CA CLIMATE SUMMARY FOR OCTOBER 30 2014...
VALID TODAY AS OF 0600 PM LOCAL TIME.

CLIMATE NORMAL PERIOD 1981 TO 2010
CLIMATE RECORD PERIOD 1877 TO 2014


WEATHER ITEM   OBSERVED TIME   RECORD YEAR NORMAL DEPARTURE LAST
                VALUE   (LST)  VALUE       VALUE  FROM      YEAR
                                                  NORMAL
..................................................................
TEMPERATURE (F)
 TODAY
  MAXIMUM         81   1043 AM  99    1939  77      4       71
  MINIMUM         60    619 AM  41    1971  56      4       51
  AVERAGE         71                        66      5       61

PRECIPITATION (IN)
  TODAY            0.00          1.02 1996   0.03  -0.03     0.00
  MONTH TO DATE    0.00                      0.63  -0.63     0.06
  SINCE JUL 1      0.05                      0.92  -0.87     0.15
  SINCE JAN 1      5.16                     11.53  -6.37     2.78

SNOWFALL (IN)
  TODAY            0.0
  MONTH TO DATE    0.0
  SINCE SEP 1      0.0
  SINCE JUL 1      0.0

DEGREE DAYS
 HEATING
  TODAY            0                         1     -1        4
  MONTH TO DATE    0                        13    -13       24
  SINCE SEP 1      0                        15    -15       24
  SINCE JUL 1      0                        15    -15       24

 COOLING
  TODAY            6                         3      3        0
  MONTH TO DATE  251                       128    123       95
  SINCE SEP 1    604                       372    232      357
  SINCE JAN 1   1681                      1206    475     1162
..................................................................


WIND (MPH)
  HIGHEST WIND SPEED    12   HIGHEST WIND DIRECTION     W (270)
  HIGHEST GUST SPEED    16   HIGHEST GUST DIRECTION     W (270)
  AVERAGE WIND SPEED     1.5


SKY COVER
  POSSIBLE SUNSHINE  MM
  AVERAGE SKY COVER 0.0


WEATHER CONDITIONS
 THE FOLLOWING WEATHER WAS RECORDED TODAY.
  NO SIGNIFICANT WEATHER WAS OBSERVED.


RELATIVE HUMIDITY (PERCENT)
 HIGHEST    84           100 AM
 LOWEST     35          1100 AM
 AVERAGE    60

..........................................................


THE DOWNTOWN LOS ANGELES (USC) CA CLIMATE NORMALS FOR TOMORROW
                         NORMAL    RECORD    YEAR
 MAXIMUM TEMPERATURE (F)   76        96      1918
 MINIMUM TEMPERATURE (F)   56        42      1886


SUNRISE AND SUNSET
OCTOBER 30 2014.......SUNRISE   711 AM PDT   SUNSET   602 PM PDT
OCTOBER 31 2014.......SUNRISE   712 AM PDT   SUNSET   601 PM PDT


-  INDICATES NEGATIVE NUMBERS.
R  INDICATES RECORD WAS SET OR TIED.
MM INDICATES DATA IS MISSING.
T  INDICATES TRACE AMOUNT.




$$
