000
CDUS46 KLOX 250930
CLICQT


CLIMATE REPORT
NATIONAL WEATHER SERVICE LOS ANGELES/OXNARD CA
230 AM PDT TUE APR 25 2017


...................................

...THE DOWNTOWN LOS ANGELES (USC) CA CLIMATE SUMMARY FOR APRIL 24 2017...

CLIMATE NORMAL PERIOD 1981 TO 2010
CLIMATE RECORD PERIOD 1877 TO 2017


WEATHER ITEM   OBSERVED TIME   RECORD YEAR NORMAL DEPARTURE LAST
                VALUE   (LST)  VALUE       VALUE  FROM      YEAR
                                                  NORMAL
..................................................................
TEMPERATURE (F)
 YESTERDAY
  MAXIMUM         73   1209 PM  93    2001  74     -1       75
                                      1898
  MINIMUM         59    140 AM  44    1900  55      4       58
                                      1899
  AVERAGE         66                        64      2       67

PRECIPITATION (IN)
  YESTERDAY        0.00          0.41 1967   0.03  -0.03     0.00
  MONTH TO DATE    0.08                      0.78  -0.70     0.24
  SINCE OCT 1     18.67                     14.16   4.51     6.83
  SINCE JAN 1     12.72                     10.13   2.59     5.80

SNOWFALL (IN)
  YESTERDAY        0.0
  MONTH TO DATE    0.0
  SINCE MAR 1      0.0
  SINCE JUL 1      0.0

DEGREE DAYS
 HEATING
  YESTERDAY        0                         3     -3        0
  MONTH TO DATE   12                        84    -72       12
  SINCE MAR 1     54                       241   -187       84
  SINCE JUL 1    706                      1016   -310      724

 COOLING
  YESTERDAY        1                         2     -1        2
  MONTH TO DATE   62                        31     31       81
  SINCE MAR 1    127                        51     76      104
  SINCE JAN 1    135                        74     61      179
..................................................................


WIND (MPH)
  HIGHEST WIND SPEED    10   HIGHEST WIND DIRECTION     W (270)
  HIGHEST GUST SPEED    16   HIGHEST GUST DIRECTION     W (280)
  AVERAGE WIND SPEED     1.7


SKY COVER
  POSSIBLE SUNSHINE  MM
  AVERAGE SKY COVER 0.2


WEATHER CONDITIONS
 THE FOLLOWING WEATHER WAS RECORDED YESTERDAY.
  HAZE


RELATIVE HUMIDITY (PERCENT)
 HIGHEST    78           300 AM
 LOWEST     52           500 PM
 AVERAGE    65

..........................................................


THE DOWNTOWN LOS ANGELES (USC) CA CLIMATE NORMALS FOR TODAY
                         NORMAL    RECORD    YEAR
 MAXIMUM TEMPERATURE (F)   74        94      1898
 MINIMUM TEMPERATURE (F)   55        42      1882


SUNRISE AND SUNSET
APRIL 25 2017.........SUNRISE   610 AM PDT   SUNSET   733 PM PDT
APRIL 26 2017.........SUNRISE   609 AM PDT   SUNSET   733 PM PDT


-  INDICATES NEGATIVE NUMBERS.
R  INDICATES RECORD WAS SET OR TIED.
MM INDICATES DATA IS MISSING.
T  INDICATES TRACE AMOUNT.




$$
