000
CDUS46 KLOX 070114
CLICQT


CLIMATE REPORT
NATIONAL WEATHER SERVICE LOS ANGELES/OXNARD CA
514 PM PST FRI MAR 6 2015


...................................

...THE DOWNTOWN LOS ANGELES (USC) CA CLIMATE SUMMARY FOR MARCH 6 2015...
VALID TODAY AS OF 0500 PM LOCAL TIME.

CLIMATE NORMAL PERIOD 1981 TO 2010
CLIMATE RECORD PERIOD 1877 TO 2015


WEATHER ITEM   OBSERVED TIME   RECORD YEAR NORMAL DEPARTURE LAST
                VALUE   (LST)  VALUE       VALUE  FROM      YEAR
                                                  NORMAL
..................................................................
TEMPERATURE (F)
 TODAY
  MAXIMUM         83    203 PM  90    1899  70     13       72
  MINIMUM         49    331 AM  39    1882  51     -2       57
  AVERAGE         66                        60      6       65

PRECIPITATION (IN)
  TODAY            0.00          0.88 1884   0.11  -0.11     0.00
  MONTH TO DATE    0.87                      0.66   0.21     1.17
  SINCE OCT 1      7.40                     11.61  -4.21     5.63
  SINCE JAN 1      2.79                      7.58  -4.79     4.75

SNOWFALL (IN)
  TODAY            0.0
  MONTH TO DATE    0.0
  SINCE MAR 1      0.0
  SINCE JUL 1      0.0

DEGREE DAYS
 HEATING
  TODAY            0                         5     -5        0
  MONTH TO DATE   29                        34     -5       24
  SINCE MAR 1     29                        34     -5       24
  SINCE JUL 1    392                       809   -417      501

 COOLING
  TODAY            1                         0      1        0
  MONTH TO DATE    1                         5     -4        0
  SINCE MAR 1      1                         5     -4        0
  SINCE JAN 1     58                        28     30       23
..................................................................


WIND (MPH)
  HIGHEST WIND SPEED     6   HIGHEST WIND DIRECTION     W (270)
  HIGHEST GUST SPEED    12   HIGHEST GUST DIRECTION     W (280)
  AVERAGE WIND SPEED     0.8


SKY COVER
  POSSIBLE SUNSHINE  MM
  AVERAGE SKY COVER 0.0


WEATHER CONDITIONS
 THE FOLLOWING WEATHER WAS RECORDED TODAY.
  NO SIGNIFICANT WEATHER WAS OBSERVED.


RELATIVE HUMIDITY (PERCENT)
 HIGHEST    50           300 AM
 LOWEST     10          1200 PM
 AVERAGE    30

..........................................................


THE DOWNTOWN LOS ANGELES (USC) CA CLIMATE NORMALS FOR TOMORROW
                         NORMAL    RECORD    YEAR
 MAXIMUM TEMPERATURE (F)   70        89      1914
 MINIMUM TEMPERATURE (F)   51        40      1893


SUNRISE AND SUNSET
MARCH  6 2015.........SUNRISE   616 AM PST   SUNSET   554 PM PST
MARCH  7 2015.........SUNRISE   614 AM PST   SUNSET   554 PM PST


-  INDICATES NEGATIVE NUMBERS.
R  INDICATES RECORD WAS SET OR TIED.
MM INDICATES DATA IS MISSING.
T  INDICATES TRACE AMOUNT.




$$
