000
CDUS42 KILM 300900
CLICRE


CLIMATE REPORT
NATIONAL WEATHER SERVICE WILMINGTON NC
500 AM EDT SAT APR 30 2016


...................................

...THE NORTH MYRTLE BEACH SC CLIMATE SUMMARY FOR APRIL 29 2016...

CLIMATE NORMAL PERIOD 1981 TO 2010
CLIMATE RECORD PERIOD 1949 TO 2016


WEATHER ITEM   OBSERVED TIME   RECORD YEAR NORMAL DEPARTURE LAST
                VALUE   (LST)  VALUE       VALUE  FROM      YEAR
                                                  NORMAL
..................................................................
TEMPERATURE (F)
 YESTERDAY
  MAXIMUM         85   1244 PM  90    2002  75     10       65
  MINIMUM         68   1159 PM  42    1992  56     12       50
  AVERAGE         77                        65     12       58

PRECIPITATION (IN)
  YESTERDAY        0.00                      0.09  -0.09     0.36
  MONTH TO DATE    0.99                      2.87  -1.88     3.64
  SINCE MAR 1      2.46                      6.79  -4.33     6.07
  SINCE JAN 1     10.53                     13.90  -3.37    13.26

SNOWFALL (IN)
  YESTERDAY       MM
  MONTH TO DATE   MM
  SINCE MAR 1     MM
  SINCE JUL 1     MM
  SNOW DEPTH      MM

DEGREE DAYS
 HEATING
  YESTERDAY        0                         2     -2        7
  MONTH TO DATE  123                       138    -15       55
  SINCE MAR 1    294                       476   -182      355
  SINCE JUL 1   1769                      2420   -651     2442

 COOLING
  YESTERDAY       12                         2     10        0
  MONTH TO DATE   61                        35     26       45
  SINCE MAR 1     97                        38     59       52
  SINCE JAN 1     97                        38     59       53
..................................................................


WIND (MPH)
  HIGHEST WIND SPEED    17   HIGHEST WIND DIRECTION    SE (120)
  HIGHEST GUST SPEED    24   HIGHEST GUST DIRECTION     E (110)
  AVERAGE WIND SPEED     7.3


SKY COVER
  POSSIBLE SUNSHINE  MM
  AVERAGE SKY COVER 0.1


WEATHER CONDITIONS
 THE FOLLOWING WEATHER WAS RECORDED YESTERDAY.
  FOG


RELATIVE HUMIDITY (PERCENT)
 HIGHEST    93           600 AM
 LOWEST     51          1100 AM
 AVERAGE    72

..........................................................


THE NORTH MYRTLE BEACH SC CLIMATE NORMALS FOR TODAY
                         NORMAL    RECORD    YEAR
 MAXIMUM TEMPERATURE (F)   75        84      1990
 MINIMUM TEMPERATURE (F)   56        41      2008


SUNRISE AND SUNSET
APRIL 30 2016.........SUNRISE   627 AM EDT   SUNSET   758 PM EDT
MAY  1 2016...........SUNRISE   626 AM EDT   SUNSET   759 PM EDT


-  INDICATES NEGATIVE NUMBERS.
R  INDICATES RECORD WAS SET OR TIED.
MM INDICATES DATA IS MISSING.
T  INDICATES TRACE AMOUNT.




$$
