000
CDUS42 KILM 250946
CLICRE


CLIMATE REPORT
NATIONAL WEATHER SERVICE WILMINGTON NC
446 AM EST THU DEC 25 2014


...................................

...THE NORTH MYRTLE BEACH SC CLIMATE SUMMARY FOR DECEMBER 24 2014...

CLIMATE NORMAL PERIOD 1981 TO 2010
CLIMATE RECORD PERIOD 1949 TO 2014


WEATHER ITEM   OBSERVED TIME   RECORD YEAR NORMAL DEPARTURE LAST
                VALUE   (LST)  VALUE       VALUE  FROM      YEAR
                                                  NORMAL
..................................................................
TEMPERATURE (F)
 YESTERDAY
  MAXIMUM         73   1120 AM  75    1955  57     16       60
  MINIMUM         60   1152 PM  10    1989  37     23       36
  AVERAGE         67                        47     20       48

PRECIPITATION (IN)
  YESTERDAY        2.24                      0.12   2.12     0.05
  MONTH TO DATE    3.10                      2.83   0.27     0.96
  SINCE DEC 1      3.10                      2.83   0.27     0.96
  SINCE JAN 1     40.89                     51.38 -10.49    47.94

SNOWFALL (IN)
  YESTERDAY       MM
  MONTH TO DATE   MM
  SINCE DEC 1     MM
  SINCE JUL 1     MM
  SNOW DEPTH      MM

DEGREE DAYS
 HEATING
  YESTERDAY        0                        18    -18       17
  MONTH TO DATE  346                       378    -32      288
  SINCE DEC 1    346                       378    -32      288
  SINCE JUL 1    796                       739     57      701

 COOLING
  YESTERDAY        2                         0      2        0
  MONTH TO DATE    2                         0      2        8
  SINCE DEC 1      2                         0      2        8
  SINCE JAN 1   2031                      1899    132     1848
..................................................................


WIND (MPH)
  HIGHEST WIND SPEED    32   HIGHEST WIND DIRECTION    SW (230)
  HIGHEST GUST SPEED    40   HIGHEST GUST DIRECTION    SW (220)
  AVERAGE WIND SPEED    12.0


SKY COVER
  POSSIBLE SUNSHINE  MM
  AVERAGE SKY COVER 0.8


WEATHER CONDITIONS
 THE FOLLOWING WEATHER WAS RECORDED YESTERDAY.
  THUNDERSTORM
  HEAVY RAIN
  RAIN
  LIGHT RAIN
  FOG


RELATIVE HUMIDITY (PERCENT)
 HIGHEST   100           200 AM
 LOWEST     90           200 PM
 AVERAGE    95

..........................................................


THE NORTH MYRTLE BEACH SC CLIMATE NORMALS FOR TODAY
                         NORMAL    RECORD    YEAR
 MAXIMUM TEMPERATURE (F)   57        77      1955
 MINIMUM TEMPERATURE (F)   37        18      1989


SUNRISE AND SUNSET
DECEMBER 25 2014......SUNRISE   718 AM EST   SUNSET   512 PM EST
DECEMBER 26 2014......SUNRISE   718 AM EST   SUNSET   513 PM EST


-  INDICATES NEGATIVE NUMBERS.
R  INDICATES RECORD WAS SET OR TIED.
MM INDICATES DATA IS MISSING.
T  INDICATES TRACE AMOUNT.




$$
