096
CDUS42 KILM 300909
CLICRE


CLIMATE REPORT
NATIONAL WEATHER SERVICE WILMINGTON NC
507 AM EDT TUE MAY 30 2017


...................................

...THE NORTH MYRTLE BEACH SC CLIMATE SUMMARY FOR MAY 29 2017...

CLIMATE NORMAL PERIOD 1981 TO 2010
CLIMATE RECORD PERIOD 1949 TO 2017


WEATHER ITEM   OBSERVED TIME   RECORD YEAR NORMAL DEPARTURE LAST
                VALUE   (LST)  VALUE       VALUE  FROM      YEAR
                                                  NORMAL
..................................................................
TEMPERATURE (F)
 YESTERDAY
  MAXIMUM         87   1055 AM  92    1991  81      6       81
  MINIMUM         71    252 AM  50    1951  65      6       72
  AVERAGE         79                        73      6       77

PRECIPITATION (IN)
  YESTERDAY        0.04                      0.14  -0.10     0.78
  MONTH TO DATE    4.30                      3.11   1.19     5.14
  SINCE MAR 1      9.68                      9.99  -0.31     7.60
  SINCE JAN 1     13.21                     17.10  -3.89    15.67

DEGREE DAYS
 HEATING
  YESTERDAY        0                         0      0        0
  MONTH TO DATE   10                        23    -13       12
  SINCE MAR 1    402                       502   -100      306
  SINCE JUL 1   1806                      2446   -640     1781

 COOLING
  YESTERDAY       14                         8      6       12
  MONTH TO DATE  220                       153     67      174
  SINCE MAR 1    335                       195    140      274
  SINCE JAN 1    336                       195    141      274
..................................................................


WIND (MPH)
  HIGHEST WIND SPEED    21   HIGHEST WIND DIRECTION    SW (220)
  HIGHEST GUST SPEED    25   HIGHEST GUST DIRECTION    SW (220)
  AVERAGE WIND SPEED     7.5


SKY COVER
  POSSIBLE SUNSHINE  MM
  AVERAGE SKY COVER 0.0


WEATHER CONDITIONS
 THE FOLLOWING WEATHER WAS RECORDED YESTERDAY.
  THUNDERSTORM
  LIGHT RAIN
  FOG


RELATIVE HUMIDITY (PERCENT)
 HIGHEST   100           200 AM
 LOWEST     50          1100 AM
 AVERAGE    75

..........................................................


THE NORTH MYRTLE BEACH SC CLIMATE NORMALS FOR TODAY
                         NORMAL    RECORD    YEAR
 MAXIMUM TEMPERATURE (F)   81        90      1953
 MINIMUM TEMPERATURE (F)   65        50      1951


SUNRISE AND SUNSET
MAY 30 2017...........SUNRISE   606 AM EDT   SUNSET   820 PM EDT
MAY 31 2017...........SUNRISE   605 AM EDT   SUNSET   820 PM EDT


-  INDICATES NEGATIVE NUMBERS.
R  INDICATES RECORD WAS SET OR TIED.
MM INDICATES DATA IS MISSING.
T  INDICATES TRACE AMOUNT.




$$
