000
CDUS42 KILM 262040
CLICRE


CLIMATE REPORT
NATIONAL WEATHER SERVICE WILMINGTON NC
440 PM EDT FRI AUG 26 2016


...................................

...THE NORTH MYRTLE BEACH SC CLIMATE SUMMARY FOR AUGUST 26 2016...
VALID TODAY AS OF 0400 PM LOCAL TIME.

CLIMATE NORMAL PERIOD 1981 TO 2010
CLIMATE RECORD PERIOD 1949 TO 2016


WEATHER ITEM   OBSERVED TIME   RECORD YEAR NORMAL DEPARTURE LAST
                VALUE   (LST)  VALUE       VALUE  FROM      YEAR
                                                  NORMAL
..................................................................
TEMPERATURE (F)
 TODAY
  MAXIMUM         86    258 PM  91    2003  86      0       87
                                      1994
  MINIMUM         70    413 AM  58    1952  71     -1       72
  AVERAGE         78                        78      0       80

PRECIPITATION (IN)
  TODAY            0.00                      0.28  -0.28     0.50
  MONTH TO DATE    2.75                      6.17  -3.42     3.49
  SINCE JUN 1      8.65                     16.71  -8.06    10.40
  SINCE JAN 1     24.39                     34.11  -9.72    30.46

DEGREE DAYS
 HEATING
  TODAY            0                         0      0        0
  MONTH TO DATE    0                         0      0        0
  SINCE JUN 1      0                         0      0        0
  SINCE JUL 1      0                         0      0        0

 COOLING
  TODAY           13                        13      0       15
  MONTH TO DATE  465                       367     98      386
  SINCE JUN 1   1484                      1200    284     1386
  SINCE JAN 1   1780                      1412    368     1645
..................................................................


WIND (MPH)
  HIGHEST WIND SPEED    13   HIGHEST WIND DIRECTION     S (160)
  HIGHEST GUST SPEED    18   HIGHEST GUST DIRECTION     S (160)
  AVERAGE WIND SPEED     4.0


SKY COVER
  POSSIBLE SUNSHINE  MM
  AVERAGE SKY COVER 0.1


WEATHER CONDITIONS
 THE FOLLOWING WEATHER WAS RECORDED TODAY.
  NO SIGNIFICANT WEATHER WAS OBSERVED.


RELATIVE HUMIDITY (PERCENT)
 HIGHEST    93          1200 AM
 LOWEST     61           300 PM
 AVERAGE    77

..........................................................


THE NORTH MYRTLE BEACH SC CLIMATE NORMALS FOR TOMORROW
                         NORMAL    RECORD    YEAR
 MAXIMUM TEMPERATURE (F)   86        92      2003
 MINIMUM TEMPERATURE (F)   71        66      2014
                                             2013
                                             1952


SUNRISE AND SUNSET
AUGUST 26 2016........SUNRISE   645 AM EDT   SUNSET   748 PM EDT
AUGUST 27 2016........SUNRISE   646 AM EDT   SUNSET   746 PM EDT


-  INDICATES NEGATIVE NUMBERS.
R  INDICATES RECORD WAS SET OR TIED.
MM INDICATES DATA IS MISSING.
T  INDICATES TRACE AMOUNT.




$$
