000
CDUS42 KILM 212041
CLICRE


CLIMATE REPORT
NATIONAL WEATHER SERVICE WILMINGTON NC
441 PM EDT FRI JUL 21 2017


...................................

...THE NORTH MYRTLE BEACH SC CLIMATE SUMMARY FOR JULY 21 2017...
VALID TODAY AS OF 0400 PM LOCAL TIME.

CLIMATE NORMAL PERIOD 1981 TO 2010
CLIMATE RECORD PERIOD 1949 TO 2017


WEATHER ITEM   OBSERVED TIME   RECORD YEAR NORMAL DEPARTURE LAST
                VALUE   (LST)  VALUE       VALUE  FROM      YEAR
                                                  NORMAL
..................................................................
TEMPERATURE (F)
 TODAY
  MAXIMUM         88   1015 AM 101    1952  88      0       89
  MINIMUM         76    613 AM  66    2001  73      3       73
  AVERAGE         82                        80      2       81

PRECIPITATION (IN)
  TODAY            0.00                      0.21  -0.21     0.00
  MONTH TO DATE    1.90                      4.00  -2.10     2.66
  SINCE JUN 1      5.60                      8.64  -3.04     5.90
  SINCE JAN 1     18.81                     26.04  -7.23    21.64

DEGREE DAYS
 HEATING
  TODAY            0                         0      0        0
  MONTH TO DATE    0                         0      0        0
  SINCE JUN 1      3                         0      3        0
  SINCE JUL 1      0                         0      0        0

 COOLING
  TODAY           17                        15      2       16
  MONTH TO DATE  348                       327     21      372
  SINCE JUN 1    704                       684     20      814
  SINCE JAN 1   1067                       896    171     1110
..................................................................


WIND (MPH)
  HIGHEST WIND SPEED    18   HIGHEST WIND DIRECTION     S (200)
  HIGHEST GUST SPEED    23   HIGHEST GUST DIRECTION    SW (210)
  AVERAGE WIND SPEED     7.5


SKY COVER
  POSSIBLE SUNSHINE  MM
  AVERAGE SKY COVER 0.0


WEATHER CONDITIONS
 THE FOLLOWING WEATHER WAS RECORDED TODAY.
  NO SIGNIFICANT WEATHER WAS OBSERVED.


RELATIVE HUMIDITY (PERCENT)
 HIGHEST   100           500 AM
 LOWEST     59          1000 AM
 AVERAGE    80

..........................................................


THE NORTH MYRTLE BEACH SC CLIMATE NORMALS FOR TOMORROW
                         NORMAL    RECORD    YEAR
 MAXIMUM TEMPERATURE (F)   88        95      2015
                                             1952
 MINIMUM TEMPERATURE (F)   73        63      2007


SUNRISE AND SUNSET
JULY 21 2017..........SUNRISE   619 AM EDT   SUNSET   823 PM EDT
JULY 22 2017..........SUNRISE   620 AM EDT   SUNSET   822 PM EDT


-  INDICATES NEGATIVE NUMBERS.
R  INDICATES RECORD WAS SET OR TIED.
MM INDICATES DATA IS MISSING.
T  INDICATES TRACE AMOUNT.




$$
