000
CDUS44 KCRP 110901
CLICRP

CLIMATE REPORT
NATIONAL WEATHER SERVICE CORPUS CHRISTI TX
259 AM CST THU FEB 11 2016


...................................

...THE CORPUS CHRISTI CLIMATE SUMMARY FOR FEBRUARY 10 2016...

CLIMATE NORMAL PERIOD 1981 TO 2010
CLIMATE RECORD PERIOD 1887 TO 2016


WEATHER ITEM   OBSERVED TIME   RECORD YEAR NORMAL DEPARTURE LAST
                VALUE   (LST)  VALUE       VALUE  FROM      YEAR
                                                  NORMAL
..................................................................
TEMPERATURE (F)
 YESTERDAY
  MAXIMUM         78    348 PM  90    1957  70      8       82
  MINIMUM         39    658 AM  26    2011  50    -11       47
  AVERAGE         59                        60     -1       65

PRECIPITATION (IN)
  YESTERDAY        0.00          1.47 1927   0.06  -0.06     0.00
  MONTH TO DATE    T                         0.58  -0.58     0.79
  SINCE DEC 1      2.97                      3.95  -0.98     3.87
  SINCE JAN 1      2.08                      2.12  -0.04     2.83

SNOWFALL (IN)
  YESTERDAY        0.0
  MONTH TO DATE    0.0
  SINCE DEC 1      0.0
  SINCE JUL 1      0.0
  SNOW DEPTH       0

DEGREE DAYS
 HEATING
  YESTERDAY        6                         7     -1        0
  MONTH TO DATE   78                        74      4       74
  SINCE DEC 1    510                       600    -90      619
  SINCE JUL 1    584                       701   -117      780

 COOLING
  YESTERDAY        0                         2     -2        0
  MONTH TO DATE    6                        13     -7       11
  SINCE DEC 1     97                        92      5       73
  SINCE JAN 1     19                        43    -24       14
..................................................................


WIND (MPH)
  HIGHEST WIND SPEED    18   HIGHEST WIND DIRECTION    SE (140)
  HIGHEST GUST SPEED    23   HIGHEST GUST DIRECTION    SE (150)
  AVERAGE WIND SPEED     8.9


SKY COVER
  POSSIBLE SUNSHINE  MM
  AVERAGE SKY COVER 0.1


WEATHER CONDITIONS
 THE FOLLOWING WEATHER WAS RECORDED YESTERDAY.
  NO SIGNIFICANT WEATHER WAS OBSERVED.


RELATIVE HUMIDITY (PERCENT)
 HIGHEST    72          1000 PM
 LOWEST     21           100 PM
 AVERAGE    47

..........................................................


THE CORPUS CHRISTI CLIMATE NORMALS FOR TODAY
                         NORMAL    RECORD    YEAR
 MAXIMUM TEMPERATURE (F)   70        84      2000
 MINIMUM TEMPERATURE (F)   50        24      1899


SUNRISE AND SUNSET
FEBRUARY 11 2016......SUNRISE   711 AM CST   SUNSET   618 PM CST
FEBRUARY 12 2016......SUNRISE   710 AM CST   SUNSET   619 PM CST


-  INDICATES NEGATIVE NUMBERS.
R  INDICATES RECORD WAS SET OR TIED.
MM INDICATES DATA IS MISSING.
T  INDICATES TRACE AMOUNT.

$$

CB
