662
CDUS44 KCRP 210948
CLICRP

CLIMATE REPORT
NATIONAL WEATHER SERVICE CORPUS CHRISTI TX
346 AM CST SUN JAN 21 2018


...................................

...THE CORPUS CHRISTI CLIMATE SUMMARY FOR JANUARY 20 2018...

CLIMATE NORMAL PERIOD 1981 TO 2010
CLIMATE RECORD PERIOD 1887 TO 2018


WEATHER ITEM   OBSERVED TIME   RECORD YEAR NORMAL DEPARTURE LAST
                VALUE   (LST)  VALUE       VALUE  FROM      YEAR
                                                  NORMAL
..................................................................
TEMPERATURE (F)
 YESTERDAY
  MAXIMUM         74    302 PM  85    2012  67      7       67
                                      1972
  MINIMUM         50    534 AM  25    1963  47      3       61
  AVERAGE         62                        57      5       64

PRECIPITATION (IN)
  YESTERDAY        0.01          0.76 1891   0.05  -0.04     0.01
  MONTH TO DATE    0.34                      0.99  -0.65     0.22
  SINCE DEC 1      4.72                      2.82   1.90     2.42
  SINCE JAN 1      0.34                      0.99  -0.65     0.22

SNOWFALL (IN)
  YESTERDAY        0.0
  MONTH TO DATE    0.0
  SINCE DEC 1      1.0
  SINCE JUL 1      1.0
  SNOW DEPTH       0

DEGREE DAYS
 HEATING
  YESTERDAY        3                         9     -6        1
  MONTH TO DATE  295                       180    115       96
  SINCE DEC 1    584                       430    154      245
  SINCE JUL 1    648                       531    117      263

 COOLING
  YESTERDAY        0                         1     -1        0
  MONTH TO DATE    1                        20    -19       71
  SINCE DEC 1     39                        69    -30      159
  SINCE JAN 1      1                        20    -19       71
..................................................................


WIND (MPH)
  HIGHEST WIND SPEED    22   HIGHEST WIND DIRECTION     S (180)
  HIGHEST GUST SPEED    25   HIGHEST GUST DIRECTION     S (190)
  AVERAGE WIND SPEED     6.1


SKY COVER
  POSSIBLE SUNSHINE  MM
  AVERAGE SKY COVER 0.7


WEATHER CONDITIONS
 THE FOLLOWING WEATHER WAS RECORDED YESTERDAY.
  LIGHT RAIN
  FOG
  FOG W/VISIBILITY <= 1/4 MILE


RELATIVE HUMIDITY (PERCENT)
 HIGHEST   100          1200 AM
 LOWEST     64           300 PM
 AVERAGE    82

..........................................................


THE CORPUS CHRISTI CLIMATE NORMALS FOR TODAY
                         NORMAL    RECORD    YEAR
 MAXIMUM TEMPERATURE (F)   67        92      2017
 MINIMUM TEMPERATURE (F)   47        22      1985


SUNRISE AND SUNSET
JANUARY 21 2018.......SUNRISE   721 AM CST   SUNSET   602 PM CST
JANUARY 22 2018.......SUNRISE   721 AM CST   SUNSET   603 PM CST


-  INDICATES NEGATIVE NUMBERS.
R  INDICATES RECORD WAS SET OR TIED.
MM INDICATES DATA IS MISSING.
T  INDICATES TRACE AMOUNT.




$$
