000
CDUS44 KCRP 060045 RRA
CLICRP

CLIMATE REPORT
NATIONAL WEATHER SERVICE CORPUS CHRISTI TX
744 PM CDT SUN JUL 5 2015


...................................

...THE CORPUS CHRISTI CLIMATE SUMMARY FOR JULY 5 2015...
VALID TODAY AS OF 0500 PM LOCAL TIME.

CLIMATE NORMAL PERIOD 1981 TO 2010
CLIMATE RECORD PERIOD 1887 TO 2015


WEATHER ITEM   OBSERVED TIME   RECORD YEAR NORMAL DEPARTURE LAST
                VALUE   (LST)  VALUE       VALUE  FROM      YEAR
                                                  NORMAL
..................................................................
TEMPERATURE (F)
 TODAY
  MAXIMUM         91    258 PM 102    2009  92     -1       92
  MINIMUM         77    233 AM  69    2011  75      2       73
  AVERAGE         84                        84      0       83

PRECIPITATION (IN)
  TODAY            0.00          4.20 1942   0.12  -0.12     0.29
  MONTH TO DATE    0.57                      0.62  -0.05     0.29
  SINCE JUN 1      2.20                      3.98  -1.78     1.70
  SINCE JAN 1     32.46                     14.25  18.21     8.80

SNOWFALL (IN)
  TODAY            0.0
  MONTH TO DATE    0.0
  SINCE JUN 1      0.0
  SINCE JUL 1      0.0
  SNOW DEPTH       0

DEGREE DAYS
 HEATING
  TODAY            0                         0      0        0
  MONTH TO DATE    0                         0      0        0
  SINCE JUN 1      0                         0      0        0
  SINCE JUL 1      0                         0      0        0

 COOLING
  TODAY           19                        19      0       18
  MONTH TO DATE   89                        91     -2       95
  SINCE JUN 1    628                       613     15      702
  SINCE JAN 1   1458                      1454      4     1508
..................................................................


WIND (MPH)
  HIGHEST WIND SPEED    26   HIGHEST WIND DIRECTION    SE (150)
  HIGHEST GUST SPEED    35   HIGHEST GUST DIRECTION     S (160)


SKY COVER
  POSSIBLE SUNSHINE  MM
  AVERAGE SKY COVER 0.6


WEATHER CONDITIONS
 THE FOLLOWING WEATHER WAS RECORDED TODAY.
  NO SIGNIFICANT WEATHER WAS OBSERVED.


RELATIVE HUMIDITY (PERCENT)
 HIGHEST    97           600 AM
 LOWEST     59          1200 PM
 AVERAGE    78

..........................................................


THE CORPUS CHRISTI CLIMATE NORMALS FOR TOMORROW
                         NORMAL    RECORD    YEAR
 MAXIMUM TEMPERATURE (F)   92       100      2005
 MINIMUM TEMPERATURE (F)   75        68      1997
                                             1981


SUNRISE AND SUNSET
JULY  5 2015..........SUNRISE   639 AM CDT   SUNSET   830 PM CDT
JULY  6 2015..........SUNRISE   640 AM CDT   SUNSET   830 PM CDT


-  INDICATES NEGATIVE NUMBERS.
R  INDICATES RECORD WAS SET OR TIED.
MM INDICATES DATA IS MISSING.
T  INDICATES TRACE AMOUNT.




$$
