185
CDUS44 KCRP 200950
CLICRP

CLIMATE REPORT
NATIONAL WEATHER SERVICE CORPUS CHRISTI TX
343 AM CST FRI JAN 20 2017


...................................

...THE CORPUS CHRISTI CLIMATE SUMMARY FOR JANUARY 19 2017...

CLIMATE NORMAL PERIOD 1981 TO 2010
CLIMATE RECORD PERIOD 1887 TO 2017


WEATHER ITEM   OBSERVED TIME   RECORD YEAR NORMAL DEPARTURE LAST
                VALUE   (LST)  VALUE       VALUE  FROM      YEAR
                                                  NORMAL
..................................................................
TEMPERATURE (F)
 YESTERDAY
  MAXIMUM         68    526 PM  87    2000  67      1       74
  MINIMUM         57   1009 AM  19    1940  47     10       47
  AVERAGE         63                        57      6       61

PRECIPITATION (IN)
  YESTERDAY        T             1.84 1981   0.05  -0.05     0.00
  MONTH TO DATE    0.21                      0.94  -0.73     2.08
  SINCE DEC 1      2.41                      2.77  -0.36     2.97
  SINCE JAN 1      0.21                      0.94  -0.73     2.08

SNOWFALL (IN)
  YESTERDAY        0.0
  MONTH TO DATE    0.0
  SINCE DEC 1      0.0
  SINCE JUL 1      0.0
  SNOW DEPTH       0

DEGREE DAYS
 HEATING
  YESTERDAY        2                         9     -7        4
  MONTH TO DATE   95                       171    -76      198
  SINCE DEC 1    244                       421   -177      357
  SINCE JUL 1    262                       522   -260      431

 COOLING
  YESTERDAY        0                         1     -1        0
  MONTH TO DATE   71                        19     52        0
  SINCE DEC 1    159                        68     91       78
  SINCE JAN 1     71                        19     52        0
..................................................................


WIND (MPH)
  HIGHEST WIND SPEED    16   HIGHEST WIND DIRECTION     N (340)
  HIGHEST GUST SPEED    19   HIGHEST GUST DIRECTION     N (350)
  AVERAGE WIND SPEED     6.6


SKY COVER
  POSSIBLE SUNSHINE  MM
  AVERAGE SKY COVER 0.8


WEATHER CONDITIONS
 THE FOLLOWING WEATHER WAS RECORDED YESTERDAY.
  LIGHT RAIN
  FOG


RELATIVE HUMIDITY (PERCENT)
 HIGHEST   100           100 AM
 LOWEST     81           500 PM
 AVERAGE    91

..........................................................


THE CORPUS CHRISTI CLIMATE NORMALS FOR TODAY
                         NORMAL    RECORD    YEAR
 MAXIMUM TEMPERATURE (F)   67        85      2012
                                             1972
 MINIMUM TEMPERATURE (F)   47        25      1963


SUNRISE AND SUNSET
JANUARY 20 2017.......SUNRISE   721 AM CST   SUNSET   601 PM CST
JANUARY 21 2017.......SUNRISE   721 AM CST   SUNSET   602 PM CST


-  INDICATES NEGATIVE NUMBERS.
R  INDICATES RECORD WAS SET OR TIED.
MM INDICATES DATA IS MISSING.
T  INDICATES TRACE AMOUNT.




$$
