000
CDUS44 KCRP 210853
CLICRP

CLIMATE REPORT
NATIONAL WEATHER SERVICE CORPUS CHRISTI TX
352 AM CDT THU SEP 21 2017


...................................

...THE CORPUS CHRISTI CLIMATE SUMMARY FOR SEPTEMBER 20 2017...

CLIMATE NORMAL PERIOD 1981 TO 2010
CLIMATE RECORD PERIOD 1887 TO 2017


WEATHER ITEM   OBSERVED TIME   RECORD YEAR NORMAL DEPARTURE LAST
                VALUE   (LST)  VALUE       VALUE  FROM      YEAR
                                                  NORMAL
..................................................................
TEMPERATURE (F)
 YESTERDAY
  MAXIMUM         95    155 PM  98    2016  89      6       98
                                      1947
  MINIMUM         77    440 AM  59    1981  71      6       76
  AVERAGE         86                        80      6       87

PRECIPITATION (IN)
  YESTERDAY        0.00          3.48 1967   0.16  -0.16     0.00
  MONTH TO DATE    0.37                      3.50  -3.13     0.48
  SINCE SEP 1      0.37                      3.50  -3.13     0.48
  SINCE JAN 1     22.73                     22.84  -0.11    25.77

SNOWFALL (IN)
  YESTERDAY        0.0
  MONTH TO DATE    0.0
  SINCE SEP 1      0.0
  SINCE JUL 1      0.0
  SNOW DEPTH       0

DEGREE DAYS
 HEATING
  YESTERDAY        0                         0      0        0
  MONTH TO DATE    0                         0      0        0
  SINCE SEP 1      0                         0      0        0
  SINCE JUL 1      0                         0      0        0

 COOLING
  YESTERDAY       21                        15      6       22
  MONTH TO DATE  318                       341    -23      428
  SINCE SEP 1    318                       341    -23      428
  SINCE JAN 1   3299                      2902    397     3345
..................................................................


WIND (MPH)
  HIGHEST WIND SPEED    23   HIGHEST WIND DIRECTION    SE (150)
  HIGHEST GUST SPEED    28   HIGHEST GUST DIRECTION    SE (140)
  AVERAGE WIND SPEED    13.4


SKY COVER
  POSSIBLE SUNSHINE  MM
  AVERAGE SKY COVER 0.8


WEATHER CONDITIONS
 THE FOLLOWING WEATHER WAS RECORDED YESTERDAY.
  NO SIGNIFICANT WEATHER WAS OBSERVED.


RELATIVE HUMIDITY (PERCENT)
 HIGHEST    97           200 AM
 LOWEST     49          1200 PM
 AVERAGE    73

..........................................................


THE CORPUS CHRISTI CLIMATE NORMALS FOR TODAY
                         NORMAL    RECORD    YEAR
 MAXIMUM TEMPERATURE (F)   89       102      1947
 MINIMUM TEMPERATURE (F)   71        57      1983


SUNRISE AND SUNSET
SEPTEMBER 21 2017.....SUNRISE   718 AM CDT   SUNSET   727 PM CDT
SEPTEMBER 22 2017.....SUNRISE   719 AM CDT   SUNSET   726 PM CDT


-  INDICATES NEGATIVE NUMBERS.
R  INDICATES RECORD WAS SET OR TIED.
MM INDICATES DATA IS MISSING.
T  INDICATES TRACE AMOUNT.




$$
