000
CDUS44 KCRP 280833
CLICRP

CLIMATE REPORT
NATIONAL WEATHER SERVICE CORPUS CHRISTI TX
331 AM CDT TUE MAR 28 2017


...................................

...THE CORPUS CHRISTI CLIMATE SUMMARY FOR MARCH 27 2017...

CLIMATE NORMAL PERIOD 1981 TO 2010
CLIMATE RECORD PERIOD 1887 TO 2017


WEATHER ITEM   OBSERVED TIME   RECORD YEAR NORMAL DEPARTURE LAST
                VALUE   (LST)  VALUE       VALUE  FROM      YEAR
                                                  NORMAL
..................................................................
TEMPERATURE (F)
 YESTERDAY
  MAXIMUM         85    237 PM 101    1984  78      7       86
  MINIMUM         71    718 AM  37    1955  59     12       68
                                      1913
  AVERAGE         78                        68     10       77

PRECIPITATION (IN)
  YESTERDAY        0.00          2.22 1992   0.06  -0.06     0.00
  MONTH TO DATE    4.89                      1.69   3.20     6.54
  SINCE MAR 1      4.89                      1.69   3.20     6.54
  SINCE JAN 1      7.73                      5.16   2.57     8.83

SNOWFALL (IN)
  YESTERDAY        0.0
  MONTH TO DATE    0.0
  SINCE MAR 1      0.0
  SINCE JUL 1      0.0
  SNOW DEPTH       0

DEGREE DAYS
 HEATING
  YESTERDAY        0                         2     -2        0
  MONTH TO DATE   16                        77    -61       21
  SINCE MAR 1     16                        77    -61       21
  SINCE JUL 1    368                       877   -509      640

 COOLING
  YESTERDAY       13                         5      8       12
  MONTH TO DATE  164                        95     69      163
  SINCE MAR 1    164                        95     69      163
  SINCE JAN 1    433                       171    262      240
..................................................................


WIND (MPH)
  HIGHEST WIND SPEED    21   HIGHEST WIND DIRECTION    SE (130)
  HIGHEST GUST SPEED    25   HIGHEST GUST DIRECTION    SE (140)
  AVERAGE WIND SPEED    13.7


SKY COVER
  POSSIBLE SUNSHINE  MM
  AVERAGE SKY COVER 0.6


WEATHER CONDITIONS
 THE FOLLOWING WEATHER WAS RECORDED YESTERDAY.
  FOG


RELATIVE HUMIDITY (PERCENT)
 HIGHEST    93          1200 AM
 LOWEST     65           200 PM
 AVERAGE    79

..........................................................


THE CORPUS CHRISTI CLIMATE NORMALS FOR TODAY
                         NORMAL    RECORD    YEAR
 MAXIMUM TEMPERATURE (F)   78        98      2014
 MINIMUM TEMPERATURE (F)   59        41      1931
                                             1930


SUNRISE AND SUNSET
MARCH 28 2017.........SUNRISE   725 AM CDT   SUNSET   746 PM CDT
MARCH 29 2017.........SUNRISE   723 AM CDT   SUNSET   746 PM CDT


-  INDICATES NEGATIVE NUMBERS.
R  INDICATES RECORD WAS SET OR TIED.
MM INDICATES DATA IS MISSING.
T  INDICATES TRACE AMOUNT.




$$
