000
CDUS44 KCRP 290652
CLICRP

CLIMATE REPORT
NATIONAL WEATHER SERVICE CORPUS CHRISTI TX
152 AM CDT SUN MAR 29 2015


...................................

...THE CORPUS CHRISTI CLIMATE SUMMARY FOR MARCH 28 2015...

CLIMATE NORMAL PERIOD 1981 TO 2010
CLIMATE RECORD PERIOD 1887 TO 2015


WEATHER ITEM   OBSERVED TIME   RECORD YEAR NORMAL DEPARTURE LAST
                VALUE   (LST)  VALUE       VALUE  FROM      YEAR
                                                  NORMAL
..................................................................
TEMPERATURE (F)
 YESTERDAY
  MAXIMUM         80    310 PM  98    2014  78      2       98
  MINIMUM         53    720 AM  41    1931  59     -6       65
                                      1930
  AVERAGE         67                        68     -1       82

PRECIPITATION (IN)
  YESTERDAY        0.00          2.10 1999   0.05  -0.05     0.00
  MONTH TO DATE    6.13                      1.74   4.39     1.65
  SINCE MAR 1      6.13                      1.74   4.39     1.65
  SINCE JAN 1      9.58                      5.21   4.37     2.56

SNOWFALL (IN)
  YESTERDAY        0.0
  MONTH TO DATE    0.0
  SINCE MAR 1      0.0
  SINCE JUL 1      0.0
  SNOW DEPTH       0

DEGREE DAYS
 HEATING
  YESTERDAY        0                         1     -1        0
  MONTH TO DATE  116                        78     38      132
  SINCE MAR 1    116                        78     38      132
  SINCE JUL 1   1053                       878    175     1131

 COOLING
  YESTERDAY        2                         5     -3       17
  MONTH TO DATE   54                       100    -46       68
  SINCE MAR 1     54                       100    -46       68
  SINCE JAN 1     82                       176    -94      145
..................................................................


WIND (MPH)
  HIGHEST WIND SPEED    26   HIGHEST WIND DIRECTION    SE (150)
  HIGHEST GUST SPEED    30   HIGHEST GUST DIRECTION    SE (150)
  AVERAGE WIND SPEED    14.7


SKY COVER
  POSSIBLE SUNSHINE  MM
  AVERAGE SKY COVER 0.0


WEATHER CONDITIONS
 THE FOLLOWING WEATHER WAS RECORDED YESTERDAY.
  NO SIGNIFICANT WEATHER WAS OBSERVED.


RELATIVE HUMIDITY (PERCENT)
 HIGHEST    93          1100 PM
 LOWEST     39           100 PM
 AVERAGE    66

..........................................................


THE CORPUS CHRISTI CLIMATE NORMALS FOR TODAY
                         NORMAL    RECORD    YEAR
 MAXIMUM TEMPERATURE (F)   79        92      2000
                                             1974
 MINIMUM TEMPERATURE (F)   59        40      1894


SUNRISE AND SUNSET
MARCH 29 2015.........SUNRISE   724 AM CDT   SUNSET   746 PM CDT
MARCH 30 2015.........SUNRISE   723 AM CDT   SUNSET   747 PM CDT


-  INDICATES NEGATIVE NUMBERS.
R  INDICATES RECORD WAS SET OR TIED.
MM INDICATES DATA IS MISSING.
T  INDICATES TRACE AMOUNT.




$$
