778
CDUS44 KCRP 220952
CLICRP

CLIMATE REPORT
NATIONAL WEATHER SERVICE CORPUS CHRISTI TX
450 AM CDT FRI MAY 22 2015

...................................

...THE CORPUS CHRISTI CLIMATE SUMMARY FOR MAY 21 2015...

CLIMATE NORMAL PERIOD 1981 TO 2010
CLIMATE RECORD PERIOD 1887 TO 2015


WEATHER ITEM   OBSERVED TIME   RECORD YEAR NORMAL DEPARTURE LAST
                VALUE   (LST)  VALUE       VALUE  FROM      YEAR
                                                  NORMAL
..................................................................
TEMPERATURE (F)
 YESTERDAY
  MAXIMUM         84   1207 PM  98    1955  87     -3       88
  MINIMUM         72    349 PM  59    2009  71      1       72
                                      1986
  AVERAGE         78                        79     -1       80

PRECIPITATION (IN)
  YESTERDAY        4.56          5.57 1941   0.11   4.45     0.00
  MONTH TO DATE   12.68                      1.97  10.71     3.81
  SINCE MAR 1     25.17                      5.70  19.47     5.96
  SINCE JAN 1     28.62                      9.17  19.45     6.87

SNOWFALL (IN)
  YESTERDAY        0.0
  MONTH TO DATE    0.0
  SINCE MAR 1      0.0
  SINCE JUL 1      0.0
  SNOW DEPTH       0

DEGREE DAYS
 HEATING
  YESTERDAY        0                         0      0        0
  MONTH TO DATE    0                         0      0        0
  SINCE MAR 1    116                        98     18      146
  SINCE JUL 1   1053                       898    155     1145

 COOLING
  YESTERDAY       13                        14     -1       15
  MONTH TO DATE  287                       262     25      194
  SINCE MAR 1    643                       614     29      563
  SINCE JAN 1    671                       690    -19      640
..................................................................


WIND (MPH)
  HIGHEST WIND SPEED    25   HIGHEST WIND DIRECTION     E (70)
  HIGHEST GUST SPEED    45   HIGHEST GUST DIRECTION    NE (50)
  AVERAGE WIND SPEED     8.1


SKY COVER
  POSSIBLE SUNSHINE  MM
  AVERAGE SKY COVER 0.9


WEATHER CONDITIONS
 THE FOLLOWING WEATHER WAS RECORDED YESTERDAY.
  THUNDERSTORM
  HEAVY RAIN
  RAIN
  LIGHT RAIN
  FOG


RELATIVE HUMIDITY (PERCENT)
 HIGHEST    94           300 AM
 LOWEST     74           100 PM
 AVERAGE    84

..........................................................


THE CORPUS CHRISTI CLIMATE NORMALS FOR TODAY
                         NORMAL    RECORD    YEAR
 MAXIMUM TEMPERATURE (F)   88        93      2005
 MINIMUM TEMPERATURE (F)   71        57      1988
                                             1967


SUNRISE AND SUNSET
MAY 22 2015...........SUNRISE   637 AM CDT   SUNSET   816 PM CDT
MAY 23 2015...........SUNRISE   637 AM CDT   SUNSET   817 PM CDT


-  INDICATES NEGATIVE NUMBERS.
R  INDICATES RECORD WAS SET OR TIED.
MM INDICATES DATA IS MISSING.
T  INDICATES TRACE AMOUNT.

$$

87
