000
CDUS44 KCRP 230059
CLICRP

CLIMATE REPORT
NATIONAL WEATHER SERVICE CORPUS CHRISTI TX
758 PM CDT TUE JUL 22 2014


...................................

...THE CORPUS CHRISTI CLIMATE SUMMARY FOR JULY 22 2014...
VALID TODAY AS OF 700 PM LOCAL TIME.

CLIMATE NORMAL PERIOD 1981 TO 2010
CLIMATE RECORD PERIOD 1887 TO 2014


WEATHER ITEM   OBSERVED TIME   RECORD YEAR NORMAL DEPARTURE LAST
                VALUE   (LST)  VALUE       VALUE  FROM      YEAR
                                                  NORMAL
..................................................................
TEMPERATURE (F)
 TODAY
  MAXIMUM         97    323 PM 100    1980  94      3       94
  MINIMUM         77    524 AM  71    2008  75      2       81
  AVERAGE         87                        84      3       88

PRECIPITATION (IN)
  TODAY            0.00          1.30 1980   0.07  -0.07     0.00
  MONTH TO DATE    0.67                      2.24  -1.57     2.73
  SINCE JUN 1      2.08                      5.60  -3.52     5.07
  SINCE JAN 1      9.18                     15.87  -6.69     9.80

SNOWFALL (IN)
  TODAY            0.0
  MONTH TO DATE    0.0
  SINCE JUN 1      0.0
  SINCE JUL 1      0.0
  SNOW DEPTH       0

DEGREE DAYS
 HEATING
  TODAY            0                         0      0        0
  MONTH TO DATE    0                         0      0        0
  SINCE JUN 1      0                         0      0        0
  SINCE JUL 1      0                         0      0        0

 COOLING
  TODAY           22                        19      3       23
  MONTH TO DATE  429                       414     15      453
  SINCE JUN 1   1036                       936    100     1111
  SINCE JAN 1   1842                      1777     65     2129
..................................................................


WIND (MPH)
  HIGHEST WIND SPEED    21   HIGHEST WIND DIRECTION    SE (130)
  HIGHEST GUST SPEED    25   HIGHEST GUST DIRECTION    SE (140)


SKY COVER
  POSSIBLE SUNSHINE  MM
  AVERAGE SKY COVER 0.5


WEATHER CONDITIONS
 THE FOLLOWING WEATHER WAS RECORDED TODAY.
  NO SIGNIFICANT WEATHER WAS OBSERVED.


RELATIVE HUMIDITY (PERCENT)
 HIGHEST    97           600 AM
 LOWEST     46          1200 PM
 AVERAGE    72

..........................................................


THE CORPUS CHRISTI CLIMATE NORMALS FOR TOMORROW
                         NORMAL    RECORD    YEAR
 MAXIMUM TEMPERATURE (F)   94        98      2009
                                             2000
                                             1996
 MINIMUM TEMPERATURE (F)   75        68      1989


SUNRISE AND SUNSET
JULY 22 2014..........SUNRISE   648 AM CDT   SUNSET   825 PM CDT
JULY 23 2014..........SUNRISE   648 AM CDT   SUNSET   825 PM CDT


-  INDICATES NEGATIVE NUMBERS.
R  INDICATES RECORD WAS SET OR TIED.
MM INDICATES DATA IS MISSING.
T  INDICATES TRACE AMOUNT.




$$
