000
CDUS44 KCRP 220036
CLICRP

CLIMATE REPORT
NATIONAL WEATHER SERVICE CORPUS CHRISTI TX
735 PM CDT FRI JUL 21 2017


...................................

...THE CORPUS CHRISTI CLIMATE SUMMARY FOR JULY 21 2017...
VALID TODAY AS OF 700 PM LOCAL TIME.

CLIMATE NORMAL PERIOD 1981 TO 2010
CLIMATE RECORD PERIOD 1887 TO 2017


WEATHER ITEM   OBSERVED TIME   RECORD YEAR NORMAL DEPARTURE LAST
                VALUE   (LST)  VALUE       VALUE  FROM      YEAR
                                                  NORMAL
..................................................................
TEMPERATURE (F)
 TODAY
  MAXIMUM         95    144 PM 100    2012  94      1       94
  MINIMUM         74    548 AM  68    2008  75     -1       76
  AVERAGE         85                        84      1       85

PRECIPITATION (IN)
  TODAY            0.00          1.59 1916   0.06  -0.06     0.00
  MONTH TO DATE    1.27                      2.17  -0.90      T
  SINCE JUN 1      3.20                      5.53  -2.33     2.95
  SINCE JAN 1     16.47                     15.80   0.67    21.17

SNOWFALL (IN)
  TODAY            0.0
  MONTH TO DATE    0.0
  SINCE JUN 1      0.0
  SINCE JUL 1      0.0
  SNOW DEPTH       0

DEGREE DAYS
 HEATING
  TODAY            0                         0      0        0
  MONTH TO DATE    0                         0      0        0
  SINCE JUN 1      0                         0      0        0
  SINCE JUL 1      0                         0      0        0

 COOLING
  TODAY           20                        19      1       20
  MONTH TO DATE  395                       395      0      451
  SINCE JUN 1    967                       917     50     1011
  SINCE JAN 1   2157                      1758    399     2047
..................................................................


WIND (MPH)
  HIGHEST WIND SPEED    20   HIGHEST WIND DIRECTION    SE (150)
  HIGHEST GUST SPEED    26   HIGHEST GUST DIRECTION    SE (130)


SKY COVER
  POSSIBLE SUNSHINE  MM
  AVERAGE SKY COVER 0.3


WEATHER CONDITIONS
 THE FOLLOWING WEATHER WAS RECORDED TODAY.
  FOG


RELATIVE HUMIDITY (PERCENT)
 HIGHEST   100           100 AM
 LOWEST     52          1200 PM
 AVERAGE    76

..........................................................


THE CORPUS CHRISTI CLIMATE NORMALS FOR TOMORROW
                         NORMAL    RECORD    YEAR
 MAXIMUM TEMPERATURE (F)   94       100      1980
 MINIMUM TEMPERATURE (F)   75        71      2008


SUNRISE AND SUNSET
JULY 21 2017..........SUNRISE   647 AM CDT   SUNSET   825 PM CDT
JULY 22 2017..........SUNRISE   648 AM CDT   SUNSET   825 PM CDT


-  INDICATES NEGATIVE NUMBERS.
R  INDICATES RECORD WAS SET OR TIED.
MM INDICATES DATA IS MISSING.
T  INDICATES TRACE AMOUNT.




$$
