000
CDUS41 KRLX 302122
CLICRW


CLIMATE REPORT
NATIONAL WEATHER SERVICE CHARLESTON WV
520 PM EDT MON MAR 30 2015


...................................

...THE CHARLESTON WV CLIMATE SUMMARY FOR MARCH 30 2015...
VALID TODAY AS OF 0500 PM LOCAL TIME.

CLIMATE NORMAL PERIOD 1981 TO 2010
CLIMATE RECORD PERIOD 1901 TO 2015


WEATHER ITEM   OBSERVED TIME   RECORD YEAR NORMAL DEPARTURE LAST
                VALUE   (LST)  VALUE       VALUE  FROM      YEAR
                                                  NORMAL
..................................................................
TEMPERATURE (F)
 TODAY
  MAXIMUM         61    353 PM  87    1998  62     -1       52
  MINIMUM         46    653 AM  20    1964  40      6       32
                                      1923
  AVERAGE         54                        51      3       42

PRECIPITATION (IN)
  TODAY            0.02          0.99 1951   0.11  -0.09     0.22
  MONTH TO DATE    5.77                      3.79   1.98     3.70
  SINCE MAR 1      5.77                      3.79   1.98     3.70
  SINCE JAN 1     10.97                      9.98   0.99    10.76

DEGREE DAYS
 HEATING
  TODAY           11                        15     -4       23
  MONTH TO DATE  603                       585     18      700
  SINCE MAR 1    603                       585     18      700
  SINCE JUL 1   4508                      4039    469     4467

 COOLING
  TODAY            0                         0      0        0
  MONTH TO DATE    0                         0      0        0
  SINCE MAR 1      0                         0      0        0
  SINCE JAN 1      0                         0      0        0
..................................................................


WIND (MPH)
  HIGHEST WIND SPEED    23   HIGHEST WIND DIRECTION    NW (310)
  HIGHEST GUST SPEED    32   HIGHEST GUST DIRECTION    NW (310)
  AVERAGE WIND SPEED    12.8


SKY COVER
  POSSIBLE SUNSHINE  MM
  AVERAGE SKY COVER 0.6


WEATHER CONDITIONS
 THE FOLLOWING WEATHER WAS RECORDED TODAY.
  RAIN
  LIGHT RAIN
  FOG


RELATIVE HUMIDITY (PERCENT)
 HIGHEST    80           800 AM
 LOWEST     23           400 PM
 AVERAGE    52

..........................................................


THE CHARLESTON WV CLIMATE NORMALS FOR TOMORROW
                         NORMAL    RECORD    YEAR
 MAXIMUM TEMPERATURE (F)   62        87      1998
 MINIMUM TEMPERATURE (F)   40        17      1923


SUNRISE AND SUNSET
MARCH 30 2015.........SUNRISE   715 AM EDT   SUNSET   748 PM EDT
MARCH 31 2015.........SUNRISE   713 AM EDT   SUNSET   749 PM EDT


-  INDICATES NEGATIVE NUMBERS.
R  INDICATES RECORD WAS SET OR TIED.
MM INDICATES DATA IS MISSING.
T  INDICATES TRACE AMOUNT.




$$
