385
CDUS41 KRLX 080820
CLICRW


CLIMATE REPORT
NATIONAL WEATHER SERVICE CHARLESTON WV
318 AM EST MON FEB 8 2016


...................................

...THE CHARLESTON WV CLIMATE SUMMARY FOR FEBRUARY 7 2016...

CLIMATE NORMAL PERIOD 1981 TO 2010
CLIMATE RECORD PERIOD 1901 TO 2016


WEATHER ITEM   OBSERVED TIME   RECORD YEAR NORMAL DEPARTURE LAST
                VALUE   (LST)  VALUE       VALUE  FROM      YEAR
                                                  NORMAL
..................................................................
TEMPERATURE (F)
 YESTERDAY
  MAXIMUM         54    357 PM  70    1925  45      9       58
                                      1904
  MINIMUM         24    756 AM   0    1977  28     -4       25
  AVERAGE         39                        36      3       42

PRECIPITATION (IN)
  YESTERDAY        0.00          0.82 1951   0.10  -0.10     0.00
  MONTH TO DATE    0.73                      0.75  -0.02     0.63
  SINCE JAN 1      3.27                      3.75  -0.48     2.86

SNOWFALL (IN)
  YESTERDAY        0.0
  MONTH TO DATE    T
  SINCE SEP 1     21.7
  SNOW DEPTH       0

DEGREE DAYS
 HEATING
  YESTERDAY       26                        29     -3       23
  MONTH TO DATE  149                       205    -56      217
  SINCE DEC 1   1670                      2009   -339     1984
  SINCE JUL 1   2322                      2893   -571     3027

 COOLING
  YESTERDAY        0                         0      0        0
  MONTH TO DATE    0                         0      0        0
  SINCE DEC 1      0                         1     -1        0
  SINCE JAN 1      0                         0      0        0
..................................................................


WIND (MPH)
  HIGHEST WIND SPEED     9   HIGHEST WIND DIRECTION     W (290)
  HIGHEST GUST SPEED    13   HIGHEST GUST DIRECTION     W (290)
  AVERAGE WIND SPEED     1.4


SKY COVER
  POSSIBLE SUNSHINE  MM
  AVERAGE SKY COVER 0.2


WEATHER CONDITIONS
 THE FOLLOWING WEATHER WAS RECORDED YESTERDAY.
  NO SIGNIFICANT WEATHER WAS OBSERVED.


RELATIVE HUMIDITY (PERCENT)
 HIGHEST    88           600 AM
 LOWEST     28           500 PM
 AVERAGE    58

..........................................................


THE CHARLESTON WV CLIMATE NORMALS FOR TODAY
                         NORMAL    RECORD    YEAR
 MAXIMUM TEMPERATURE (F)   45        77      1937
 MINIMUM TEMPERATURE (F)   28         0      1977
                                             1967


SUNRISE AND SUNSET
FEBRUARY  8 2016......SUNRISE   725 AM EST   SUNSET   556 PM EST
FEBRUARY  9 2016......SUNRISE   724 AM EST   SUNSET   557 PM EST


-  INDICATES NEGATIVE NUMBERS.
R  INDICATES RECORD WAS SET OR TIED.
MM INDICATES DATA IS MISSING.
T  INDICATES TRACE AMOUNT.




$$
