000
CDUS41 KRLX 050820
CLICRW


CLIMATE REPORT
NATIONAL WEATHER SERVICE CHARLESTON WV
319 AM EST MON DEC 5 2016


...................................

...THE CHARLESTON WV CLIMATE SUMMARY FOR DECEMBER 4 2016...

CLIMATE NORMAL PERIOD 1981 TO 2010
CLIMATE RECORD PERIOD 1901 TO 2016


WEATHER ITEM   OBSERVED TIME   RECORD YEAR NORMAL DEPARTURE LAST
                VALUE   (LST)  VALUE       VALUE  FROM      YEAR
                                                  NORMAL
..................................................................
TEMPERATURE (F)
 YESTERDAY
  MAXIMUM         48   1159 PM  76    1982  49     -1       48
  MINIMUM         32    532 AM   9    1966  32      0       27
  AVERAGE         40                        40      0       38

PRECIPITATION (IN)
  YESTERDAY        0.11          1.45 1993   0.11   0.00     0.00
  MONTH TO DATE    0.11                      0.45  -0.34     2.06
  SINCE JAN 1     38.21                     41.21  -3.00    44.98

SNOWFALL (IN)
  YESTERDAY        0.0
  MONTH TO DATE    0.0
  SINCE SEP 1      0.1
  SNOW DEPTH       0

DEGREE DAYS
 HEATING
  YESTERDAY       25                        25      0       27
  MONTH TO DATE   99                        97      2       84
  SINCE DEC 1     99                        97      2       84
  SINCE JUL 1    753                       981   -228      736

 COOLING
  YESTERDAY        0                         0      0        0
  MONTH TO DATE    0                         0      0        0
  SINCE DEC 1      0                         0      0        0
  SINCE JAN 1   1473                      1096    377     1266
..................................................................


WIND (MPH)
  HIGHEST WIND SPEED    13   HIGHEST WIND DIRECTION    SW (240)
  HIGHEST GUST SPEED    17   HIGHEST GUST DIRECTION    SW (240)
  AVERAGE WIND SPEED     3.2


SKY COVER
  POSSIBLE SUNSHINE  MM
  AVERAGE SKY COVER 1.0


WEATHER CONDITIONS
 THE FOLLOWING WEATHER WAS RECORDED YESTERDAY.
  RAIN
  LIGHT RAIN
  FOG


RELATIVE HUMIDITY (PERCENT)
 HIGHEST    93          1100 PM
 LOWEST     53           200 PM
 AVERAGE    73

..........................................................


THE CHARLESTON WV CLIMATE NORMALS FOR TODAY
                         NORMAL    RECORD    YEAR
 MAXIMUM TEMPERATURE (F)   49        77      2001
 MINIMUM TEMPERATURE (F)   32        13      1974


SUNRISE AND SUNSET
DECEMBER  5 2016......SUNRISE   729 AM EST   SUNSET   506 PM EST
DECEMBER  6 2016......SUNRISE   730 AM EST   SUNSET   506 PM EST


-  INDICATES NEGATIVE NUMBERS.
R  INDICATES RECORD WAS SET OR TIED.
MM INDICATES DATA IS MISSING.
T  INDICATES TRACE AMOUNT.




$$
