000
CDUS41 KRLX 302116
CLICRW


CLIMATE REPORT
NATIONAL WEATHER SERVICE CHARLESTON WV
516 PM EDT SAT AUG 30 2014


...................................

...THE CHARLESTON WV CLIMATE SUMMARY FOR AUGUST 30 2014...
VALID TODAY AS OF 0500 PM LOCAL TIME.

CLIMATE NORMAL PERIOD 1981 TO 2010
CLIMATE RECORD PERIOD 1901 TO 2014


WEATHER ITEM   OBSERVED TIME   RECORD YEAR NORMAL DEPARTURE LAST
                VALUE   (LST)  VALUE       VALUE  FROM      YEAR
                                                  NORMAL
..................................................................
TEMPERATURE (F)
 TODAY
  MAXIMUM         91    237 PM 100    1953  83      8       88
                                      1947
                                      1928
  MINIMUM         69    615 AM  44    1986  62      7       67
  AVERAGE         80                        73      7       78

PRECIPITATION (IN)
  TODAY            0.00          2.05 1911   0.11  -0.11     0.00
  MONTH TO DATE    3.39                      3.63  -0.24     4.12
  SINCE JUN 1     15.37                     12.86   2.51    18.61
  SINCE JAN 1     31.49                     31.00   0.49    34.04

DEGREE DAYS
 HEATING
  TODAY            0                         0      0        0
  MONTH TO DATE    0                         0      0        3
  SINCE JUN 1      0                        13    -13        3
  SINCE JUL 1      0                         0      0        3

 COOLING
  TODAY           15                         8      7       13
  MONTH TO DATE  254                       283    -29      251
  SINCE JUN 1    776                       827    -51      809
  SINCE JAN 1    897                       937    -40      956
..................................................................


WIND (MPH)
  HIGHEST WIND SPEED    13   HIGHEST WIND DIRECTION     S (190)
  HIGHEST GUST SPEED    17   HIGHEST GUST DIRECTION    SW (220)
  AVERAGE WIND SPEED     4.7


SKY COVER
  POSSIBLE SUNSHINE  MM
  AVERAGE SKY COVER 0.6


WEATHER CONDITIONS
 THE FOLLOWING WEATHER WAS RECORDED TODAY.
  FOG


RELATIVE HUMIDITY (PERCENT)
 HIGHEST   100          1200 AM
 LOWEST     44           200 PM
 AVERAGE    72

..........................................................


THE CHARLESTON WV CLIMATE NORMALS FOR TOMORROW
                         NORMAL    RECORD    YEAR
 MAXIMUM TEMPERATURE (F)   83       100      1932
 MINIMUM TEMPERATURE (F)   62        45      1976


SUNRISE AND SUNSET
AUGUST 30 2014........SUNRISE   654 AM EDT   SUNSET   759 PM EDT
AUGUST 31 2014........SUNRISE   655 AM EDT   SUNSET   758 PM EDT


-  INDICATES NEGATIVE NUMBERS.
R  INDICATES RECORD WAS SET OR TIED.
MM INDICATES DATA IS MISSING.
T  INDICATES TRACE AMOUNT.




$$
