000
CDUS41 KRLX 270821
CLICRW


CLIMATE REPORT
NATIONAL WEATHER SERVICE CHARLESTON WV
321 AM EST MON FEB 27 2017


...................................

...THE CHARLESTON WV CLIMATE SUMMARY FOR FEBRUARY 26 2017...

CLIMATE NORMAL PERIOD 1981 TO 2010
CLIMATE RECORD PERIOD 1901 TO 2017


WEATHER ITEM   OBSERVED TIME   RECORD YEAR NORMAL DEPARTURE LAST
                VALUE   (LST)  VALUE       VALUE  FROM      YEAR
                                                  NORMAL
..................................................................
TEMPERATURE (F)
 YESTERDAY
  MAXIMUM         47    407 PM  80    1930  50     -3       34
  MINIMUM         30    751 AM   3    1967  31     -1       28
  AVERAGE         39                        40     -1       31

PRECIPITATION (IN)
  YESTERDAY        0.00          1.49 1945   0.11  -0.11      T
  MONTH TO DATE    1.68                      2.94  -1.26     3.59
  SINCE JAN 1      6.45                      5.94   0.51     6.13

SNOWFALL (IN)
  YESTERDAY        0.0
  MONTH TO DATE    T
  SINCE SEP 1      7.5
  SNOW DEPTH       0

DEGREE DAYS
 HEATING
  YESTERDAY       26                        25      1       34
  MONTH TO DATE  491                       717   -226      706
  SINCE DEC 1   2012                      2521   -509     2227
  SINCE JUL 1   2666                      3405   -739     2879

 COOLING
  YESTERDAY        0                         0      0        0
  MONTH TO DATE    0                         0      0        0
  SINCE DEC 1      0                         1     -1        0
  SINCE JAN 1      0                         0      0        0
..................................................................


WIND (MPH)
  HIGHEST WIND SPEED    18   HIGHEST WIND DIRECTION     W (250)
  HIGHEST GUST SPEED    25   HIGHEST GUST DIRECTION    SW (210)
  AVERAGE WIND SPEED     5.2


SKY COVER
  POSSIBLE SUNSHINE  MM
  AVERAGE SKY COVER 0.4


WEATHER CONDITIONS
 THE FOLLOWING WEATHER WAS RECORDED YESTERDAY.
  NO SIGNIFICANT WEATHER WAS OBSERVED.


RELATIVE HUMIDITY (PERCENT)
 HIGHEST    59          1100 PM
 LOWEST     21           500 PM
 AVERAGE    40

..........................................................


THE CHARLESTON WV CLIMATE NORMALS FOR TODAY
                         NORMAL    RECORD    YEAR
 MAXIMUM TEMPERATURE (F)   50        77      1932
 MINIMUM TEMPERATURE (F)   31         1      1963


SUNRISE AND SUNSET
FEBRUARY 27 2017......SUNRISE   701 AM EST   SUNSET   618 PM EST
FEBRUARY 28 2017......SUNRISE   659 AM EST   SUNSET   619 PM EST


-  INDICATES NEGATIVE NUMBERS.
R  INDICATES RECORD WAS SET OR TIED.
MM INDICATES DATA IS MISSING.
T  INDICATES TRACE AMOUNT.




$$
