000
CDUS41 KRLX 200818
CLICRW


CLIMATE REPORT
NATIONAL WEATHER SERVICE CHARLESTON WV
317 AM EST SAT DEC 20 2014


...................................

...THE CHARLESTON WV CLIMATE SUMMARY FOR DECEMBER 19 2014...

CLIMATE NORMAL PERIOD 1981 TO 2010
CLIMATE RECORD PERIOD 1901 TO 2014


WEATHER ITEM   OBSERVED TIME   RECORD YEAR NORMAL DEPARTURE LAST
                VALUE   (LST)  VALUE       VALUE  FROM      YEAR
                                                  NORMAL
..................................................................
TEMPERATURE (F)
 YESTERDAY
  MAXIMUM         32    311 PM  70    1939  44    -12       61
                                      1929
  MINIMUM         28    822 AM   5    1916  28      0       25
  AVERAGE         30                        36     -6       43

PRECIPITATION (IN)
  YESTERDAY        T             0.89 2009   0.10  -0.10     0.00
  MONTH TO DATE    2.30                      2.06   0.24     4.17
  SINCE JAN 1     45.66                     42.82   2.84    45.14

SNOWFALL (IN)
  YESTERDAY        T
  MONTH TO DATE    T
  SINCE SEP 1      1.0
  SNOW DEPTH       0

DEGREE DAYS
 HEATING
  YESTERDAY       35                        29      6       22
  MONTH TO DATE  476                       500    -24      505
  SINCE DEC 1    476                       500    -24      505
  SINCE JUL 1   1519                      1384    135     1462

 COOLING
  YESTERDAY        0                         0      0        0
  MONTH TO DATE    0                         0      0        0
  SINCE DEC 1      0                         0      0        0
  SINCE JAN 1   1049                      1096    -47     1121
..................................................................


WIND (MPH)
  HIGHEST WIND SPEED     6   HIGHEST WIND DIRECTION     E (70)
  HIGHEST GUST SPEED     7   HIGHEST GUST DIRECTION    NW (320)
  AVERAGE WIND SPEED     2.4


SKY COVER
  POSSIBLE SUNSHINE  MM
  AVERAGE SKY COVER 1.0


WEATHER CONDITIONS
 THE FOLLOWING WEATHER WAS RECORDED YESTERDAY.
  LIGHT SNOW


RELATIVE HUMIDITY (PERCENT)
 HIGHEST    75           200 AM
 LOWEST     69          1200 AM
 AVERAGE    72

..........................................................


THE CHARLESTON WV CLIMATE NORMALS FOR TODAY
                         NORMAL    RECORD    YEAR
 MAXIMUM TEMPERATURE (F)   44        67      1949
 MINIMUM TEMPERATURE (F)   28        -2      1942


SUNRISE AND SUNSET
DECEMBER 20 2014......SUNRISE   739 AM EST   SUNSET   509 PM EST
DECEMBER 21 2014......SUNRISE   740 AM EST   SUNSET   509 PM EST


-  INDICATES NEGATIVE NUMBERS.
R  INDICATES RECORD WAS SET OR TIED.
MM INDICATES DATA IS MISSING.
T  INDICATES TRACE AMOUNT.




$$
