687
CDUS41 KRLX 240824 CCA
CLICRW

CLIMATE REPORT
NATIONAL WEATHER SERVICE CHARLESTON WV
415 AM EDT SUN JUL 24 2016


...................................

...THE CHARLESTON WV CLIMATE SUMMARY FOR JULY 23 2016...

CLIMATE NORMAL PERIOD 1981 TO 2010
CLIMATE RECORD PERIOD 1901 TO 2016


WEATHER ITEM   OBSERVED TIME   RECORD YEAR NORMAL DEPARTURE LAST
                VALUE   (LST)  VALUE       VALUE  FROM      YEAR
                                                  NORMAL
..................................................................
TEMPERATURE (F)
 YESTERDAY
  MAXIMUM         94    341 PM  99    1930  85      9       85
                                      1926
                                      1920
  MINIMUM         67    559 AM  49    1947  66      1       62
  AVERAGE         81                        76      5       74

PRECIPITATION (IN)
  YESTERDAY        0.00          2.33 1938   0.16  -0.16     0.00
  MONTH TO DATE    2.68                      3.66  -0.98     7.02
  SINCE JAN 1     24.30                     26.09  -1.79    32.20

SNOWFALL (IN)
  YESTERDAY        0.0
  MONTH TO DATE    0.0
  SINCE SEP 1     33.5
  SNOW DEPTH       0

DEGREE DAYS
 HEATING
  YESTERDAY        0                         0      0        0
  MONTH TO DATE    0                         0      0        0
  SINCE JUN 1      3                        13    -10        8
  SINCE JUL 1      0                         0      0        0

 COOLING
  YESTERDAY       16                        10      6        9
  MONTH TO DATE  258                       245     13      234
  SINCE JUN 1    513                       465     48      521
  SINCE JAN 1    643                       575     68      710
..................................................................


WIND (MPH)
  HIGHEST WIND SPEED    10   HIGHEST WIND DIRECTION    NW (330)
  HIGHEST GUST SPEED    14   HIGHEST GUST DIRECTION    NW (300)
  AVERAGE WIND SPEED     1.6


SKY COVER
  POSSIBLE SUNSHINE  MM
  AVERAGE SKY COVER 0.4


WEATHER CONDITIONS
 THE FOLLOWING WEATHER WAS RECORDED YESTERDAY.
  FOG
  FOG W/VISIBILITY <= 1/4 MILE


RELATIVE HUMIDITY (PERCENT)
 HIGHEST   100           600 AM
 LOWEST     46           400 PM
 AVERAGE    73

..........................................................


THE CHARLESTON WV CLIMATE NORMALS FOR TODAY
                         NORMAL    RECORD    YEAR
 MAXIMUM TEMPERATURE (F)   85       104      1934
 MINIMUM TEMPERATURE (F)   66        50      1947


SUNRISE AND SUNSET
JULY 24 2016..........SUNRISE   622 AM EDT   SUNSET   843 PM EDT
JULY 25 2016..........SUNRISE   623 AM EDT   SUNSET   842 PM EDT


-  INDICATES NEGATIVE NUMBERS.
R  INDICATES RECORD WAS SET OR TIED.
MM INDICATES DATA IS MISSING.
T  INDICATES TRACE AMOUNT.




$$
