000
CDUS42 KFFC 010820
CLICSG


CLIMATE REPORT
NATIONAL WEATHER SERVICE PEACHTREE CITY GA
420 AM EDT SAT AUG 1 2015


...................................

...THE COLUMBUS CLIMATE SUMMARY FOR JULY 31 2015...

CLIMATE NORMAL PERIOD 1981 TO 2010
CLIMATE RECORD PERIOD 1948 TO 2015


WEATHER ITEM   OBSERVED TIME   RECORD YEAR NORMAL DEPARTURE LAST
                VALUE   (LST)  VALUE       VALUE  FROM      YEAR
                                                  NORMAL
..................................................................
TEMPERATURE (F)
 YESTERDAY
  MAXIMUM         97    320 PM 104    1986  92      5       89
  MINIMUM         74    427 PM  66    1997  73      1       67
  AVERAGE         86                        83      3       78

PRECIPITATION (IN)
  YESTERDAY        0.28          1.68 1978   0.15   0.13     0.00
  MONTH TO DATE    2.24                      4.76  -2.52     4.49
  SINCE JUN 1      6.31                      8.48  -2.17     8.70
  SINCE JAN 1     25.79                     28.97  -3.18    34.49

DEGREE DAYS
 HEATING
  YESTERDAY        0                         0      0        0
  MONTH TO DATE    0                         0      0        0
  SINCE JUN 1      0                         0      0        0
  SINCE JUL 1      0                         0      0        0

 COOLING
  YESTERDAY       21                        18      3       13
  MONTH TO DATE  589                       544     45      482
  SINCE JUN 1   1061                       990     71      941
  SINCE JAN 1   1507                      1348    159     1277
..................................................................


WIND (MPH)
  HIGHEST WIND SPEED    26   HIGHEST WIND DIRECTION    SE (120)
  HIGHEST GUST SPEED    33   HIGHEST GUST DIRECTION    SE (120)
  AVERAGE WIND SPEED     3.8


SKY COVER
  AVERAGE SKY COVER 0.3


WEATHER CONDITIONS
 THE FOLLOWING WEATHER WAS RECORDED YESTERDAY.
  THUNDERSTORM
  HEAVY RAIN
  LIGHT RAIN
  FOG


RELATIVE HUMIDITY (PERCENT)
 HIGHEST    94           700 PM
 LOWEST     45           300 PM
 AVERAGE    70

..........................................................


THE COLUMBUS CLIMATE NORMALS FOR TODAY
                         NORMAL    RECORD    YEAR
 MAXIMUM TEMPERATURE (F)   92       103      1986
 MINIMUM TEMPERATURE (F)   73        62      1997


SUNRISE AND SUNSET
AUGUST  1 2015........SUNRISE   654 AM EDT   SUNSET   838 PM EDT
AUGUST  2 2015........SUNRISE   655 AM EDT   SUNSET   837 PM EDT


-  INDICATES NEGATIVE NUMBERS.
R  INDICATES RECORD WAS SET OR TIED.
MM INDICATES DATA IS MISSING.
T  INDICATES TRACE AMOUNT.




$$
