000
CDUS42 KFFC 080922
CLICSG


CLIMATE REPORT
NATIONAL WEATHER SERVICE PEACHTREE CITY GA
422 AM EST THU DEC 8 2016


...................................

...THE COLUMBUS CLIMATE SUMMARY FOR DECEMBER 7 2016...

CLIMATE NORMAL PERIOD 1981 TO 2010
CLIMATE RECORD PERIOD 1948 TO 2016


WEATHER ITEM   OBSERVED TIME   RECORD YEAR NORMAL DEPARTURE LAST
                VALUE   (LST)  VALUE       VALUE  FROM      YEAR
                                                  NORMAL
..................................................................
TEMPERATURE (F)
 YESTERDAY
  MAXIMUM         57    125 PM  79    1978  61     -4       70
  MINIMUM         49    748 AM  16    1937  40      9       43
  AVERAGE         53                        51      2       57

PRECIPITATION (IN)
  YESTERDAY        0.00          2.48 1936   0.14  -0.14     0.00
  MONTH TO DATE    1.97                      1.06   0.91     0.14
  SINCE DEC 1      1.97                      1.06   0.91     0.14
  SINCE JAN 1     32.74                     43.54 -10.80    45.86

SNOWFALL (IN)
  YESTERDAY        0.0           0.0  2001   0.0    0.0      0.0
  MONTH TO DATE    0.0                       0.0    0.0      0.0
  SINCE DEC 1      0.0                       0.0    0.0      0.0
  SINCE JUL 1      0.0                       0.0    0.0      0.0
  SNOW DEPTH       0

DEGREE DAYS
 HEATING
  YESTERDAY       12                        14     -2        8
  MONTH TO DATE   86                        95     -9       66
  SINCE DEC 1     86                        95     -9       66
  SINCE JUL 1    273                       427   -154      262

 COOLING
  YESTERDAY        0                         0      0        0
  MONTH TO DATE    0                         0      0        1
  SINCE DEC 1      0                         0      0        1
  SINCE JAN 1   2755                      2364    391     2490
..................................................................


WIND (MPH)
  HIGHEST WIND SPEED    13   HIGHEST WIND DIRECTION    NW (300)
  HIGHEST GUST SPEED    16   HIGHEST GUST DIRECTION     W (250)
  AVERAGE WIND SPEED     6.1


SKY COVER
  AVERAGE SKY COVER 0.9


WEATHER CONDITIONS
 THE FOLLOWING WEATHER WAS RECORDED YESTERDAY.
  NO SIGNIFICANT WEATHER WAS OBSERVED.


RELATIVE HUMIDITY (PERCENT)
 HIGHEST    86           800 AM
 LOWEST     66          1200 PM
 AVERAGE    76

..........................................................


THE COLUMBUS CLIMATE NORMALS FOR TODAY
                         NORMAL    RECORD    YEAR
 MAXIMUM TEMPERATURE (F)   61        81      1926
 MINIMUM TEMPERATURE (F)   40        22      2006
                                             1937


SUNRISE AND SUNSET
DECEMBER  8 2016......SUNRISE   729 AM EST   SUNSET   534 PM EST
DECEMBER  9 2016......SUNRISE   730 AM EST   SUNSET   534 PM EST


-  INDICATES NEGATIVE NUMBERS.
R  INDICATES RECORD WAS SET OR TIED.
MM INDICATES DATA IS MISSING.
T  INDICATES TRACE AMOUNT.




$$
