000
CDUS42 KFFC 010030
CLICSG


CLIMATE REPORT
NATIONAL WEATHER SERVICE PEACHTREE CITY GA
830 PM EDT TUE JUN 30 2015


...................................

...THE COLUMBUS CLIMATE SUMMARY FOR JUNE 30 2015...
VALID AS OF 0800 PM LOCAL TIME.

CLIMATE NORMAL PERIOD 1981 TO 2010
CLIMATE RECORD PERIOD 1948 TO 2015


WEATHER ITEM   OBSERVED TIME   RECORD YEAR NORMAL DEPARTURE LAST
                VALUE   (LST)  VALUE       VALUE  FROM      YEAR
                                                  NORMAL
..................................................................
TEMPERATURE (F)
 TODAY
  MAXIMUM         87    416 PM 106    2012  92     -5       93
  MINIMUM         71    600 AM  61    1958  72     -1       71
                                      1955
  AVERAGE         79                        82     -3       82

PRECIPITATION (IN)
  TODAY            0.09          1.83 1967   0.13  -0.04     0.07
  MONTH TO DATE    4.07                      3.72   0.35     4.21
  SINCE JUN 1      4.07                      3.72   0.35     4.21
  SINCE JAN 1     23.55                     24.21  -0.66    30.00

DEGREE DAYS
 COOLING
  TODAY           14                        17     -3       17
  MONTH TO DATE  472                       446     26      459
  SINCE JUN 1    472                       446     26      459
  SINCE JAN 1    918                       804    114      795
..................................................................


WIND (MPH)
  HIGHEST WIND SPEED    22   HIGHEST WIND DIRECTION     W (270)
  HIGHEST GUST SPEED    28   HIGHEST GUST DIRECTION     W (270)
  AVERAGE WIND SPEED     7.3


SKY COVER
  AVERAGE SKY COVER 0.2


WEATHER CONDITIONS
 THE FOLLOWING WEATHER WAS RECORDED TODAY.
  LIGHT RAIN
  FOG


RELATIVE HUMIDITY (PERCENT)
 HIGHEST    93           500 AM
 LOWEST     43           200 PM

..........................................................


THE COLUMBUS CLIMATE NORMALS FOR TOMORROW
                         NORMAL    RECORD
 MAXIMUM TEMPERATURE (F)   92       105
 MINIMUM TEMPERATURE (F)   72        59


SUNRISE AND SUNSET
JUNE 30 2015..........SUNRISE   636 AM EDT   SUNSET   851 PM EDT
JULY  1 2015..........SUNRISE   636 AM EDT   SUNSET   851 PM EDT


-  INDICATES NEGATIVE NUMBERS.
R  INDICATES RECORD WAS SET OR TIED.
MM INDICATES DATA IS MISSING.
T  INDICATES TRACE AMOUNT.




$$
