000
CDUS42 KFFC 190022
CLICSG


CLIMATE REPORT
NATIONAL WEATHER SERVICE PEACHTREE CITY GA
722 PM EST SUN FEB 18 2018


...................................

...THE COLUMBUS CLIMATE SUMMARY FOR FEBRUARY 18 2018...
VALID AS OF 0700 PM LOCAL TIME.

CLIMATE NORMAL PERIOD 1981 TO 2010
CLIMATE RECORD PERIOD 1948 TO 2018


WEATHER ITEM   OBSERVED TIME   RECORD YEAR NORMAL DEPARTURE LAST
                VALUE   (LST)  VALUE       VALUE  FROM      YEAR
                                                  NORMAL
..................................................................
TEMPERATURE (F)
 TODAY
  MAXIMUM         73    545 PM  84    1927  63     10       61
  MINIMUM         61    944 AM  12    1958  41     20       48
  AVERAGE         67                        52     15       55

PRECIPITATION (IN)
  TODAY            T             3.01 1917   0.17  -0.17     0.07
  MONTH TO DATE    2.69                      2.79  -0.10     1.28
  SINCE DEC 1      6.84                     10.91  -4.07    17.13
  SINCE JAN 1      4.29                      6.64  -2.35    12.76

SNOWFALL (IN)
  TODAY            0.0           0.0  2002   0.0    0.0      0.0
  MONTH TO DATE    0.0                       0.0    0.0      0.0
  SINCE DEC 1      2.0                       0.3    1.7      0.0
  SINCE JUL 1      2.0                       0.3    1.7      0.0
  SNOW DEPTH       0

DEGREE DAYS
 HEATING
  TODAY            0                        13    -13       10
  MONTH TO DATE  133                       272   -139      171
  SINCE DEC 1   1188                      1323   -135      905
  SINCE JUL 1   1452                      1655   -203     1092
..................................................................


WIND (MPH)
  HIGHEST WIND SPEED    10   HIGHEST WIND DIRECTION    NW (330)
  HIGHEST GUST SPEED    13   HIGHEST GUST DIRECTION    NW (320)
  AVERAGE WIND SPEED     5.1


SKY COVER
  AVERAGE SKY COVER 1.0


WEATHER CONDITIONS
 THE FOLLOWING WEATHER WAS RECORDED TODAY.
  LIGHT RAIN


RELATIVE HUMIDITY (PERCENT)
 HIGHEST    87           500 AM
 LOWEST     61           300 PM

..........................................................


THE COLUMBUS CLIMATE NORMALS FOR TOMORROW
                         NORMAL    RECORD
 MAXIMUM TEMPERATURE (F)   63        80
 MINIMUM TEMPERATURE (F)   41        17


SUNRISE AND SUNSET
FEBRUARY 18 2018......SUNRISE   719 AM EST   SUNSET   628 PM EST
FEBRUARY 19 2018......SUNRISE   718 AM EST   SUNSET   629 PM EST


-  INDICATES NEGATIVE NUMBERS.
R  INDICATES RECORD WAS SET OR TIED.
MM INDICATES DATA IS MISSING.
T  INDICATES TRACE AMOUNT.




$$
