000
CDUS42 KFFC 070020
CLICSG


CLIMATE REPORT
NATIONAL WEATHER SERVICE PEACHTREE CITY GA
720 PM EST SAT FEB 6 2016


...................................

...THE COLUMBUS CLIMATE SUMMARY FOR FEBRUARY 6 2016...
VALID AS OF 0700 PM LOCAL TIME.

CLIMATE NORMAL PERIOD 1981 TO 2010
CLIMATE RECORD PERIOD 1948 TO 2016


WEATHER ITEM   OBSERVED TIME   RECORD YEAR NORMAL DEPARTURE LAST
                VALUE   (LST)  VALUE       VALUE  FROM      YEAR
                                                  NORMAL
..................................................................
TEMPERATURE (F)
 TODAY
  MAXIMUM         54    451 PM  78    1957  60     -6       56
  MINIMUM         30    437 AM  19    1966  38     -8       27
  AVERAGE         42                        49     -7       42

PRECIPITATION (IN)
  TODAY            0.00          2.66 2002   0.15  -0.15     0.00
  MONTH TO DATE    2.38                      0.90   1.48     1.13
  SINCE DEC 1     22.96                      9.02  13.94     8.90
  SINCE JAN 1      5.58                      4.75   0.83     4.28

SNOWFALL (IN)
  TODAY            0.0           0.0  2002   0.0    0.0      0.0
  MONTH TO DATE    0.0                       0.0    0.0      0.0
  SINCE DEC 1      0.0                       0.3   -0.3      0.0
  SINCE JUL 1      0.0                       0.3   -0.3      0.0
  SNOW DEPTH       0

DEGREE DAYS
 HEATING
  TODAY           23                        16      7       23
  MONTH TO DATE   70                        97    -27      120
  SINCE DEC 1    873                      1148   -275     1102
  SINCE JUL 1   1069                      1480   -411     1570
..................................................................


WIND (MPH)
  HIGHEST WIND SPEED    12   HIGHEST WIND DIRECTION    SE (130)
  HIGHEST GUST SPEED    15   HIGHEST GUST DIRECTION     E (70)
  AVERAGE WIND SPEED     3.3


SKY COVER
  AVERAGE SKY COVER 0.1


WEATHER CONDITIONS
 THE FOLLOWING WEATHER WAS RECORDED TODAY.
  NO SIGNIFICANT WEATHER WAS OBSERVED.


RELATIVE HUMIDITY (PERCENT)
 HIGHEST    72           500 AM
 LOWEST     22           400 PM

..........................................................


THE COLUMBUS CLIMATE NORMALS FOR TOMORROW
                         NORMAL    RECORD
 MAXIMUM TEMPERATURE (F)   60        78
 MINIMUM TEMPERATURE (F)   39        17


SUNRISE AND SUNSET
FEBRUARY  6 2016......SUNRISE   731 AM EST   SUNSET   617 PM EST
FEBRUARY  7 2016......SUNRISE   730 AM EST   SUNSET   618 PM EST


-  INDICATES NEGATIVE NUMBERS.
R  INDICATES RECORD WAS SET OR TIED.
MM INDICATES DATA IS MISSING.
T  INDICATES TRACE AMOUNT.




$$
