000
CDUS42 KFFC 200023
CLICSG


CLIMATE REPORT
NATIONAL WEATHER SERVICE PEACHTREE CITY GA
723 PM EST FRI DEC 19 2014


...................................

...THE COLUMBUS CLIMATE SUMMARY FOR DECEMBER 19 2014...
VALID AS OF 0700 PM LOCAL TIME.

CLIMATE NORMAL PERIOD 1981 TO 2010
CLIMATE RECORD PERIOD 1948 TO 2014


WEATHER ITEM   OBSERVED TIME   RECORD YEAR NORMAL DEPARTURE LAST
                VALUE   (LST)  VALUE       VALUE  FROM      YEAR
                                                  NORMAL
..................................................................
TEMPERATURE (F)
 TODAY
  MAXIMUM         56    300 PM  77    2006  58     -2       66
  MINIMUM         36    553 AM  15    1963  38     -2       31
                                      1953
  AVERAGE         46                        48     -2       49

PRECIPITATION (IN)
  TODAY            0.00          1.33 1974   0.14  -0.14     0.00
  MONTH TO DATE    0.39                      2.72  -2.33     2.36
  SINCE DEC 1      0.39                      2.72  -2.33     2.36
  SINCE JAN 1     47.90                     45.20   2.70    56.14

SNOWFALL (IN)
  TODAY            0.0           0.0  2001   0.0    0.0      0.0
  MONTH TO DATE    0.0                       0.0    0.0      0.0
  SINCE DEC 1      0.0                       0.0    0.0      0.0
  SINCE JUL 1      0.0                       0.0    0.0      0.0
  SNOW DEPTH       0

DEGREE DAYS
 HEATING
  TODAY           19                        17      2       16
  MONTH TO DATE  239                       284    -45      230
  SINCE DEC 1    239                       284    -45      230
  SINCE JUL 1    707                       616     91      578
..................................................................


WIND (MPH)
  HIGHEST WIND SPEED     9   HIGHEST WIND DIRECTION    NW (320)
  HIGHEST GUST SPEED    10   HIGHEST GUST DIRECTION    NW (320)
  AVERAGE WIND SPEED     2.2


SKY COVER
  AVERAGE SKY COVER 0.1


WEATHER CONDITIONS
 THE FOLLOWING WEATHER WAS RECORDED TODAY.
  NO SIGNIFICANT WEATHER WAS OBSERVED.


RELATIVE HUMIDITY (PERCENT)
 HIGHEST    92           600 AM
 LOWEST     47           200 PM

..........................................................


THE COLUMBUS CLIMATE NORMALS FOR TOMORROW
                         NORMAL    RECORD
 MAXIMUM TEMPERATURE (F)   58        74
 MINIMUM TEMPERATURE (F)   38        17


SUNRISE AND SUNSET
DECEMBER 19 2014......SUNRISE   736 AM EST   SUNSET   537 PM EST
DECEMBER 20 2014......SUNRISE   737 AM EST   SUNSET   538 PM EST


-  INDICATES NEGATIVE NUMBERS.
R  INDICATES RECORD WAS SET OR TIED.
MM INDICATES DATA IS MISSING.
T  INDICATES TRACE AMOUNT.




$$
