000
CDUS45 KTFX 121022
CLICTB


CLIMATE REPORT
NATIONAL WEATHER SERVICE GREAT FALLS MT
422 AM MDT SAT JUL 12 2014


...................................

...THE CUT BANK MT CLIMATE SUMMARY FOR JULY 11 2014...

CLIMATE NORMAL PERIOD 1981 TO 2010
CLIMATE RECORD PERIOD 1903 TO 2014


WEATHER ITEM   OBSERVED TIME   RECORD YEAR NORMAL DEPARTURE LAST
                VALUE   (LST)  VALUE       VALUE  FROM      YEAR
                                                  NORMAL
..................................................................
TEMPERATURE (F)
 YESTERDAY
  MAXIMUM         76    551 PM  95    1917  79     -3       82
  MINIMUM         54    604 AM  37    1987  49      5       57
  AVERAGE         65                        64      1       70

PRECIPITATION (IN)
  YESTERDAY        T             1.38 1956   0.05  -0.05     0.00
  MONTH TO DATE    0.04                      0.56  -0.52     1.44
  SINCE OCT 1     11.97                      7.77   4.20    11.40
  SINCE JAN 1     10.77                      6.75   4.02     9.23

SNOWFALL (IN)
  YESTERDAY       MM
  SNOW DEPTH       0

DEGREE DAYS
 HEATING
  YESTERDAY        0                         3     -3        0
  MONTH TO DATE    4                        43    -39       16
  SINCE JUN 1    277                       276      1      225
  SINCE JUL 1      4                        43    -39       16

 COOLING
  YESTERDAY        0                         2     -2        5
  MONTH TO DATE   37                        17     20       47
  SINCE JUN 1     38                        32      6       59
  SINCE JAN 1     38                        34      4       61
..................................................................


WIND (MPH)
  HIGHEST WIND SPEED    22   HIGHEST WIND DIRECTION     N (360)
  HIGHEST GUST SPEED    26   HIGHEST GUST DIRECTION     N (360)
  AVERAGE WIND SPEED     6.9


SKY COVER
  AVERAGE SKY COVER 0.3


WEATHER CONDITIONS
 THE FOLLOWING WEATHER WAS RECORDED YESTERDAY.
  HAZE


RELATIVE HUMIDITY (PERCENT)
 HIGHEST    83           200 AM
 LOWEST     38           200 PM
 AVERAGE    61

..........................................................


THE CUT BANK MT CLIMATE NORMALS FOR TODAY
                         NORMAL    RECORD    YEAR
 MAXIMUM TEMPERATURE (F)   79        96      2003
                                             1914
 MINIMUM TEMPERATURE (F)   49        38      1950


SUNRISE AND SUNSET
JULY 12 2014..........SUNRISE   540 AM MDT   SUNSET   930 PM MDT
JULY 13 2014..........SUNRISE   541 AM MDT   SUNSET   929 PM MDT


-  INDICATES NEGATIVE NUMBERS.
R  INDICATES RECORD WAS SET OR TIED.
MM INDICATES DATA IS MISSING.
T  INDICATES TRACE AMOUNT.




$$
