000
CDUS45 KTFX 251045
CLICTB


CLIMATE REPORT
NATIONAL WEATHER SERVICE GREAT FALLS MT
344 AM MST SAT FEB 25 2017


...................................

...THE CUT BANK MT CLIMATE SUMMARY FOR FEBRUARY 24 2017...

CLIMATE NORMAL PERIOD 1981 TO 2010
CLIMATE RECORD PERIOD 1903 TO 2017


WEATHER ITEM   OBSERVED TIME   RECORD YEAR NORMAL DEPARTURE LAST
                VALUE   (LST)  VALUE       VALUE  FROM      YEAR
                                                  NORMAL
..................................................................
TEMPERATURE (F)
 YESTERDAY
  MAXIMUM         29    207 PM  66    1995  37     -8       42
  MINIMUM         11   1145 PM -27    1922  14     -3       11
  AVERAGE         20                        26     -6       27

PRECIPITATION (IN)
  YESTERDAY        0.00          0.32 1919   0.01  -0.01     0.00
  MONTH TO DATE    0.16                      0.17  -0.01     0.01
  SINCE OCT 1      2.19                      1.39   0.80     2.37
  SINCE JAN 1      0.76                      0.37   0.39     0.45

SNOWFALL (IN)
  YESTERDAY        0.0
  SNOW DEPTH       T

DEGREE DAYS
 HEATING
  YESTERDAY       45                        39      6       38
  MONTH TO DATE 1045                       987     58      687
  SINCE DEC 1   4174                      3642    532     3300
  SINCE JUL 1   6152                      5905    247     5338

 COOLING
  YESTERDAY        0                         0      0        0
  MONTH TO DATE    0                         0      0        0
  SINCE DEC 1      0                         0      0        0
  SINCE JAN 1      0                         0      0        0
..................................................................


WIND (MPH)
  HIGHEST WIND SPEED    17   HIGHEST WIND DIRECTION     N (350)
  HIGHEST GUST SPEED    21   HIGHEST GUST DIRECTION     N (340)
  AVERAGE WIND SPEED     7.7


SKY COVER
  AVERAGE SKY COVER 0.6


WEATHER CONDITIONS
 THE FOLLOWING WEATHER WAS RECORDED YESTERDAY.
  FOG
  FOG W/VISIBILITY <= 1/4 MILE
  HAZE


RELATIVE HUMIDITY (PERCENT)
 HIGHEST   100           100 AM
 LOWEST     58           200 PM
 AVERAGE    79

..........................................................


THE CUT BANK MT CLIMATE NORMALS FOR TODAY
                         NORMAL    RECORD    YEAR
 MAXIMUM TEMPERATURE (F)   37        60      2005
                                             1992
 MINIMUM TEMPERATURE (F)   15       -35      2011


SUNRISE AND SUNSET
FEBRUARY 25 2017......SUNRISE   718 AM MST   SUNSET   608 PM MST
FEBRUARY 26 2017......SUNRISE   716 AM MST   SUNSET   609 PM MST


-  INDICATES NEGATIVE NUMBERS.
R  INDICATES RECORD WAS SET OR TIED.
MM INDICATES DATA IS MISSING.
T  INDICATES TRACE AMOUNT.




$$
