000
CDUS45 KTFX 160941
CLICTB


CLIMATE REPORT
NATIONAL WEATHER SERVICE GREAT FALLS MT
341 AM MDT WED AUG 16 2017


...................................

...THE CUT BANK MT CLIMATE SUMMARY FOR AUGUST 15 2017...

CLIMATE NORMAL PERIOD 1981 TO 2010
CLIMATE RECORD PERIOD 1903 TO 2017


WEATHER ITEM   OBSERVED TIME   RECORD YEAR NORMAL DEPARTURE LAST
                VALUE   (LST)  VALUE       VALUE  FROM      YEAR
                                                  NORMAL
..................................................................
TEMPERATURE (F)
 YESTERDAY
  MAXIMUM         79    431 PM  95    1961  80     -1       85
  MINIMUM         39    550 AM  33    1935  49    -10       48
  AVERAGE         59                        64     -5       67

PRECIPITATION (IN)
  YESTERDAY        0.00          2.35 1968   0.04  -0.04     0.00
  MONTH TO DATE    T                         0.55  -0.55     0.95
  SINCE OCT 1      8.94                      9.04  -0.10    10.34
  SINCE JAN 1      7.51                      8.02  -0.51     8.42

SNOWFALL (IN)
  YESTERDAY       MM
  SNOW DEPTH       0

DEGREE DAYS
 HEATING
  YESTERDAY        6                         3      3        0
  MONTH TO DATE   46                        36     10       25
  SINCE JUN 1    232                       355   -123      263
  SINCE JUL 1     61                       122    -61       99

 COOLING
  YESTERDAY        0                         2     -2        2
  MONTH TO DATE    7                        43    -36       15
  SINCE JUN 1    172                       130     42       88
  SINCE JAN 1    174                       132     42       88
..................................................................


WIND (MPH)
  HIGHEST WIND SPEED    15   HIGHEST WIND DIRECTION    NW (310)
  HIGHEST GUST SPEED    22   HIGHEST GUST DIRECTION     W (270)
  AVERAGE WIND SPEED     6.0


SKY COVER
  AVERAGE SKY COVER 0.0


WEATHER CONDITIONS
 THE FOLLOWING WEATHER WAS RECORDED YESTERDAY.
  NO SIGNIFICANT WEATHER WAS OBSERVED.


RELATIVE HUMIDITY (PERCENT)
 HIGHEST   100           400 AM
 LOWEST     16           400 PM
 AVERAGE    58

..........................................................


THE CUT BANK MT CLIMATE NORMALS FOR TODAY
                         NORMAL    RECORD    YEAR
 MAXIMUM TEMPERATURE (F)   80        95      1962
 MINIMUM TEMPERATURE (F)   49        31      1910


SUNRISE AND SUNSET
AUGUST 16 2017........SUNRISE   625 AM MDT   SUNSET   842 PM MDT
AUGUST 17 2017........SUNRISE   626 AM MDT   SUNSET   840 PM MDT


-  INDICATES NEGATIVE NUMBERS.
R  INDICATES RECORD WAS SET OR TIED.
MM INDICATES DATA IS MISSING.
T  INDICATES TRACE AMOUNT.




$$
