000
CDUS45 KTFX 231133
CLICTB


CLIMATE REPORT
NATIONAL WEATHER SERVICE GREAT FALLS MT
431 AM MST MON JAN 23 2017


...................................

...THE CUT BANK MT CLIMATE SUMMARY FOR JANUARY 22 2017...

CLIMATE NORMAL PERIOD 1981 TO 2010
CLIMATE RECORD PERIOD 1903 TO 2017


WEATHER ITEM   OBSERVED TIME   RECORD YEAR NORMAL DEPARTURE LAST
                VALUE   (LST)  VALUE       VALUE  FROM      YEAR
                                                  NORMAL
..................................................................
TEMPERATURE (F)
 YESTERDAY
  MAXIMUM         25    329 PM  61    1981  33     -8       45
  MINIMUM         17    227 AM -38    1943  12      5       32
  AVERAGE         21                        22     -1       39

PRECIPITATION (IN)
  YESTERDAY        T             0.18 1922   0.01  -0.01     0.00
  MONTH TO DATE    0.05                      0.15  -0.10     0.44
  SINCE OCT 1      1.48                      1.17   0.31     2.36
  SINCE JAN 1      0.05                      0.15  -0.10     0.44

SNOWFALL (IN)
  YESTERDAY       MM
  SNOW DEPTH       T

DEGREE DAYS
 HEATING
  YESTERDAY       44                        43      1       26
  MONTH TO DATE 1120                       949    171     1030
  SINCE DEC 1   2765                      2276    489     2337
  SINCE JUL 1   4743                      4539    204     4375

 COOLING
  YESTERDAY        0                         0      0        0
  MONTH TO DATE    0                         0      0        0
  SINCE DEC 1      0                         0      0        0
  SINCE JAN 1      0                         0      0        0
..................................................................


WIND (MPH)
  HIGHEST WIND SPEED    13   HIGHEST WIND DIRECTION    NW (330)
  HIGHEST GUST SPEED    15   HIGHEST GUST DIRECTION    NE (40)
  AVERAGE WIND SPEED     6.4


SKY COVER
  AVERAGE SKY COVER 0.9


WEATHER CONDITIONS
 THE FOLLOWING WEATHER WAS RECORDED YESTERDAY.
  LIGHT SNOW
  FOG
  FOG W/VISIBILITY <= 1/4 MILE


RELATIVE HUMIDITY (PERCENT)
 HIGHEST   100           700 AM
 LOWEST     77          1200 AM
 AVERAGE    89

..........................................................


THE CUT BANK MT CLIMATE NORMALS FOR TODAY
                         NORMAL    RECORD    YEAR
 MAXIMUM TEMPERATURE (F)   33        62      2005
 MINIMUM TEMPERATURE (F)   12       -38      1943


SUNRISE AND SUNSET
JANUARY 23 2017.......SUNRISE   809 AM MST   SUNSET   514 PM MST
JANUARY 24 2017.......SUNRISE   808 AM MST   SUNSET   516 PM MST


-  INDICATES NEGATIVE NUMBERS.
R  INDICATES RECORD WAS SET OR TIED.
MM INDICATES DATA IS MISSING.
T  INDICATES TRACE AMOUNT.




$$
