763
CDUS45 KTFX 110859
CLICTB


CLIMATE REPORT
NATIONAL WEATHER SERVICE GREAT FALLS MT
159 AM MST THU FEB 11 2016


...................................

...THE CUT BANK MT CLIMATE SUMMARY FOR FEBRUARY 10 2016...

CLIMATE NORMAL PERIOD 1981 TO 2010
CLIMATE RECORD PERIOD 1903 TO 2016


WEATHER ITEM   OBSERVED TIME   RECORD YEAR NORMAL DEPARTURE LAST
                VALUE   (LST)  VALUE       VALUE  FROM      YEAR
                                                  NORMAL
..................................................................
TEMPERATURE (F)
 YESTERDAY
  MAXIMUM         56   1246 PM  59    2002  35     21       26
                                      1926
  MINIMUM         37    739 AM -33    1939  12     25       16
  AVERAGE         47                        23     24       21

PRECIPITATION (IN)
  YESTERDAY        0.00          0.24 1922   0.00   0.00     0.02
  MONTH TO DATE    0.01                      0.06  -0.05     0.06
  SINCE OCT 1      2.37                      1.28   1.09     3.30
  SINCE JAN 1      0.45                      0.26   0.19     0.77

SNOWFALL (IN)
  YESTERDAY       MM
  SNOW DEPTH       0

DEGREE DAYS
 HEATING
  YESTERDAY       18                        42    -24       44
  MONTH TO DATE  289                       420   -131      367
  SINCE DEC 1   2902                      3075   -173     2880
  SINCE JUL 1   4940                      5338   -398     4978

 COOLING
  YESTERDAY        0                         0      0        0
  MONTH TO DATE    0                         0      0        0
  SINCE DEC 1      0                         0      0        0
  SINCE JAN 1      0                         0      0        0
..................................................................


WIND (MPH)
  HIGHEST WIND SPEED    30   HIGHEST WIND DIRECTION     W (250)
  HIGHEST GUST SPEED    37   HIGHEST GUST DIRECTION     W (260)
  AVERAGE WIND SPEED    16.7


SKY COVER
  AVERAGE SKY COVER 0.0


WEATHER CONDITIONS
 THE FOLLOWING WEATHER WAS RECORDED YESTERDAY.
  NO SIGNIFICANT WEATHER WAS OBSERVED.


RELATIVE HUMIDITY (PERCENT)
 HIGHEST    59           800 AM
 LOWEST     38           300 PM
 AVERAGE    49

..........................................................


THE CUT BANK MT CLIMATE NORMALS FOR TODAY
                         NORMAL    RECORD    YEAR
 MAXIMUM TEMPERATURE (F)   35        65      2005
 MINIMUM TEMPERATURE (F)   13       -24      1904


SUNRISE AND SUNSET
FEBRUARY 11 2016......SUNRISE   744 AM MST   SUNSET   544 PM MST
FEBRUARY 12 2016......SUNRISE   743 AM MST   SUNSET   545 PM MST


-  INDICATES NEGATIVE NUMBERS.
R  INDICATES RECORD WAS SET OR TIED.
MM INDICATES DATA IS MISSING.
T  INDICATES TRACE AMOUNT.




$$
