000
CDUS45 KTFX 280942
CLICTB


CLIMATE REPORT
NATIONAL WEATHER SERVICE GREAT FALLS MT
240 AM MST SUN DEC 28 2014


...................................

...THE CUT BANK MT CLIMATE SUMMARY FOR DECEMBER 27 2014...

CLIMATE NORMAL PERIOD 1981 TO 2010
CLIMATE RECORD PERIOD 1903 TO 2014


WEATHER ITEM   OBSERVED TIME   RECORD YEAR NORMAL DEPARTURE LAST
                VALUE   (LST)  VALUE       VALUE  FROM      YEAR
                                                  NORMAL
..................................................................
TEMPERATURE (F)
 YESTERDAY
  MAXIMUM         30    233 PM  61    1999  32     -2       54
  MINIMUM          6    201 AM -25    1968  11     -5       21
  AVERAGE         18                        21     -3       38

PRECIPITATION (IN)
  YESTERDAY        0.02          0.34 1928   0.01   0.01     0.00
  MONTH TO DATE    0.27                      0.19   0.08     0.43
  SINCE OCT 1      2.07                      0.99   1.08     1.20
  SINCE JAN 1     16.98                     10.87   6.11    14.90

SNOWFALL (IN)
  YESTERDAY       MM
  SNOW DEPTH       4

DEGREE DAYS
 HEATING
  YESTERDAY       47                        44      3       27
  MONTH TO DATE 1047                      1154   -107     1272
  SINCE DEC 1   1047                      1154   -107     1272
  SINCE JUL 1   3145                      3417   -272     3361

 COOLING
  YESTERDAY        0                         0      0        0
  MONTH TO DATE    0                         0      0        0
  SINCE DEC 1      0                         0      0        0
  SINCE JAN 1    208                       162     46      226
..................................................................


WIND (MPH)
  HIGHEST WIND SPEED    23   HIGHEST WIND DIRECTION     W (260)
  HIGHEST GUST SPEED    27   HIGHEST GUST DIRECTION     W (260)
  AVERAGE WIND SPEED    12.4


SKY COVER
  AVERAGE SKY COVER 0.5


WEATHER CONDITIONS
 THE FOLLOWING WEATHER WAS RECORDED YESTERDAY.
  LIGHT SNOW
  FOG


RELATIVE HUMIDITY (PERCENT)
 HIGHEST    88          1000 PM
 LOWEST     63          1000 AM
 AVERAGE    76

..........................................................


THE CUT BANK MT CLIMATE NORMALS FOR TODAY
                         NORMAL    RECORD    YEAR
 MAXIMUM TEMPERATURE (F)   32        60      1956
 MINIMUM TEMPERATURE (F)   11       -35      1968


SUNRISE AND SUNSET
DECEMBER 28 2014......SUNRISE   822 AM MST   SUNSET   441 PM MST
DECEMBER 29 2014......SUNRISE   822 AM MST   SUNSET   442 PM MST


-  INDICATES NEGATIVE NUMBERS.
R  INDICATES RECORD WAS SET OR TIED.
MM INDICATES DATA IS MISSING.
T  INDICATES TRACE AMOUNT.




$$
