000
CDUS45 KTFX 262230
CLICTB


CLIMATE REPORT
NATIONAL WEATHER SERVICE GREAT FALLS MT
430 PM MDT MON JUN 26 2017


...................................

...THE CUT BANK MT CLIMATE SUMMARY FOR JUNE 26 2017...
VALID TODAY AS OF 0400 PM LOCAL TIME.

CLIMATE NORMAL PERIOD 1981 TO 2010
CLIMATE RECORD PERIOD 1903 TO 2017


WEATHER ITEM   OBSERVED TIME   RECORD YEAR NORMAL DEPARTURE LAST
                VALUE   (LST)  VALUE       VALUE  FROM      YEAR
                                                  NORMAL
..................................................................
TEMPERATURE (F)
 TODAY
  MAXIMUM         88   1257 PM  94    1919  74     14       71
  MINIMUM         50    532 AM  31    1951  47      3       44
  AVERAGE         69                        60      9       58

PRECIPITATION (IN)
  TODAY            0.00          1.44 1959   0.07  -0.07     0.24
  MONTH TO DATE    2.47                      2.30   0.17     1.01
  SINCE OCT 1      8.92                      6.96   1.96     7.78
  SINCE JAN 1      7.49                      5.94   1.55     5.86

DEGREE DAYS
 HEATING
  TODAY            0                         6     -6        7
  MONTH TO DATE  162                       212    -50      160
  SINCE JUN 1    162                       212    -50      160
  SINCE JUL 1   8598                      8500     98     7523

 COOLING
  TODAY            4                         1      3        0
  MONTH TO DATE    9                        10     -1       12
  SINCE JUN 1      9                        10     -1       12
  SINCE JAN 1     11                        12     -1       12
..................................................................


WIND (MPH)
  HIGHEST WIND SPEED    17   HIGHEST WIND DIRECTION     S (160)
  HIGHEST GUST SPEED    21   HIGHEST GUST DIRECTION     S (160)
  AVERAGE WIND SPEED     7.4


SKY COVER
  AVERAGE SKY COVER 0.0


WEATHER CONDITIONS
 THE FOLLOWING WEATHER WAS RECORDED TODAY.
  NO SIGNIFICANT WEATHER WAS OBSERVED.


RELATIVE HUMIDITY (PERCENT)
 HIGHEST    71           600 AM
 LOWEST     25           200 PM
 AVERAGE    48

..........................................................


THE CUT BANK MT CLIMATE NORMALS FOR TOMORROW
                         NORMAL    RECORD    YEAR
 MAXIMUM TEMPERATURE (F)   74        95      2015
 MINIMUM TEMPERATURE (F)   47        33      1951


SUNRISE AND SUNSET
JUNE 26 2017..........SUNRISE   529 AM MDT   SUNSET   936 PM MDT
JUNE 27 2017..........SUNRISE   529 AM MDT   SUNSET   936 PM MDT


-  INDICATES NEGATIVE NUMBERS.
R  INDICATES RECORD WAS SET OR TIED.
MM INDICATES DATA IS MISSING.
T  INDICATES TRACE AMOUNT.




$$
