000
CDUS45 KTFX 160744
CLICTB


CLIMATE REPORT
NATIONAL WEATHER SERVICE GREAT FALLS MT
144 AM MDT TUE SEP 16 2014


...................................

...THE CUT BANK MT CLIMATE SUMMARY FOR SEPTEMBER 15 2014...

CLIMATE NORMAL PERIOD 1981 TO 2010
CLIMATE RECORD PERIOD 1903 TO 2014


WEATHER ITEM   OBSERVED TIME   RECORD YEAR NORMAL DEPARTURE LAST
                VALUE   (LST)  VALUE       VALUE  FROM      YEAR
                                                  NORMAL
..................................................................
TEMPERATURE (F)
 YESTERDAY
  MAXIMUM         78    437 PM  91    2000  68     10       78
  MINIMUM         32    509 AM  21    1912  40     -8       42
  AVERAGE         55                        54      1       60

PRECIPITATION (IN)
  YESTERDAY        0.00          0.78 1993   0.04  -0.04     0.00
  MONTH TO DATE    0.61                      0.67  -0.06     2.38
  SINCE OCT 1     15.65                     10.35   5.30    15.57
  SINCE JAN 1     14.45                      9.33   5.12    13.40

SNOWFALL (IN)
  YESTERDAY       MM
  SNOW DEPTH       0

DEGREE DAYS
 HEATING
  YESTERDAY       10                        11     -1        5
  MONTH TO DATE  234                       135     99       16
  SINCE SEP 1    234                       135     99       16
  SINCE JUL 1    331                       329      2       88

 COOLING
  YESTERDAY        0                         0      0        0
  MONTH TO DATE    0                         6     -6       28
  SINCE SEP 1      0                         6     -6       28
  SINCE JAN 1    197                       159     38      223
..................................................................


WIND (MPH)
  HIGHEST WIND SPEED    17   HIGHEST WIND DIRECTION     W (250)
  HIGHEST GUST SPEED    21   HIGHEST GUST DIRECTION    SW (240)
  AVERAGE WIND SPEED     4.7


SKY COVER
  AVERAGE SKY COVER 0.0


WEATHER CONDITIONS
 THE FOLLOWING WEATHER WAS RECORDED YESTERDAY.
  NO SIGNIFICANT WEATHER WAS OBSERVED.


RELATIVE HUMIDITY (PERCENT)
 HIGHEST    89           500 AM
 LOWEST     20           500 PM
 AVERAGE    55

..........................................................


THE CUT BANK MT CLIMATE NORMALS FOR TODAY
                         NORMAL    RECORD    YEAR
 MAXIMUM TEMPERATURE (F)   68        90      2009
                                             1938
 MINIMUM TEMPERATURE (F)   40        25      1973


SUNRISE AND SUNSET
SEPTEMBER 16 2014.....SUNRISE   708 AM MDT   SUNSET   740 PM MDT
SEPTEMBER 17 2014.....SUNRISE   709 AM MDT   SUNSET   738 PM MDT


-  INDICATES NEGATIVE NUMBERS.
R  INDICATES RECORD WAS SET OR TIED.
MM INDICATES DATA IS MISSING.
T  INDICATES TRACE AMOUNT.




$$
