000
CDUS45 KTFX 231021
CLICTB


CLIMATE REPORT
NATIONAL WEATHER SERVICE GREAT FALLS MT
420 AM MDT SAT AUG 23 2014


...................................

...THE CUT BANK MT CLIMATE SUMMARY FOR AUGUST 22 2014...

CLIMATE NORMAL PERIOD 1981 TO 2010
CLIMATE RECORD PERIOD 1903 TO 2014


WEATHER ITEM   OBSERVED TIME   RECORD YEAR NORMAL DEPARTURE LAST
                VALUE   (LST)  VALUE       VALUE  FROM      YEAR
                                                  NORMAL
..................................................................
TEMPERATURE (F)
 YESTERDAY
  MAXIMUM         54   1043 AM  94    1976  78    -24       87
  MINIMUM         47   1159 PM  35    1911  47      0       42
  AVERAGE         51                        62    -11       65

PRECIPITATION (IN)
  YESTERDAY        0.07          1.89 1978   0.04   0.03     0.00
  MONTH TO DATE    1.85                      0.83   1.02     1.41
  SINCE OCT 1     14.20                      9.32   4.88    13.08
  SINCE JAN 1     13.00                      8.30   4.70    10.91

SNOWFALL (IN)
  YESTERDAY       MM
  SNOW DEPTH       0

DEGREE DAYS
 HEATING
  YESTERDAY       14                         4     10        0
  MONTH TO DATE   27                        61    -34       27
  SINCE JUN 1    317                       380    -63      277
  SINCE JUL 1     44                       147   -103       68

 COOLING
  YESTERDAY        0                         1     -1        0
  MONTH TO DATE   89                        56     33       59
  SINCE JUN 1    194                       143     51      156
  SINCE JAN 1    194                       145     49      158
..................................................................


WIND (MPH)
  HIGHEST WIND SPEED    25   HIGHEST WIND DIRECTION     N (20)
  HIGHEST GUST SPEED    31   HIGHEST GUST DIRECTION    NE (30)
  AVERAGE WIND SPEED    14.8


SKY COVER
  AVERAGE SKY COVER 1.0


WEATHER CONDITIONS
 THE FOLLOWING WEATHER WAS RECORDED YESTERDAY.
  LIGHT RAIN
  FOG


RELATIVE HUMIDITY (PERCENT)
 HIGHEST    93           400 AM
 LOWEST     77           200 PM
 AVERAGE    85

..........................................................


THE CUT BANK MT CLIMATE NORMALS FOR TODAY
                         NORMAL    RECORD    YEAR
 MAXIMUM TEMPERATURE (F)   77        98      1930
 MINIMUM TEMPERATURE (F)   47        35      1910


SUNRISE AND SUNSET
AUGUST 23 2014........SUNRISE   634 AM MDT   SUNSET   829 PM MDT
AUGUST 24 2014........SUNRISE   636 AM MDT   SUNSET   827 PM MDT


-  INDICATES NEGATIVE NUMBERS.
R  INDICATES RECORD WAS SET OR TIED.
MM INDICATES DATA IS MISSING.
T  INDICATES TRACE AMOUNT.




$$
