000
CDUS42 KTAE 210633
CLICTY


CLIMATE REPORT
NATIONAL WEATHER SERVICE TALLAHASSEE FL
233 AM EDT SAT OCT 21 2017


...................................

...THE CROSS CITY  CLIMATE SUMMARY FOR OCTOBER 20 2017...

CLIMATE NORMAL PERIOD 1981 TO 2010
CLIMATE RECORD PERIOD 1948 TO 2017


WEATHER ITEM   OBSERVED TIME   NORMAL DEPARTURE LAST
                VALUE   (LST)  VALUE  FROM      YEAR
                                      NORMAL
......................................................
TEMPERATURE (F)
 YESTERDAY
  MAXIMUM         87    255 PM  82      5       86
  MINIMUM         65    235 AM  56      9       57
  AVERAGE         76            69      7

PRECIPITATION (IN)
  YESTERDAY        0.00          0.09  -0.09     0.00
  MONTH TO DATE    0.48          2.43  -1.95     0.18
  SINCE SEP 1      6.24          6.89  -0.65    15.25
  SINCE JAN 1     52.69         42.26  10.43    59.60

DEGREE DAYS
 HEATING
  YESTERDAY        0             1     -1
  MONTH TO DATE    0            10    -10
  SINCE SEP 1      0            10    -10
  SINCE JUL 1      0            10    -10

 COOLING
  YESTERDAY       11             5      6
  MONTH TO DATE  271           152    119
  SINCE SEP 1    691           556    135
  SINCE JAN 1   2809          2494    315
......................................................


WIND (MPH)
  RESULTANT WIND SPEED   7   RESULTANT WIND DIRECTION  NE (50)
  HIGHEST WIND SPEED    12   HIGHEST WIND DIRECTION    NE (50)
  HIGHEST GUST SPEED    17   HIGHEST GUST DIRECTION    NE (60)
  AVERAGE WIND SPEED     7.4



WEATHER CONDITIONS
 THE FOLLOWING WEATHER WAS RECORDED YESTERDAY.
  HAZE


RELATIVE HUMIDITY (PERCENT)
 HIGHEST    90
 LOWEST     42

..........................................................




SUNRISE AND SUNSET
OCTOBER 21 2017.......SUNRISE   738 AM EDT   SUNSET   655 PM EDT
OCTOBER 22 2017.......SUNRISE   739 AM EDT   SUNSET   654 PM EDT


-  INDICATES NEGATIVE NUMBERS.
R  INDICATES RECORD WAS SET OR TIED.
MM INDICATES DATA IS MISSING.
T  INDICATES TRACE AMOUNT.




$$
