000
CDUS42 KTAE 232143
CLICTY


CLIMATE REPORT
NATIONAL WEATHER SERVICE TALLAHASSEE FL
542 PM EDT WED APR 23 2014


...................................

...THE CROSS CITY (AMOS) CLIMATE SUMMARY FOR APRIL 23 2014...
VALID TODAY AS OF 0500 PM LOCAL TIME.

CLIMATE NORMAL PERIOD 1981 TO 2010
CLIMATE RECORD PERIOD 1948 TO 2014


WEATHER ITEM   OBSERVED TIME   NORMAL DEPARTURE LAST
                VALUE   (LST)  VALUE  FROM      YEAR
                                      NORMAL
......................................................
TEMPERATURE (F)
 TODAY
  MAXIMUM         82    331 PM  82      0
  MINIMUM         57    557 AM  55      2
  AVERAGE         70            68      2

PRECIPITATION (IN)
  TODAY            0.00          0.07  -0.07     0.00
  MONTH TO DATE    3.83          2.57   1.26     2.78
  SINCE MAR 1      8.79          6.78   2.01     3.99
  SINCE JAN 1     18.94         14.09   4.85     7.50

DEGREE DAYS
 HEATING
  TODAY            0
  MONTH TO DATE   20
  SINCE MAR 1    185
  SINCE JUL 1   1180

 COOLING
  TODAY            5
  MONTH TO DATE   65
  SINCE MAR 1     82
  SINCE JAN 1    117
......................................................


WIND (MPH)
  RESULTANT WIND SPEED   3   RESULTANT WIND DIRECTION   W (250)
  HIGHEST WIND SPEED    15   HIGHEST WIND DIRECTION     W (250)
  HIGHEST GUST SPEED    20   HIGHEST GUST DIRECTION     W (250)
  AVERAGE WIND SPEED     3.7



WEATHER CONDITIONS
 THE FOLLOWING WEATHER WAS RECORDED TODAY.
  NO SIGNIFICANT WEATHER WAS OBSERVED.


RELATIVE HUMIDITY (PERCENT)
 HIGHEST   100
 LOWEST     54
 AVERAGE    77

..........................................................


THE CROSS CITY (AMOS) CLIMATE NORMALS FOR TOMORROW
                         NORMAL
 MAXIMUM TEMPERATURE (F)   82
 MINIMUM TEMPERATURE (F)   55



-  INDICATES NEGATIVE NUMBERS.
R  INDICATES RECORD WAS SET OR TIED.
MM INDICATES DATA IS MISSING.
T  INDICATES TRACE AMOUNT.




$$
