000
CDUS42 KTAE 270640
CLICTY


CLIMATE REPORT
NATIONAL WEATHER SERVICE TALLAHASSEE FL
240 AM EDT WED MAY 27 2015


...................................

...THE CROSS CITY  CLIMATE SUMMARY FOR MAY 26 2015...

CLIMATE NORMAL PERIOD 1981 TO 2010
CLIMATE RECORD PERIOD 1948 TO 2015


WEATHER ITEM   OBSERVED TIME   NORMAL DEPARTURE LAST
                VALUE   (LST)  VALUE  FROM      YEAR
                                      NORMAL
......................................................
TEMPERATURE (F)
 YESTERDAY
  MAXIMUM         93    214 PM  90      3       91
  MINIMUM         72   1159 PM  65      7       67
  AVERAGE         83            77      6

PRECIPITATION (IN)
  YESTERDAY        0.03          0.10  -0.07     0.07
  MONTH TO DATE    3.29          1.96   1.33     6.02
  SINCE MAR 1      6.59          9.13  -2.54    15.03
  SINCE JAN 1     12.56         16.44  -3.88    25.18

DEGREE DAYS
 HEATING
  YESTERDAY        0             0      0
  MONTH TO DATE    1             0      1
  SINCE MAR 1     53           183   -130
  SINCE JUL 1   1213          1303    -90

 COOLING
  YESTERDAY       18            12      6
  MONTH TO DATE  320           234     86
  SINCE MAR 1    752           389    363
  SINCE JAN 1    768           416    352
......................................................


WIND (MPH)
  RESULTANT WIND SPEED   3   RESULTANT WIND DIRECTION  SE (130)
  HIGHEST WIND SPEED    16   HIGHEST WIND DIRECTION     W (250)
  HIGHEST GUST SPEED    23   HIGHEST GUST DIRECTION     W (250)
  AVERAGE WIND SPEED     5.8



WEATHER CONDITIONS
 THE FOLLOWING WEATHER WAS RECORDED YESTERDAY.
  NO SIGNIFICANT WEATHER WAS OBSERVED.


RELATIVE HUMIDITY (PERCENT)
 HIGHEST    94
 LOWEST     49

..........................................................




SUNRISE AND SUNSET
MAY 27 2015...........SUNRISE   634 AM EDT   SUNSET   825 PM EDT
MAY 28 2015...........SUNRISE   634 AM EDT   SUNSET   826 PM EDT


-  INDICATES NEGATIVE NUMBERS.
R  INDICATES RECORD WAS SET OR TIED.
MM INDICATES DATA IS MISSING.
T  INDICATES TRACE AMOUNT.




$$
