000
CDUS42 KTAE 250632
CLICTY


CLIMATE REPORT
NATIONAL WEATHER SERVICE TALLAHASSEE FL
131 AM EST SUN JAN 25 2015


...................................

...THE CROSS CITY (AWOS) CLIMATE SUMMARY FOR JANUARY 24 2015...

CLIMATE NORMAL PERIOD 1981 TO 2010
CLIMATE RECORD PERIOD 1948 TO 2015


WEATHER ITEM   OBSERVED TIME   NORMAL DEPARTURE LAST
                VALUE   (LST)  VALUE  FROM      YEAR
                                      NORMAL
......................................................
TEMPERATURE (F)
 YESTERDAY
  MAXIMUM         69   1209 AM  67      2
  MINIMUM         35   1158 PM  41     -6
  AVERAGE         52            54     -2

PRECIPITATION (IN)
  YESTERDAY        0.08          0.14  -0.06     0.00
  MONTH TO DATE    2.93          3.18  -0.25     3.87
  SINCE DEC 1      6.17          5.70   0.47     5.69
  SINCE JAN 1      2.93          3.18  -0.25     3.87

DEGREE DAYS
 HEATING
  YESTERDAY       13            11      2
  MONTH TO DATE  220           297    -77
  SINCE DEC 1    429           634   -205
  SINCE JUL 1    714           802    -88

 COOLING
  YESTERDAY        0             0      0
  MONTH TO DATE   16             0     16
  SINCE DEC 1     54            18     36
  SINCE JAN 1     16             0     16
......................................................


WIND (MPH)
  RESULTANT WIND SPEED  11   RESULTANT WIND DIRECTION   W (270)
  HIGHEST WIND SPEED    28   HIGHEST WIND DIRECTION     W (280)
  HIGHEST GUST SPEED    37   HIGHEST GUST DIRECTION     W (280)
  AVERAGE WIND SPEED    11.5



WEATHER CONDITIONS
 THE FOLLOWING WEATHER WAS RECORDED YESTERDAY.
  NO SIGNIFICANT WEATHER WAS OBSERVED.


RELATIVE HUMIDITY (PERCENT)
 HIGHEST   100
 LOWEST     61

..........................................................




SUNRISE AND SUNSET
JANUARY 25 2015.......SUNRISE   726 AM EST   SUNSET   604 PM EST
JANUARY 26 2015.......SUNRISE   725 AM EST   SUNSET   605 PM EST


-  INDICATES NEGATIVE NUMBERS.
R  INDICATES RECORD WAS SET OR TIED.
MM INDICATES DATA IS MISSING.
T  INDICATES TRACE AMOUNT.




$$
