000
CDUS42 KTAE 030634
CLICTY


CLIMATE REPORT
NATIONAL WEATHER SERVICE TALLAHASSEE FL
133 AM EST SAT DEC 3 2016


...................................

...THE CROSS CITY  CLIMATE SUMMARY FOR DECEMBER 2 2016...

CLIMATE NORMAL PERIOD 1981 TO 2010
CLIMATE RECORD PERIOD 1948 TO 2016


WEATHER ITEM   OBSERVED TIME   NORMAL DEPARTURE LAST
                VALUE   (LST)  VALUE  FROM      YEAR
                                      NORMAL
......................................................
TEMPERATURE (F)
 YESTERDAY
  MAXIMUM         68    400 PM  70     -2       82
  MINIMUM         37    600 AM  46     -9       62
  AVERAGE         53            58     -5

PRECIPITATION (IN)
  YESTERDAY        0.00          0.08  -0.08     0.24
  MONTH TO DATE    0.14          0.16  -0.02     0.24
  SINCE DEC 1      0.14          0.16  -0.02     0.24
  SINCE JAN 1     59.74         46.00  13.74    65.86

DEGREE DAYS
 HEATING
  YESTERDAY       12             8      4
  MONTH TO DATE   17            16      1
  SINCE DEC 1     17            16      1
  SINCE JUL 1    142           184    -42

 COOLING
  YESTERDAY        0             1     -1
  MONTH TO DATE    0             2     -2
  SINCE DEC 1      0             2     -2
  SINCE JAN 1   3021          2604    417
......................................................


WIND (MPH)
  RESULTANT WIND SPEED   5   RESULTANT WIND DIRECTION  NE (30)
  HIGHEST WIND SPEED    12   HIGHEST WIND DIRECTION     N (10)
  HIGHEST GUST SPEED    MM   HIGHEST GUST DIRECTION    MM
  AVERAGE WIND SPEED     4.7



WEATHER CONDITIONS
 THE FOLLOWING WEATHER WAS RECORDED YESTERDAY.
  NO SIGNIFICANT WEATHER WAS OBSERVED.


RELATIVE HUMIDITY (PERCENT)
 HIGHEST    93
 LOWEST     26

..........................................................




SUNRISE AND SUNSET
DECEMBER  3 2016......SUNRISE   712 AM EST   SUNSET   533 PM EST
DECEMBER  4 2016......SUNRISE   712 AM EST   SUNSET   533 PM EST


-  INDICATES NEGATIVE NUMBERS.
R  INDICATES RECORD WAS SET OR TIED.
MM INDICATES DATA IS MISSING.
T  INDICATES TRACE AMOUNT.




$$
