000
CDUS42 KCAE 290531
CLICUB


CLIMATE REPORT
NATIONAL WEATHER SERVICE COLUMBIA SC
130 AM EDT SUN MAR 29 2015


...................................

...THE HAMILTON - OWENS AIRPORT SC CLIMATE SUMMARY FOR MARCH 28 2015...

CLIMATE NORMAL PERIOD 1981 TO 2010
CLIMATE RECORD PERIOD 9999 TO 9999


WEATHER ITEM   OBSERVED TIME   NORMAL DEPARTURE LAST
                VALUE   (LST)  VALUE  FROM      YEAR
                                      NORMAL
......................................................
TEMPERATURE (F)
 YESTERDAY
  MAXIMUM         56    504 PM  72    -16       66
  MINIMUM         41    951 PM  48     -7       48
  AVERAGE         49            60    -11       57

PRECIPITATION (IN)
  YESTERDAY        T             0.13  -0.13     0.48
  MONTH TO DATE    2.62          3.51  -0.89     3.72
  SINCE MAR 1      2.62          3.51  -0.89     3.72
  SINCE JAN 1     10.54         10.79  -0.25    10.10

DEGREE DAYS
 HEATING
  YESTERDAY       16             6     10        8
  MONTH TO DATE  177           257    -80      375
  SINCE MAR 1    177           257    -80      375
  SINCE JUL 1   2303          2186    117     2367

 COOLING
  YESTERDAY        0             1     -1        0
  MONTH TO DATE   21             8     13        0
  SINCE MAR 1     21             8     13        0
  SINCE JAN 1     21            11     10        6
......................................................


WIND (MPH)
  HIGHEST WIND SPEED    18   HIGHEST WIND DIRECTION     W (280)
  HIGHEST GUST SPEED    25   HIGHEST GUST DIRECTION     W (270)
  AVERAGE WIND SPEED     5.7


SKY COVER
  AVERAGE SKY COVER 0.2


WEATHER CONDITIONS
 THE FOLLOWING WEATHER WAS RECORDED YESTERDAY.
  LIGHT RAIN


RELATIVE HUMIDITY (PERCENT)
 HIGHEST    86          1200 AM
 LOWEST     16           500 PM

..........................................................


THE HAMILTON - OWENS AIRPORT SC CLIMATE NORMALS FOR TODAY
                         NORMAL    RECORD    YEAR
 MAXIMUM TEMPERATURE (F)   72        MM        MM
 MINIMUM TEMPERATURE (F)   48        MM        MM


SUNRISE AND SUNSET
MARCH 29 2015.........SUNRISE   716 AM EDT   SUNSET   742 PM EDT
MARCH 30 2015.........SUNRISE   714 AM EDT   SUNSET   743 PM EDT


-  INDICATES NEGATIVE NUMBERS.
R  INDICATES RECORD WAS SET OR TIED.
MM INDICATES DATA IS MISSING.
T  INDICATES TRACE AMOUNT.




$$
