000
CDUS42 KCAE 250703
CLICUB


CLIMATE REPORT
NATIONAL WEATHER SERVICE COLUMBIA SC
203 AM EST SAT NOV 25 2017


...................................

...THE HAMILTON - OWENS AIRPORT SC CLIMATE SUMMARY FOR NOVEMBER 24 2017...

CLIMATE NORMAL PERIOD 1981 TO 2010
CLIMATE RECORD PERIOD 9999 TO 9999


WEATHER ITEM   OBSERVED TIME   NORMAL DEPARTURE LAST
                VALUE   (LST)  VALUE  FROM      YEAR
                                      NORMAL
......................................................
TEMPERATURE (F)
 YESTERDAY
  MAXIMUM         64    349 PM  65     -1       76
  MINIMUM         33    741 AM  42     -9       51
  AVERAGE         49            54     -5       64

PRECIPITATION (IN)
  YESTERDAY        0.00          0.11  -0.11     0.00
  MONTH TO DATE    1.22          2.35  -1.13     0.97
  SINCE SEP 1      6.67          9.71  -3.04    11.31
  SINCE JAN 1     42.87         41.56   1.31    39.04

DEGREE DAYS
 HEATING
  YESTERDAY       16            11      5        1
  MONTH TO DATE  221           207     14      192
  SINCE SEP 1    282           296    -14      220
  SINCE JUL 1    282           296    -14      220

 COOLING
  YESTERDAY        0             0      0        0
  MONTH TO DATE   25            11     14        9
  SINCE SEP 1    591           435    156      604
  SINCE JAN 1   2691          2253    438     2838
......................................................


WIND (MPH)
  HIGHEST WIND SPEED     8   HIGHEST WIND DIRECTION    NE (60)
  HIGHEST GUST SPEED    13   HIGHEST GUST DIRECTION     E (70)
  AVERAGE WIND SPEED     1.1


SKY COVER
  AVERAGE SKY COVER 0.0


WEATHER CONDITIONS
 THE FOLLOWING WEATHER WAS RECORDED YESTERDAY.
  FOG


RELATIVE HUMIDITY (PERCENT)
 HIGHEST   100           100 AM
 LOWEST     32           400 PM

..........................................................


THE HAMILTON - OWENS AIRPORT SC CLIMATE NORMALS FOR TODAY
                         NORMAL    RECORD    YEAR
 MAXIMUM TEMPERATURE (F)   65        MM        MM
 MINIMUM TEMPERATURE (F)   42        MM        MM


SUNRISE AND SUNSET
NOVEMBER 25 2017......SUNRISE   706 AM EST   SUNSET   516 PM EST
NOVEMBER 26 2017......SUNRISE   707 AM EST   SUNSET   516 PM EST


-  INDICATES NEGATIVE NUMBERS.
R  INDICATES RECORD WAS SET OR TIED.
MM INDICATES DATA IS MISSING.
T  INDICATES TRACE AMOUNT.




$$
