000
CDUS42 KCAE 240626
CLICUB


CLIMATE REPORT
NATIONAL WEATHER SERVICE COLUMBIA SC
126 AM EST FRI FEB 24 2017


...................................

...THE HAMILTON - OWENS AIRPORT SC CLIMATE SUMMARY FOR FEBRUARY 23 2017...

CLIMATE NORMAL PERIOD 1981 TO 2010
CLIMATE RECORD PERIOD 9999 TO 9999


WEATHER ITEM   OBSERVED TIME   NORMAL DEPARTURE LAST
                VALUE   (LST)  VALUE  FROM      YEAR
                                      NORMAL
......................................................
TEMPERATURE (F)
 YESTERDAY
  MAXIMUM         78    411 PM  62     16       61
  MINIMUM         57    746 AM  40     17       53
  AVERAGE         68            51     17       57

PRECIPITATION (IN)
  YESTERDAY        0.00          0.14  -0.14     0.01
  MONTH TO DATE    1.56          2.92  -1.36     3.09
  SINCE DEC 1     11.08          9.75   1.33     9.88
  SINCE JAN 1      7.70          6.55   1.15     4.64

DEGREE DAYS
 HEATING
  YESTERDAY        0            14    -14        8
  MONTH TO DATE  193           369   -176      374
  SINCE DEC 1    979          1490   -511     1181
  SINCE JUL 1   1240          1861   -621     1428

 COOLING
  YESTERDAY        3             0      3        0
  MONTH TO DATE    8             0      8        3
  SINCE DEC 1     11             5      6       59
  SINCE JAN 1     10             1      9        3
......................................................


WIND (MPH)
  HIGHEST WIND SPEED    10   HIGHEST WIND DIRECTION    SE (130)
  HIGHEST GUST SPEED    15   HIGHEST GUST DIRECTION    SE (130)
  AVERAGE WIND SPEED     3.1


SKY COVER
  AVERAGE SKY COVER 0.2


WEATHER CONDITIONS
 THE FOLLOWING WEATHER WAS RECORDED YESTERDAY.
  NO SIGNIFICANT WEATHER WAS OBSERVED.


RELATIVE HUMIDITY (PERCENT)
 HIGHEST    87           300 AM
 LOWEST     36           500 PM

..........................................................


THE HAMILTON - OWENS AIRPORT SC CLIMATE NORMALS FOR TODAY
                         NORMAL    RECORD    YEAR
 MAXIMUM TEMPERATURE (F)   63        MM        MM
 MINIMUM TEMPERATURE (F)   40        MM        MM


SUNRISE AND SUNSET
FEBRUARY 24 2017......SUNRISE   658 AM EST   SUNSET   616 PM EST
FEBRUARY 25 2017......SUNRISE   657 AM EST   SUNSET   617 PM EST


-  INDICATES NEGATIVE NUMBERS.
R  INDICATES RECORD WAS SET OR TIED.
MM INDICATES DATA IS MISSING.
T  INDICATES TRACE AMOUNT.




$$
