000
CDUS42 KCAE 282219
CLICUB


CLIMATE REPORT
NATIONAL WEATHER SERVICE COLUMBIA SC
517 PM EST FRI NOV 28 2014


...................................

...THE HAMILTON - OWENS AIRPORT SC CLIMATE SUMMARY FOR NOVEMBER 28 2014...
VALID TODAY AS OF 0500 PM LOCAL TIME.

CLIMATE NORMAL PERIOD 1981 TO 2010
CLIMATE RECORD PERIOD 9999 TO 9999


WEATHER ITEM   OBSERVED TIME   RECORD YEAR NORMAL DEPARTURE LAST
                VALUE   (LST)  VALUE       VALUE  FROM      YEAR
                                                  NORMAL
..................................................................
TEMPERATURE (F)
 TODAY
  MAXIMUM         49    330 PM  MM      MM  64    -15       48
  MINIMUM         29    713 AM  MM      MM  41    -12       26
  AVERAGE         39                        53    -14       37

PRECIPITATION (IN)
  TODAY            0.00         MM      MM   0.11  -0.11     0.00
  MONTH TO DATE    4.50                      2.77   1.73     1.88
  SINCE SEP 1     12.62                     10.13   2.49     3.98
  SINCE JAN 1     42.28                     41.98   0.30    46.87

DEGREE DAYS
 HEATING
  TODAY           26                        13     13       28
  MONTH TO DATE  384                       256    128      311
  SINCE SEP 1    444                       345     99      371
  SINCE JUL 1    444                       345     99      371

 COOLING
  TODAY            0                         0      0        0
  MONTH TO DATE    8                        11     -3       19
  SINCE SEP 1    488                       435     53      495
  SINCE JAN 1   2415                      2253    162     2223
..................................................................


WIND (MPH)
  HIGHEST WIND SPEED     8   HIGHEST WIND DIRECTION     W (290)
  HIGHEST GUST SPEED    13   HIGHEST GUST DIRECTION    NW (330)
  AVERAGE WIND SPEED     3.3


SKY COVER
  AVERAGE SKY COVER 0.0


WEATHER CONDITIONS
 THE FOLLOWING WEATHER WAS RECORDED TODAY.
  NO SIGNIFICANT WEATHER WAS OBSERVED.


RELATIVE HUMIDITY (PERCENT)
 HIGHEST    85           700 AM
 LOWEST     29           400 PM
 AVERAGE    57

..........................................................


THE HAMILTON - OWENS AIRPORT SC CLIMATE NORMALS FOR TOMORROW
                         NORMAL    RECORD    YEAR
 MAXIMUM TEMPERATURE (F)   64        MM        MM
 MINIMUM TEMPERATURE (F)   41        MM        MM


SUNRISE AND SUNSET
NOVEMBER 28 2014......SUNRISE   708 AM EST   SUNSET   515 PM EST
NOVEMBER 29 2014......SUNRISE   709 AM EST   SUNSET   515 PM EST


-  INDICATES NEGATIVE NUMBERS.
R  INDICATES RECORD WAS SET OR TIED.
MM INDICATES DATA IS MISSING.
T  INDICATES TRACE AMOUNT.




$$
