000
CDUS43 KUNR 130833
CLICUT


CLIMATE REPORT
NATIONAL WEATHER SERVICE RAPID CITY SD
232 AM MDT SUN JUL 13 2014


...................................

...THE CUSTER COUNTY AIRPORT SD CLIMATE SUMMARY FOR JULY 12 2014...

CLIMATE NORMAL PERIOD 1981 TO 2010
CLIMATE RECORD PERIOD 9999 TO 9999


WEATHER ITEM   OBSERVED TIME   NORMAL DEPARTURE LAST
                VALUE   (LST)  VALUE  FROM      YEAR
                                      NORMAL
......................................................
TEMPERATURE (F)
 YESTERDAY
  MAXIMUM         80    225 PM  80      0       81
  MINIMUM         53    502 AM  52      1       60
  AVERAGE         67            66      1       71

PRECIPITATION (IN)
  YESTERDAY        0.02          0.08  -0.06      T
  MONTH TO DATE    0.80          0.93  -0.13     2.22
  SINCE JUN 1      4.19          4.15   0.04     3.87
  SINCE JAN 1     11.91         11.26   0.65    10.40

DEGREE DAYS
 HEATING
  YESTERDAY        0             2     -2        0
  MONTH TO DATE   35            28      7       10
  SINCE JUN 1    308           248     60      203
  SINCE JUL 1     35            28      7       10

 COOLING
  YESTERDAY        2             3     -1        6
  MONTH TO DATE   33            26      7       27
  SINCE JUN 1     34            51    -17       36
  SINCE JAN 1     38            52    -14       38
......................................................


WIND (MPH)
  HIGHEST WIND SPEED    17   HIGHEST WIND DIRECTION    NE (60)
  HIGHEST GUST SPEED    23   HIGHEST GUST DIRECTION     W (280)
  AVERAGE WIND SPEED     4.7


SKY COVER
  AVERAGE SKY COVER 0.3


WEATHER CONDITIONS
 THE FOLLOWING WEATHER WAS RECORDED YESTERDAY.
  THUNDERSTORM


RELATIVE HUMIDITY (PERCENT)
 HIGHEST    93
 LOWEST     42
 AVERAGE    68

..........................................................




SUNRISE AND SUNSET
JULY 13 2014..........SUNRISE   525 AM MDT   SUNSET   835 PM MDT
JULY 14 2014..........SUNRISE   526 AM MDT   SUNSET   835 PM MDT


-  INDICATES NEGATIVE NUMBERS.
R  INDICATES RECORD WAS SET OR TIED.
MM INDICATES DATA IS MISSING.
T  INDICATES TRACE AMOUNT.




$$
