000
CDUS43 KUNR 280836
CLICUT


CLIMATE REPORT
NATIONAL WEATHER SERVICE RAPID CITY SD
236 AM MDT FRI JUL 28 2017


...................................

...THE CUSTER COUNTY AIRPORT SD CLIMATE SUMMARY FOR JULY 27 2017...

CLIMATE NORMAL PERIOD 1981 TO 2010
CLIMATE RECORD PERIOD 9999 TO 9999


WEATHER ITEM   OBSERVED TIME   NORMAL DEPARTURE LAST
                VALUE   (LST)  VALUE  FROM      YEAR
                                      NORMAL
......................................................
TEMPERATURE (F)
 YESTERDAY
  MAXIMUM         68    449 PM  80    -12       78
  MINIMUM         52   1159 PM  52      0       54
  AVERAGE         60            66     -6       66

PRECIPITATION (IN)
  YESTERDAY        3.78          0.08   3.70     1.14
  MONTH TO DATE    5.27          2.15   3.12     2.93
  SINCE JUN 1      6.61          5.37   1.24     5.63
  SINCE JAN 1     14.49         12.48   2.01    10.21

DEGREE DAYS
 HEATING
  YESTERDAY        5             2      3        0
  MONTH TO DATE    8            58    -50       36
  SINCE JUN 1    163           278   -115       92
  SINCE JUL 1      8            58    -50       36

 COOLING
  YESTERDAY        0             3     -3        1
  MONTH TO DATE  155            71     84      107
  SINCE JUN 1    175            96     79      184
  SINCE JAN 1    175            97     78      184
......................................................


WIND (MPH)
  HIGHEST WIND SPEED    24   HIGHEST WIND DIRECTION     E (80)
  HIGHEST GUST SPEED    30   HIGHEST GUST DIRECTION     E (80)
  AVERAGE WIND SPEED     7.6


SKY COVER
  AVERAGE SKY COVER 0.7


WEATHER CONDITIONS
 THE FOLLOWING WEATHER WAS RECORDED YESTERDAY.
  THUNDERSTORM
  HEAVY RAIN
  RAIN
  LIGHT RAIN
  FOG
  FOG W/VISIBILITY <= 1/4 MILE


RELATIVE HUMIDITY (PERCENT)
 HIGHEST    93
 LOWEST     56
 AVERAGE    75

..........................................................




SUNRISE AND SUNSET
JULY 28 2017..........SUNRISE   539 AM MDT   SUNSET   822 PM MDT
JULY 29 2017..........SUNRISE   540 AM MDT   SUNSET   821 PM MDT


-  INDICATES NEGATIVE NUMBERS.
R  INDICATES RECORD WAS SET OR TIED.
MM INDICATES DATA IS MISSING.
T  INDICATES TRACE AMOUNT.




$$
