000
CDUS43 KUNR 270831
CLICUT


CLIMATE REPORT
NATIONAL WEATHER SERVICE RAPID CITY SD
231 AM MDT SAT AUG 27 2016


...................................

...THE CUSTER COUNTY AIRPORT SD CLIMATE SUMMARY FOR AUGUST 26 2016...

CLIMATE NORMAL PERIOD 1981 TO 2010
CLIMATE RECORD PERIOD 9999 TO 9999


WEATHER ITEM   OBSERVED TIME   NORMAL DEPARTURE LAST
                VALUE   (LST)  VALUE  FROM      YEAR
                                      NORMAL
......................................................
TEMPERATURE (F)
 YESTERDAY
  MAXIMUM         64    410 PM  76    -12       86
  MINIMUM         46    453 AM  48     -2       54
  AVERAGE         55            62     -7       70

PRECIPITATION (IN)
  YESTERDAY        0.52          0.08   0.44     0.09
  MONTH TO DATE    1.73          1.77  -0.04     2.12
  SINCE JUN 1      8.26          7.43   0.83    10.92
  SINCE JAN 1     12.84         14.54  -1.70    20.23

DEGREE DAYS
 HEATING
  YESTERDAY       10             4      6        0
  MONTH TO DATE   85            69     16       90
  SINCE JUN 1    184           350   -166      248
  SINCE JUL 1    128           130     -2      146

 COOLING
  YESTERDAY        0             1     -1        5
  MONTH TO DATE   54            47      7       71
  SINCE JUN 1    249           153     96      168
  SINCE JAN 1    249           154     95      168
......................................................


WIND (MPH)
  HIGHEST WIND SPEED    14   HIGHEST WIND DIRECTION     E (90)
  HIGHEST GUST SPEED    29   HIGHEST GUST DIRECTION     E (80)
  AVERAGE WIND SPEED     5.4


SKY COVER
  AVERAGE SKY COVER 0.6


WEATHER CONDITIONS
 THE FOLLOWING WEATHER WAS RECORDED YESTERDAY.
  THUNDERSTORM
  HEAVY RAIN
  RAIN
  LIGHT RAIN
  FOG
  FOG W/VISIBILITY <= 1/4 MILE


RELATIVE HUMIDITY (PERCENT)
 HIGHEST    93
 LOWEST     55
 AVERAGE    74

..........................................................




SUNRISE AND SUNSET
AUGUST 27 2016........SUNRISE   613 AM MDT   SUNSET   738 PM MDT
AUGUST 28 2016........SUNRISE   614 AM MDT   SUNSET   736 PM MDT


-  INDICATES NEGATIVE NUMBERS.
R  INDICATES RECORD WAS SET OR TIED.
MM INDICATES DATA IS MISSING.
T  INDICATES TRACE AMOUNT.




$$
