875
CDUS43 KUNR 250831
CLICUT


CLIMATE REPORT
NATIONAL WEATHER SERVICE RAPID CITY SD
231 AM MDT SUN SEP 25 2016


...................................

...THE CUSTER COUNTY AIRPORT SD CLIMATE SUMMARY FOR SEPTEMBER 24 2016...

CLIMATE NORMAL PERIOD 1981 TO 2010
CLIMATE RECORD PERIOD 9999 TO 9999


WEATHER ITEM   OBSERVED TIME   NORMAL DEPARTURE LAST
                VALUE   (LST)  VALUE  FROM      YEAR
                                      NORMAL
......................................................
TEMPERATURE (F)
 YESTERDAY
  MAXIMUM         50   1143 AM  63    -13       77
  MINIMUM         40    737 PM  38      2       45
  AVERAGE         45            50     -5       61

PRECIPITATION (IN)
  YESTERDAY        0.14          0.04   0.10     0.00
  MONTH TO DATE    1.77          1.35   0.42     0.06
  SINCE SEP 1      1.77          1.35   0.42     0.06
  SINCE JAN 1     14.61         16.27  -1.66    20.30

DEGREE DAYS
 HEATING
  YESTERDAY       20            15      5        4
  MONTH TO DATE  201           236    -35      120
  SINCE SEP 1    201           236    -35      120
  SINCE JUL 1    337           390    -53      266

 COOLING
  YESTERDAY        0             0      0        0
  MONTH TO DATE    7            11     -4       42
  SINCE SEP 1      7            11     -4       42
  SINCE JAN 1    259           177     82      229
......................................................


WIND (MPH)
  HIGHEST WIND SPEED    28   HIGHEST WIND DIRECTION     W (270)
  HIGHEST GUST SPEED    38   HIGHEST GUST DIRECTION     W (280)
  AVERAGE WIND SPEED    15.6


SKY COVER
  AVERAGE SKY COVER 1.0


WEATHER CONDITIONS
 THE FOLLOWING WEATHER WAS RECORDED YESTERDAY.
  RAIN
  LIGHT RAIN
  FOG
  FOG W/VISIBILITY <= 1/4 MILE


RELATIVE HUMIDITY (PERCENT)
 HIGHEST    93
 LOWEST     70
 AVERAGE    82

..........................................................




SUNRISE AND SUNSET
SEPTEMBER 25 2016.....SUNRISE   646 AM MDT   SUNSET   645 PM MDT
SEPTEMBER 26 2016.....SUNRISE   647 AM MDT   SUNSET   644 PM MDT


-  INDICATES NEGATIVE NUMBERS.
R  INDICATES RECORD WAS SET OR TIED.
MM INDICATES DATA IS MISSING.
T  INDICATES TRACE AMOUNT.




$$
