000
CDUS43 KUNR 240836
CLICUT


CLIMATE REPORT
NATIONAL WEATHER SERVICE RAPID CITY SD
135 AM MST FRI FEB 24 2017


...................................

...THE CUSTER COUNTY AIRPORT SD CLIMATE SUMMARY FOR FEBRUARY 23 2017...

CLIMATE NORMAL PERIOD 1981 TO 2010
CLIMATE RECORD PERIOD 9999 TO 9999


WEATHER ITEM   OBSERVED TIME   NORMAL DEPARTURE LAST
                VALUE   (LST)  VALUE  FROM      YEAR
                                      NORMAL
......................................................
TEMPERATURE (F)
 YESTERDAY
  MAXIMUM         24    139 AM  38    -14       41
  MINIMUM         16   1159 PM  16      0       21
  AVERAGE         20            27     -7       31

PRECIPITATION (IN)
  YESTERDAY        0.19          0.02   0.17     0.00
  MONTH TO DATE    0.88          0.44   0.44     0.51
  SINCE DEC 1      3.15          1.15   2.00     0.93
  SINCE JAN 1      1.87          0.77   1.10     0.55

DEGREE DAYS
 HEATING
  YESTERDAY       45            38      7       34
  MONTH TO DATE  740           913   -173      772
  SINCE DEC 1   3522          3467     55     3089
  SINCE JUL 1   5141          5648   -507     4877

 COOLING
  YESTERDAY        0             0      0        0
  MONTH TO DATE    0             0      0        0
  SINCE DEC 1      0             0      0        0
  SINCE JAN 1      0             0      0        0
......................................................


WIND (MPH)
  HIGHEST WIND SPEED    23   HIGHEST WIND DIRECTION    NE (50)
  HIGHEST GUST SPEED    33   HIGHEST GUST DIRECTION    NE (50)
  AVERAGE WIND SPEED    13.4


SKY COVER
  AVERAGE SKY COVER 1.0


WEATHER CONDITIONS
 THE FOLLOWING WEATHER WAS RECORDED YESTERDAY.
  SNOW
  LIGHT SNOW
  FOG


RELATIVE HUMIDITY (PERCENT)
 HIGHEST    96
 LOWEST     73
 AVERAGE    85

..........................................................




SUNRISE AND SUNSET
FEBRUARY 24 2017......SUNRISE   639 AM MST   SUNSET   537 PM MST
FEBRUARY 25 2017......SUNRISE   637 AM MST   SUNSET   538 PM MST


-  INDICATES NEGATIVE NUMBERS.
R  INDICATES RECORD WAS SET OR TIED.
MM INDICATES DATA IS MISSING.
T  INDICATES TRACE AMOUNT.




$$
