000
CDUS43 KUNR 220843
CLICUT


CLIMATE REPORT
NATIONAL WEATHER SERVICE RAPID CITY SD
243 AM MDT FRI SEP 22 2017


...................................

...THE CUSTER COUNTY AIRPORT SD CLIMATE SUMMARY FOR SEPTEMBER 21 2017...

CLIMATE NORMAL PERIOD 1981 TO 2010
CLIMATE RECORD PERIOD 9999 TO 9999


WEATHER ITEM   OBSERVED TIME   NORMAL DEPARTURE LAST
                VALUE   (LST)  VALUE  FROM      YEAR
                                      NORMAL
......................................................
TEMPERATURE (F)
 YESTERDAY
  MAXIMUM         78    142 PM  65     13       71
  MINIMUM         48    401 AM  39      9       49
  AVERAGE         63            52     11       60

PRECIPITATION (IN)
  YESTERDAY        0.00          0.05  -0.05     0.00
  MONTH TO DATE    0.89          1.21  -0.32     1.13
  SINCE SEP 1      0.89          1.21  -0.32     1.13
  SINCE JAN 1     18.46         16.13   2.33    13.97

DEGREE DAYS
 HEATING
  YESTERDAY        2            13    -11        5
  MONTH TO DATE  132           193    -61      163
  SINCE SEP 1    132           193    -61      163
  SINCE JUL 1    233           347   -114      299

 COOLING
  YESTERDAY        0             0      0        0
  MONTH TO DATE   27            11     16        7
  SINCE SEP 1     27            11     16        7
  SINCE JAN 1    235           177     58      259
......................................................


WIND (MPH)
  HIGHEST WIND SPEED    24   HIGHEST WIND DIRECTION     E (70)
  HIGHEST GUST SPEED    28   HIGHEST GUST DIRECTION     W (250)
  AVERAGE WIND SPEED     9.9


SKY COVER
  AVERAGE SKY COVER 0.0


WEATHER CONDITIONS
 THE FOLLOWING WEATHER WAS RECORDED YESTERDAY.
  NO SIGNIFICANT WEATHER WAS OBSERVED.


RELATIVE HUMIDITY (PERCENT)
 HIGHEST    59
 LOWEST     16
 AVERAGE    38

..........................................................




SUNRISE AND SUNSET
SEPTEMBER 22 2017.....SUNRISE   642 AM MDT   SUNSET   651 PM MDT
SEPTEMBER 23 2017.....SUNRISE   643 AM MDT   SUNSET   649 PM MDT


-  INDICATES NEGATIVE NUMBERS.
R  INDICATES RECORD WAS SET OR TIED.
MM INDICATES DATA IS MISSING.
T  INDICATES TRACE AMOUNT.




$$
