000
CDUS43 KUNR 280846
CLICUT


CLIMATE REPORT
NATIONAL WEATHER SERVICE RAPID CITY SD
243 AM MDT TUE JUL 28 2015


...................................

...THE CUSTER COUNTY AIRPORT SD CLIMATE SUMMARY FOR JULY 27 2015...

CLIMATE NORMAL PERIOD 1981 TO 2010
CLIMATE RECORD PERIOD 9999 TO 9999


WEATHER ITEM   OBSERVED TIME   NORMAL DEPARTURE LAST
                VALUE   (LST)  VALUE  FROM      YEAR
                                      NORMAL
......................................................
TEMPERATURE (F)
 YESTERDAY
  MAXIMUM         89   1149 AM  80      9       77
  MINIMUM         52    443 PM  52      0       49
  AVERAGE         71            66      5       63

PRECIPITATION (IN)
  YESTERDAY        1.28          0.08   1.20     0.00
  MONTH TO DATE    2.30          2.15   0.15     1.44
  SINCE JUN 1      8.80          5.37   3.43     4.83
  SINCE JAN 1     18.11         12.48   5.63    12.55

DEGREE DAYS
 HEATING
  YESTERDAY        0             2     -2        2
  MONTH TO DATE   40            58    -18       66
  SINCE JUN 1    142           278   -136      339
  SINCE JUL 1     40            58    -18       66

 COOLING
  YESTERDAY        6             3      3        0
  MONTH TO DATE   69            71     -2       85
  SINCE JUN 1     96            96      0       86
  SINCE JAN 1     96            97     -1       90
......................................................


WIND (MPH)
  HIGHEST WIND SPEED    35   HIGHEST WIND DIRECTION    NW (300)
  HIGHEST GUST SPEED    52   HIGHEST GUST DIRECTION    NW (320)
  AVERAGE WIND SPEED     5.9


SKY COVER
  AVERAGE SKY COVER 0.1


WEATHER CONDITIONS
 THE FOLLOWING WEATHER WAS RECORDED YESTERDAY.
  THUNDERSTORM
  HEAVY RAIN
  RAIN
  LIGHT RAIN
  FOG
  FOG W/VISIBILITY <= 1/4 MILE


RELATIVE HUMIDITY (PERCENT)
 HIGHEST   100
 LOWEST     21
 AVERAGE    61

..........................................................




SUNRISE AND SUNSET
JULY 28 2015..........SUNRISE   539 AM MDT   SUNSET   822 PM MDT
JULY 29 2015..........SUNRISE   540 AM MDT   SUNSET   821 PM MDT


-  INDICATES NEGATIVE NUMBERS.
R  INDICATES RECORD WAS SET OR TIED.
MM INDICATES DATA IS MISSING.
T  INDICATES TRACE AMOUNT.




$$
