000
CDUS41 KILN 290659
CLICVG


CLIMATE REPORT
NATIONAL WEATHER SERVICE WILMINGTON OH
259 AM EDT FRI JUL 29 2016


...................................

...THE CINCINNATI OH CLIMATE SUMMARY FOR JULY 28 2016...

CLIMATE NORMAL PERIOD 1981 TO 2010
CLIMATE RECORD PERIOD 1869 TO 2016


WEATHER ITEM   OBSERVED TIME   RECORD YEAR NORMAL DEPARTURE LAST
                VALUE   (LST)  VALUE       VALUE  FROM      YEAR
                                                  NORMAL
..................................................................
TEMPERATURE (F)
 YESTERDAY
  MAXIMUM         83    612 PM 103    1930  86     -3       92
  MINIMUM         72    806 AM  53    2013  66      6       72
                                      1962
                                      1920
  AVERAGE         78                        76      2       82

PRECIPITATION (IN)
  YESTERDAY        1.46R         1.43 1915   0.12   1.34     0.00
  MONTH TO DATE    4.40                      3.40   1.00     4.08
  SINCE JUN 1      6.89                      7.43  -0.54    11.41
  SINCE JAN 1     26.50                     26.02   0.48    28.64

SNOWFALL (IN)
  YESTERDAY        0.0           0.0    MM   0.0    0.0      0.0
  MONTH TO DATE    0.0                       0.0    0.0      0.0
  SINCE JUN 1      0.0                       0.0    0.0      0.0
  SINCE JUL 1      0.0                       0.0    0.0      0.0
  SNOW DEPTH       0

DEGREE DAYS
 HEATING
  YESTERDAY        0                         0      0        0
  MONTH TO DATE    0                         0      0        0
  SINCE JUN 1      2                        15    -13       19
  SINCE JUL 1      0                         0      0        0

 COOLING
  YESTERDAY       13                        11      2       17
  MONTH TO DATE  339                       306     33      281
  SINCE JUN 1    622                       532     90      540
  SINCE JAN 1    715                       626     89      689
..................................................................


WIND (MPH)
  RESULTANT WIND SPEED   2   RESULTANT WIND DIRECTION  SW (240)
  HIGHEST WIND SPEED    16   HIGHEST WIND DIRECTION    SW (210)
  HIGHEST GUST SPEED    20   HIGHEST GUST DIRECTION    SW (220)
  AVERAGE WIND SPEED     2.8


SKY COVER
  POSSIBLE SUNSHINE  MM
  AVERAGE SKY COVER 0.8


WEATHER CONDITIONS
 THE FOLLOWING WEATHER WAS RECORDED YESTERDAY.
  THUNDERSTORM
  HEAVY RAIN
  RAIN
  LIGHT RAIN
  FOG


RELATIVE HUMIDITY (PERCENT)
 HIGHEST   100           100 AM
 LOWEST     69           500 PM
 AVERAGE    85

..........................................................


THE CINCINNATI OH CLIMATE NORMALS FOR TODAY
                         NORMAL    RECORD    YEAR
 MAXIMUM TEMPERATURE (F)   86       100      1940
 MINIMUM TEMPERATURE (F)   66        50      2014


SUNRISE AND SUNSET
JULY 29 2016..........SUNRISE   637 AM EDT   SUNSET   853 PM EDT
JULY 30 2016..........SUNRISE   638 AM EDT   SUNSET   852 PM EDT


-  INDICATES NEGATIVE NUMBERS.
R  INDICATES RECORD WAS SET OR TIED.
MM INDICATES DATA IS MISSING.
T  INDICATES TRACE AMOUNT.




$$
