000
CDUS41 KILN 220643
CLICVG


CLIMATE REPORT
NATIONAL WEATHER SERVICE WILMINGTON OH
143 AM EST MON JAN 22 2018


...................................

...THE CINCINNATI OH CLIMATE SUMMARY FOR JANUARY 21 2018...

CLIMATE NORMAL PERIOD 1981 TO 2010
CLIMATE RECORD PERIOD 1869 TO 2018


WEATHER ITEM   OBSERVED TIME   RECORD YEAR NORMAL DEPARTURE LAST
                VALUE   (LST)  VALUE       VALUE  FROM      YEAR
                                                  NORMAL
..................................................................
TEMPERATURE (F)
 YESTERDAY
  MAXIMUM         56    159 PM  75    1906  39     17       65
  MINIMUM         44    636 AM -21    1984  23     21       47
  AVERAGE         50                        31     19       56

PRECIPITATION (IN)
  YESTERDAY        0.00          3.97 1959   0.09  -0.09     0.00
  MONTH TO DATE    1.55                      2.04  -0.49     3.44
  SINCE DEC 1      3.94                      5.41  -1.47     7.87
  SINCE JAN 1      1.55                      2.04  -0.49     3.44

SNOWFALL (IN)
  YESTERDAY        0.0           5.3  2014   0.2   -0.2      0.0
  MONTH TO DATE    5.6                       4.1    1.5      2.5
  SINCE DEC 1      9.4                       8.9    0.5      4.7
  SINCE JUL 1      9.4                       9.7   -0.3      4.7
  SNOW DEPTH       0

DEGREE DAYS
 HEATING
  YESTERDAY       15                        34    -19        9
  MONTH TO DATE  856                       714    142      581
  SINCE DEC 1   1863                      1673    190     1550
  SINCE JUL 1   2754                      2633    121     2232

 COOLING
  YESTERDAY        0                         0      0        0
  MONTH TO DATE    0                         0      0        0
  SINCE DEC 1      0                         0      0        0
  SINCE JAN 1      0                         0      0        0
..................................................................


WIND (MPH)
  RESULTANT WIND SPEED   8   RESULTANT WIND DIRECTION   S (190)
  HIGHEST WIND SPEED    16   HIGHEST WIND DIRECTION     S (200)
  HIGHEST GUST SPEED    22   HIGHEST GUST DIRECTION    SW (210)
  AVERAGE WIND SPEED     8.1


SKY COVER
  POSSIBLE SUNSHINE  MM
  AVERAGE SKY COVER 1.0


WEATHER CONDITIONS
 THE FOLLOWING WEATHER WAS RECORDED YESTERDAY.
  NO SIGNIFICANT WEATHER WAS OBSERVED.


RELATIVE HUMIDITY (PERCENT)
 HIGHEST   100          1200 AM
 LOWEST     71          1200 PM
 AVERAGE    86

..........................................................


THE CINCINNATI OH CLIMATE NORMALS FOR TODAY
                         NORMAL    RECORD    YEAR
 MAXIMUM TEMPERATURE (F)   39        69      1993
                                             1933
                                             1874
 MINIMUM TEMPERATURE (F)   23       -15      1936


SUNRISE AND SUNSET
JANUARY 22 2018.......SUNRISE   753 AM EST   SUNSET   548 PM EST
JANUARY 23 2018.......SUNRISE   752 AM EST   SUNSET   549 PM EST


-  INDICATES NEGATIVE NUMBERS.
R  INDICATES RECORD WAS SET OR TIED.
MM INDICATES DATA IS MISSING.
T  INDICATES TRACE AMOUNT.




$$
