000
CDUS41 KILN 260554
CLICVG


CLIMATE REPORT
NATIONAL WEATHER SERVICE WILMINGTON OH
153 AM EDT TUE SEP 26 2017


...................................

...THE CINCINNATI OH CLIMATE SUMMARY FOR SEPTEMBER 25 2017...

CLIMATE NORMAL PERIOD 1981 TO 2010
CLIMATE RECORD PERIOD 1869 TO 2017


WEATHER ITEM   OBSERVED TIME   RECORD YEAR NORMAL DEPARTURE LAST
                VALUE   (LST)  VALUE       VALUE  FROM      YEAR
                                                  NORMAL
..................................................................
TEMPERATURE (F)
 YESTERDAY
  MAXIMUM         89    146 PM  93    2007  74     15       87
  MINIMUM         59    603 AM  35    1950  53      6       63
  AVERAGE         74                        64     10       75

PRECIPITATION (IN)
  YESTERDAY        0.00          2.02 2000   0.09  -0.09     0.00
  MONTH TO DATE    2.41                      2.17   0.24     1.26
  SINCE SEP 1      2.41                      2.17   0.24     1.26
  SINCE JAN 1     39.20                     31.96   7.24    34.34

SNOWFALL (IN)
  YESTERDAY        0.0          MM      MM   0.0    0.0      0.0
  MONTH TO DATE    0.0                       0.0    0.0      0.0
  SINCE SEP 1      0.0                       0.0    0.0      0.0
  SINCE JUL 1      0.0                       0.0    0.0      0.0
  SNOW DEPTH       0

DEGREE DAYS
 HEATING
  YESTERDAY        0                         4     -4        0
  MONTH TO DATE   39                        35      4        0
  SINCE SEP 1     39                        35      4        0
  SINCE JUL 1     40                        35      5        0

 COOLING
  YESTERDAY        9                         2      7       10
  MONTH TO DATE  110                       127    -17      236
  SINCE SEP 1    110                       127    -17      236
  SINCE JAN 1   1041                      1095    -54     1411
..................................................................


WIND (MPH)
  RESULTANT WIND SPEED   1   RESULTANT WIND DIRECTION   S (180)
  HIGHEST WIND SPEED     8   HIGHEST WIND DIRECTION    SE (150)
  HIGHEST GUST SPEED    10   HIGHEST GUST DIRECTION    SE (150)
  AVERAGE WIND SPEED     2.4


SKY COVER
  POSSIBLE SUNSHINE  MM
  AVERAGE SKY COVER 0.5


WEATHER CONDITIONS
 THE FOLLOWING WEATHER WAS RECORDED YESTERDAY.
  NO SIGNIFICANT WEATHER WAS OBSERVED.


RELATIVE HUMIDITY (PERCENT)
 HIGHEST    90          1000 PM
 LOWEST     43           200 PM
 AVERAGE    67

..........................................................


THE CINCINNATI OH CLIMATE NORMALS FOR TODAY
                         NORMAL    RECORD    YEAR
 MAXIMUM TEMPERATURE (F)   74        92      1900
 MINIMUM TEMPERATURE (F)   53        33      1928


SUNRISE AND SUNSET
SEPTEMBER 26 2017.....SUNRISE   730 AM EDT   SUNSET   729 PM EDT
SEPTEMBER 27 2017.....SUNRISE   731 AM EDT   SUNSET   727 PM EDT


-  INDICATES NEGATIVE NUMBERS.
R  INDICATES RECORD WAS SET OR TIED.
MM INDICATES DATA IS MISSING.
T  INDICATES TRACE AMOUNT.




$$
