000
CDUS41 KILN 270545
CLICVG


CLIMATE REPORT
NATIONAL WEATHER SERVICE WILMINGTON OH
143 AM EDT TUE SEP 27 2016


...................................

...THE CINCINNATI OH CLIMATE SUMMARY FOR SEPTEMBER 26 2016...

CLIMATE NORMAL PERIOD 1981 TO 2010
CLIMATE RECORD PERIOD 1869 TO 2016


WEATHER ITEM   OBSERVED TIME   RECORD YEAR NORMAL DEPARTURE LAST
                VALUE   (LST)  VALUE       VALUE  FROM      YEAR
                                                  NORMAL
..................................................................
TEMPERATURE (F)
 YESTERDAY
  MAXIMUM         72    123 AM  92    1900  74     -2       70
  MINIMUM         53    951 PM  33    1928  53      0       61
  AVERAGE         63                        63      0       66

PRECIPITATION (IN)
  YESTERDAY        0.37          3.76 2011   0.09   0.28     0.03
  MONTH TO DATE    1.63                      2.26  -0.63     0.89
  SINCE SEP 1      1.63                      2.26  -0.63     0.89
  SINCE JAN 1     34.71                     32.05   2.66    33.10

SNOWFALL (IN)
  YESTERDAY        0.0          MM      MM   0.0    0.0      0.0
  MONTH TO DATE    0.0                       0.0    0.0      0.0
  SINCE SEP 1      0.0                       0.0    0.0      0.0
  SINCE JUL 1      0.0                       0.0    0.0      0.0
  SNOW DEPTH       0

DEGREE DAYS
 HEATING
  YESTERDAY        2                         4     -2        0
  MONTH TO DATE    2                        39    -37       14
  SINCE SEP 1      2                        39    -37       14
  SINCE JUL 1      2                        39    -37       16

 COOLING
  YESTERDAY        0                         2     -2        1
  MONTH TO DATE  236                       129    107      165
  SINCE SEP 1    236                       129    107      165
  SINCE JAN 1   1411                      1097    314     1120
..................................................................


WIND (MPH)
  RESULTANT WIND SPEED   5   RESULTANT WIND DIRECTION   W (250)
  HIGHEST WIND SPEED    26   HIGHEST WIND DIRECTION    NW (320)
  HIGHEST GUST SPEED    32   HIGHEST GUST DIRECTION    NW (320)
  AVERAGE WIND SPEED     7.6


SKY COVER
  POSSIBLE SUNSHINE  MM
  AVERAGE SKY COVER 0.5


WEATHER CONDITIONS
 THE FOLLOWING WEATHER WAS RECORDED YESTERDAY.
  HEAVY RAIN
  RAIN
  LIGHT RAIN
  FOG


RELATIVE HUMIDITY (PERCENT)
 HIGHEST   100          1100 AM
 LOWEST     58           400 PM
 AVERAGE    79

..........................................................


THE CINCINNATI OH CLIMATE NORMALS FOR TODAY
                         NORMAL    RECORD    YEAR
 MAXIMUM TEMPERATURE (F)   73        90      1998
                                             1923
 MINIMUM TEMPERATURE (F)   52        37      1991


SUNRISE AND SUNSET
SEPTEMBER 27 2016.....SUNRISE   731 AM EDT   SUNSET   727 PM EDT
SEPTEMBER 28 2016.....SUNRISE   732 AM EDT   SUNSET   725 PM EDT


-  INDICATES NEGATIVE NUMBERS.
R  INDICATES RECORD WAS SET OR TIED.
MM INDICATES DATA IS MISSING.
T  INDICATES TRACE AMOUNT.




$$
