000
CDUS41 KILN 280607
CLICVG


CLIMATE REPORT
NATIONAL WEATHER SERVICE WILMINGTON OH
203 AM EDT FRI AUG 28 2015


...................................

...THE CINCINNATI OH CLIMATE SUMMARY FOR AUGUST 27 2015...

CLIMATE NORMAL PERIOD 1981 TO 2010
CLIMATE RECORD PERIOD 1869 TO 2015


WEATHER ITEM   OBSERVED TIME   RECORD YEAR NORMAL DEPARTURE LAST
                VALUE   (LST)  VALUE       VALUE  FROM      YEAR
                                                  NORMAL
..................................................................
TEMPERATURE (F)
 YESTERDAY
  MAXIMUM         77    243 PM  99    1948  84     -7       92
  MINIMUM         60    637 AM  50    1945  64     -4       69
  AVERAGE         69                        74     -5       81

PRECIPITATION (IN)
  YESTERDAY        0.00          1.88 1882   0.10  -0.10     0.00
  MONTH TO DATE    2.60                      3.01  -0.41     3.78
  SINCE JUN 1     14.97                     10.80   4.17    12.83
  SINCE JAN 1     32.20                     29.39   2.81    30.30

SNOWFALL (IN)
  YESTERDAY        0.0                       0.0    0.0      0.0
  MONTH TO DATE    0.0                       0.0    0.0      0.0
  SINCE JUN 1      0.0                       0.0    0.0      0.0
  SINCE JUL 1      0.0                       0.0    0.0      0.0
  SNOW DEPTH       0

DEGREE DAYS
 HEATING
  YESTERDAY        0                         0      0        0
  MONTH TO DATE    2                         0      2        0
  SINCE JUN 1     21                        15      6        8
  SINCE JUL 1      2                         0      2        5

 COOLING
  YESTERDAY        4                         9     -5       16
  MONTH TO DATE  192                       275    -83      270
  SINCE JUN 1    770                       840    -70      761
  SINCE JAN 1    919                       934    -15      895
..................................................................


WIND (MPH)
  RESULTANT WIND SPEED   2   RESULTANT WIND DIRECTION   E (70)
  HIGHEST WIND SPEED    12   HIGHEST WIND DIRECTION     E (80)
  HIGHEST GUST SPEED    15   HIGHEST GUST DIRECTION     E (80)
  AVERAGE WIND SPEED     3.4


SKY COVER
  POSSIBLE SUNSHINE  MM
  AVERAGE SKY COVER 0.7


WEATHER CONDITIONS
 THE FOLLOWING WEATHER WAS RECORDED YESTERDAY.
  NO SIGNIFICANT WEATHER WAS OBSERVED.


RELATIVE HUMIDITY (PERCENT)
 HIGHEST    84           700 AM
 LOWEST     46           400 PM
 AVERAGE    65

..........................................................


THE CINCINNATI OH CLIMATE NORMALS FOR TODAY
                         NORMAL    RECORD    YEAR
 MAXIMUM TEMPERATURE (F)   84        98      2007
                                             1953
 MINIMUM TEMPERATURE (F)   63        47      1986


SUNRISE AND SUNSET
AUGUST 28 2015........SUNRISE   704 AM EDT   SUNSET   816 PM EDT
AUGUST 29 2015........SUNRISE   704 AM EDT   SUNSET   814 PM EDT


-  INDICATES NEGATIVE NUMBERS.
R  INDICATES RECORD WAS SET OR TIED.
MM INDICATES DATA IS MISSING.
T  INDICATES TRACE AMOUNT.




$$
