000
CDUS41 KILN 300545
CLICVG


CLIMATE REPORT
NATIONAL WEATHER SERVICE WILMINGTON OH
138 AM EDT TUE SEP 30 2014


...................................

...THE CINCINNATI OH CLIMATE SUMMARY FOR SEPTEMBER 29 2014...

CLIMATE NORMAL PERIOD 1981 TO 2010
CLIMATE RECORD PERIOD 1869 TO 2014


WEATHER ITEM   OBSERVED TIME   RECORD YEAR NORMAL DEPARTURE LAST
                VALUE   (LST)  VALUE       VALUE  FROM      YEAR
                                                  NORMAL
..................................................................
TEMPERATURE (F)
 YESTERDAY
  MAXIMUM         84    251 PM  97    1953  73     11       69
  MINIMUM         56   1145 PM  33    1962  51      5       56
  AVERAGE         70                        62      8       63

PRECIPITATION (IN)
  YESTERDAY        0.00          1.74 1896   0.10  -0.10     0.07
  MONTH TO DATE    3.20                      2.54   0.66     3.63
  SINCE SEP 1      3.20                      2.54   0.66     3.63
  SINCE JAN 1     33.66                     32.33   1.33    36.68

SNOWFALL (IN)
  YESTERDAY        0.0                       0.0    0.0      0.0
  MONTH TO DATE    0.0                       0.0    0.0      0.0
  SINCE SEP 1      0.0                       0.0    0.0      0.0
  SINCE JUL 1      0.0                       0.0    0.0      0.0
  SNOW DEPTH       0

DEGREE DAYS
 HEATING
  YESTERDAY        0                         5     -5        2
  MONTH TO DATE   51                        53     -2       26
  SINCE SEP 1     51                        53     -2       26
  SINCE JUL 1     56                        53      3       30

 COOLING
  YESTERDAY        5                         2      3        0
  MONTH TO DATE  118                       135    -17      142
  SINCE SEP 1    118                       135    -17      142
  SINCE JAN 1   1064                      1103    -39     1118
..................................................................


WIND (MPH)
  RESULTANT WIND SPEED   1   RESULTANT WIND DIRECTION   W (290)
  HIGHEST WIND SPEED    12   HIGHEST WIND DIRECTION    NW (310)
  HIGHEST GUST SPEED    14   HIGHEST GUST DIRECTION     W (270)
  AVERAGE WIND SPEED     2.2


SKY COVER
  POSSIBLE SUNSHINE  MM
  AVERAGE SKY COVER 0.1


WEATHER CONDITIONS
 THE FOLLOWING WEATHER WAS RECORDED YESTERDAY.
  FOG


RELATIVE HUMIDITY (PERCENT)
 HIGHEST   100           700 AM
 LOWEST     31           300 PM
 AVERAGE    66

..........................................................


THE CINCINNATI OH CLIMATE NORMALS FOR TODAY
                         NORMAL    RECORD    YEAR
 MAXIMUM TEMPERATURE (F)   72        92      1953
                                             1941
 MINIMUM TEMPERATURE (F)   51        31      1993


SUNRISE AND SUNSET
SEPTEMBER 30 2014.....SUNRISE   734 AM EDT   SUNSET   723 PM EDT
OCTOBER  1 2014.......SUNRISE   735 AM EDT   SUNSET   721 PM EDT


-  INDICATES NEGATIVE NUMBERS.
R  INDICATES RECORD WAS SET OR TIED.
MM INDICATES DATA IS MISSING.
T  INDICATES TRACE AMOUNT.




$$
