000
CDUS41 KILN 310558
CLICVG


CLIMATE REPORT
NATIONAL WEATHER SERVICE WILMINGTON OH
145 AM EDT WED AUG 31 2016


...................................

...THE CINCINNATI OH CLIMATE SUMMARY FOR AUGUST 30 2016...

CLIMATE NORMAL PERIOD 1981 TO 2010
CLIMATE RECORD PERIOD 1869 TO 2016


WEATHER ITEM   OBSERVED TIME   RECORD YEAR NORMAL DEPARTURE LAST
                VALUE   (LST)  VALUE       VALUE  FROM      YEAR
                                                  NORMAL
..................................................................
TEMPERATURE (F)
 YESTERDAY
  MAXIMUM         90    414 PM  96    1962  84      6       86
                                      1953
                                      1932
  MINIMUM         71   1112 PM  45    1915  63      8       64
  AVERAGE         81                        73      8       75

PRECIPITATION (IN)
  YESTERDAY        0.00          2.99 2005   0.10  -0.10      T
  MONTH TO DATE    5.92                      3.31   2.61     2.61
  SINCE JUN 1     13.47                     11.10   2.37    14.98
  SINCE JAN 1     33.08                     29.69   3.39    32.21

SNOWFALL (IN)
  YESTERDAY        0.0           0.0         0.0    0.0      0.0
  MONTH TO DATE    0.0                       0.0    0.0      0.0
  SINCE JUN 1      0.0                       0.0    0.0      0.0
  SINCE JUL 1      0.0                       0.0    0.0      0.0
  SNOW DEPTH       0

DEGREE DAYS
 HEATING
  YESTERDAY        0                         0      0        0
  MONTH TO DATE    0                         0      0        2
  SINCE JUN 1      2                        15    -13       21
  SINCE JUL 1      0                         0      0        2

 COOLING
  YESTERDAY       16                         8      8       10
  MONTH TO DATE  407                       301    106      217
  SINCE JUN 1   1069                       866    203      795
  SINCE JAN 1   1162                       960    202      944
..................................................................


WIND (MPH)
  RESULTANT WIND SPEED   4   RESULTANT WIND DIRECTION   E (70)
  HIGHEST WIND SPEED    13   HIGHEST WIND DIRECTION    NW (330)
  HIGHEST GUST SPEED    15   HIGHEST GUST DIRECTION    NW (330)
  AVERAGE WIND SPEED     4.7


SKY COVER
  POSSIBLE SUNSHINE
  AVERAGE SKY COVER 0.2


WEATHER CONDITIONS
 THE FOLLOWING WEATHER WAS RECORDED YESTERDAY.
  NO SIGNIFICANT WEATHER WAS OBSERVED.


RELATIVE HUMIDITY (PERCENT)
 HIGHEST    93           700 AM
 LOWEST     40           500 PM
 AVERAGE    67

..........................................................


THE CINCINNATI OH CLIMATE NORMALS FOR TODAY
                         NORMAL    RECORD    YEAR
 MAXIMUM TEMPERATURE (F)   83        98      1953
                                             1951
 MINIMUM TEMPERATURE (F)   63        43      1915


SUNRISE AND SUNSET
AUGUST 31 2016........SUNRISE   707 AM EDT   SUNSET   810 PM EDT
SEPTEMBER  1 2016.....SUNRISE   708 AM EDT   SUNSET   808 PM EDT


-  INDICATES NEGATIVE NUMBERS.
R  INDICATES RECORD WAS SET OR TIED.
MM INDICATES DATA IS MISSING.
T  INDICATES TRACE AMOUNT.




$$
