000
CDUS41 KILN 270630
CLICVG


CLIMATE REPORT
NATIONAL WEATHER SERVICE WILMINGTON OH
212 AM EDT WED AUG 27 2014


...................................

...THE CINCINNATI OH CLIMATE SUMMARY FOR AUGUST 26 2014...

CLIMATE NORMAL PERIOD 1981 TO 2010
CLIMATE RECORD PERIOD 1869 TO 2014


WEATHER ITEM   OBSERVED TIME   RECORD YEAR NORMAL DEPARTURE LAST
                VALUE   (LST)  VALUE       VALUE  FROM      YEAR
                                                  NORMAL
..................................................................
TEMPERATURE (F)
 YESTERDAY
  MAXIMUM         90    432 PM  98    1948  84      6       89
  MINIMUM         69    628 AM  49    1946  64      5       61
  AVERAGE         80                        74      6       75

PRECIPITATION (IN)
  YESTERDAY        T             2.55 1890   0.10  -0.10     0.00
  MONTH TO DATE    3.78                      2.91   0.87     2.11
  SINCE JUN 1     12.83                     10.70   2.13    13.59
  SINCE JAN 1     30.30                     29.29   1.01    31.47

SNOWFALL (IN)
  YESTERDAY        0.0           0.0         0.0    0.0      0.0
  MONTH TO DATE    0.0                       0.0    0.0      0.0
  SINCE JUN 1      0.0                       0.0    0.0      0.0
  SINCE JUL 1      0.0                       0.0    0.0      0.0
  SNOW DEPTH       0

DEGREE DAYS
 HEATING
  YESTERDAY        0                         0      0        0
  MONTH TO DATE    0                         0      0        2
  SINCE JUN 1      8                        15     -7        5
  SINCE JUL 1      5                         0      5        4

 COOLING
  YESTERDAY       15                         9      6       10
  MONTH TO DATE  254                       266    -12      217
  SINCE JUN 1    745                       831    -86      760
  SINCE JAN 1    879                       925    -46      899
..................................................................


WIND (MPH)
  RESULTANT WIND SPEED   3   RESULTANT WIND DIRECTION   S (180)
  HIGHEST WIND SPEED    14   HIGHEST WIND DIRECTION    SE (140)
  HIGHEST GUST SPEED    18   HIGHEST GUST DIRECTION    SE (140)
  AVERAGE WIND SPEED     3.1


SKY COVER
  POSSIBLE SUNSHINE  MM
  AVERAGE SKY COVER 0.5


WEATHER CONDITIONS
 THE FOLLOWING WEATHER WAS RECORDED YESTERDAY.
  THUNDERSTORM


RELATIVE HUMIDITY (PERCENT)
 HIGHEST    90           600 AM
 LOWEST     50           300 PM
 AVERAGE    70

..........................................................


THE CINCINNATI OH CLIMATE NORMALS FOR TODAY
                         NORMAL    RECORD    YEAR
 MAXIMUM TEMPERATURE (F)   84        99      1948
 MINIMUM TEMPERATURE (F)   64        50      1945


SUNRISE AND SUNSET
AUGUST 27 2014........SUNRISE   703 AM EDT   SUNSET   817 PM EDT
AUGUST 28 2014........SUNRISE   704 AM EDT   SUNSET   815 PM EDT


-  INDICATES NEGATIVE NUMBERS.
R  INDICATES RECORD WAS SET OR TIED.
MM INDICATES DATA IS MISSING.
T  INDICATES TRACE AMOUNT.




$$
