000
CDUS41 KILN 060545
CLICVG


CLIMATE REPORT
NATIONAL WEATHER SERVICE WILMINGTON OH
145 AM EDT FRI MAY 6 2016


...................................

...THE CINCINNATI OH CLIMATE SUMMARY FOR MAY 5 2016...

CLIMATE NORMAL PERIOD 1981 TO 2010
CLIMATE RECORD PERIOD 1869 TO 2016


WEATHER ITEM   OBSERVED TIME   RECORD YEAR NORMAL DEPARTURE LAST
                VALUE   (LST)  VALUE       VALUE  FROM      YEAR
                                                  NORMAL
..................................................................
TEMPERATURE (F)
 YESTERDAY
  MAXIMUM         59    603 PM  92    1959  71    -12       84
  MINIMUM         41    558 AM  33    1979  50     -9       56
                                      1973
  AVERAGE         50                        60    -10       70

PRECIPITATION (IN)
  YESTERDAY        0.03          1.96 2013   0.16  -0.13     0.00
  MONTH TO DATE    0.43                      0.80  -0.37     0.00
  SINCE MAR 1     10.61                      8.65   1.96    11.45
  SINCE JAN 1     17.24                     14.46   2.78    15.60

SNOWFALL (IN)
  YESTERDAY        0.0           0.1  1992   0.0    0.0      0.0
  MONTH TO DATE    0.0                       0.0    0.0      0.0
  SINCE MAR 1      2.3                       3.5   -1.2      4.9
  SINCE JUL 1     19.2                      22.1   -2.9     29.9
  SNOW DEPTH       0

DEGREE DAYS
 HEATING
  YESTERDAY       15                         6      9        0
  MONTH TO DATE   44                        32     12       13
  SINCE MAR 1    809                      1039   -230      995
  SINCE JUL 1   4017                      4866   -849     5222

 COOLING
  YESTERDAY        0                         1     -1        5
  MONTH TO DATE    5                         5      0        8
  SINCE MAR 1     23                        23      0       13
  SINCE JAN 1     23                        23      0       13
..................................................................


WIND (MPH)
  RESULTANT WIND SPEED   7   RESULTANT WIND DIRECTION  NW (330)
  HIGHEST WIND SPEED    15   HIGHEST WIND DIRECTION     N (350)
  HIGHEST GUST SPEED    22   HIGHEST GUST DIRECTION    NW (320)
  AVERAGE WIND SPEED     8.1


SKY COVER
  POSSIBLE SUNSHINE  MM
  AVERAGE SKY COVER 0.8


WEATHER CONDITIONS
 THE FOLLOWING WEATHER WAS RECORDED YESTERDAY.
  LIGHT RAIN
  FOG


RELATIVE HUMIDITY (PERCENT)
 HIGHEST    89           200 AM
 LOWEST     59          1100 AM
 AVERAGE    74

..........................................................


THE CINCINNATI OH CLIMATE NORMALS FOR TODAY
                         NORMAL    RECORD    YEAR
 MAXIMUM TEMPERATURE (F)   71        89      1930
                                             1902
 MINIMUM TEMPERATURE (F)   50        34      1989
                                             1954
                                             1898


SUNRISE AND SUNSET
MAY  6 2016...........SUNRISE   634 AM EDT   SUNSET   837 PM EDT
MAY  7 2016...........SUNRISE   633 AM EDT   SUNSET   838 PM EDT


-  INDICATES NEGATIVE NUMBERS.
R  INDICATES RECORD WAS SET OR TIED.
MM INDICATES DATA IS MISSING.
T  INDICATES TRACE AMOUNT.




$$
