000
CDUS41 KILN 020600
CLICVG


CLIMATE REPORT
NATIONAL WEATHER SERVICE WILMINGTON OH
159 AM EDT TUE SEP 2 2014


...................................

...THE CINCINNATI OH CLIMATE SUMMARY FOR SEPTEMBER 1 2014...

CLIMATE NORMAL PERIOD 1981 TO 2010
CLIMATE RECORD PERIOD 1869 TO 2014


WEATHER ITEM   OBSERVED TIME   RECORD YEAR NORMAL DEPARTURE LAST
                VALUE   (LST)  VALUE       VALUE  FROM      YEAR
                                                  NORMAL
..................................................................
TEMPERATURE (F)
 YESTERDAY
  MAXIMUM         86    424 PM 102    1953  83      3       84
  MINIMUM         71   1208 AM  45    1987  62      9       68
  AVERAGE         79                        73      6       76

PRECIPITATION (IN)
  YESTERDAY        0.25          2.17 2003   0.09   0.16     0.01
  MONTH TO DATE    0.25                      0.09   0.16     0.01
  SINCE SEP 1      0.25                      0.09   0.16     0.01
  SINCE JAN 1     30.71                     29.88   0.83    33.06

SNOWFALL (IN)
  YESTERDAY        0.0           0.0    MM   0.0    0.0      0.0
  MONTH TO DATE    0.0                       0.0    0.0      0.0
  SINCE SEP 1      0.0                       0.0    0.0      0.0
  SINCE JUL 1      0.0                       0.0    0.0      0.0
  SNOW DEPTH       0

DEGREE DAYS
 HEATING
  YESTERDAY        0                         0      0        0
  MONTH TO DATE    0                         0      0        0
  SINCE SEP 1      0                         0      0        0
  SINCE JUL 1      5                         0      5        4

 COOLING
  YESTERDAY       14                         8      6       11
  MONTH TO DATE   14                         8      6       11
  SINCE SEP 1     14                         8      6       11
  SINCE JAN 1    960                       976    -16      987
..................................................................


WIND (MPH)
  RESULTANT WIND SPEED   8   RESULTANT WIND DIRECTION  SW (210)
  HIGHEST WIND SPEED    21   HIGHEST WIND DIRECTION    SW (210)
  HIGHEST GUST SPEED    28   HIGHEST GUST DIRECTION    SW (220)
  AVERAGE WIND SPEED     8.6


SKY COVER
  POSSIBLE SUNSHINE  MM
  AVERAGE SKY COVER 0.8


WEATHER CONDITIONS
 THE FOLLOWING WEATHER WAS RECORDED YESTERDAY.
  THUNDERSTORM
  HEAVY RAIN
  RAIN
  LIGHT RAIN
  FOG
  HAZE


RELATIVE HUMIDITY (PERCENT)
 HIGHEST    93          1200 AM
 LOWEST     61           400 PM
 AVERAGE    77

..........................................................


THE CINCINNATI OH CLIMATE NORMALS FOR TODAY
                         NORMAL    RECORD    YEAR
 MAXIMUM TEMPERATURE (F)   83       102      1953
 MINIMUM TEMPERATURE (F)   62        45      1949


SUNRISE AND SUNSET
SEPTEMBER  2 2014.....SUNRISE   708 AM EDT   SUNSET   808 PM EDT
SEPTEMBER  3 2014.....SUNRISE   709 AM EDT   SUNSET   806 PM EDT


-  INDICATES NEGATIVE NUMBERS.
R  INDICATES RECORD WAS SET OR TIED.
MM INDICATES DATA IS MISSING.
T  INDICATES TRACE AMOUNT.




$$
