000
CDUS41 KILN 180540
CLICVG


CLIMATE REPORT
NATIONAL WEATHER SERVICE WILMINGTON OH
1239 AM EST SAT NOV 18 2017


...................................

...THE CINCINNATI OH CLIMATE SUMMARY FOR NOVEMBER 17 2017...

CLIMATE NORMAL PERIOD 1981 TO 2010
CLIMATE RECORD PERIOD 1869 TO 2017


WEATHER ITEM   OBSERVED TIME   RECORD YEAR NORMAL DEPARTURE LAST
                VALUE   (LST)  VALUE       VALUE  FROM      YEAR
                                                  NORMAL
..................................................................
TEMPERATURE (F)
 YESTERDAY
  MAXIMUM         54   1151 PM  81    1958  53      1       74
  MINIMUM         34    857 AM  10    1959  36     -2       39
  AVERAGE         44                        45     -1       57

PRECIPITATION (IN)
  YESTERDAY        T             1.28 2013   0.12  -0.12     0.00
  MONTH TO DATE    3.20                      1.85   1.35     0.19
  SINCE SEP 1     10.41                      7.78   2.63     5.60
  SINCE JAN 1     47.20                     37.57   9.63    38.68

SNOWFALL (IN)
  YESTERDAY        0.0           4.9  2014   0.0    0.0      0.0
  MONTH TO DATE    0.0                       0.1   -0.1      0.0
  SINCE SEP 1      T                         0.5   -0.5      0.0
  SINCE JUL 1      T                         0.5   -0.5      0.0
  SNOW DEPTH       0

DEGREE DAYS
 HEATING
  YESTERDAY       21                        20      1        8
  MONTH TO DATE  308                       293     15      242
  SINCE SEP 1    607                       655    -48      411
  SINCE JUL 1    608                       655    -47      411

 COOLING
  YESTERDAY        0                         0      0        0
  MONTH TO DATE    3                         0      3        6
  SINCE SEP 1    180                       153     27      302
  SINCE JAN 1   1111                      1121    -10     1477
..................................................................


WIND (MPH)
  RESULTANT WIND SPEED  10   RESULTANT WIND DIRECTION  SE (140)
  HIGHEST WIND SPEED    20   HIGHEST WIND DIRECTION     S (180)
  HIGHEST GUST SPEED    28   HIGHEST GUST DIRECTION     S (180)
  AVERAGE WIND SPEED    10.8


SKY COVER
  POSSIBLE SUNSHINE  MM
  AVERAGE SKY COVER 0.9


WEATHER CONDITIONS
 THE FOLLOWING WEATHER WAS RECORDED YESTERDAY.
  LIGHT RAIN


RELATIVE HUMIDITY (PERCENT)
 HIGHEST    89           800 AM
 LOWEST     56           300 PM
 AVERAGE    73

..........................................................


THE CINCINNATI OH CLIMATE NORMALS FOR TODAY
                         NORMAL    RECORD    YEAR
 MAXIMUM TEMPERATURE (F)   53        76      2016
                                             1930
 MINIMUM TEMPERATURE (F)   36        12      2014
                                             1880


SUNRISE AND SUNSET
NOVEMBER 18 2017......SUNRISE   725 AM EST   SUNSET   522 PM EST
NOVEMBER 19 2017......SUNRISE   726 AM EST   SUNSET   522 PM EST


-  INDICATES NEGATIVE NUMBERS.
R  INDICATES RECORD WAS SET OR TIED.
MM INDICATES DATA IS MISSING.
T  INDICATES TRACE AMOUNT.




$$
