000
CDUS45 KCYS 280739
CLICYS


CLIMATE REPORT
NATIONAL WEATHER SERVICE CHEYENNE WY
139 AM MDT SAT MAY 28 2016


...................................

...THE CHEYENNE WYOMING AIRPORT CLIMATE SUMMARY FOR MAY 27 2016...

CLIMATE NORMAL PERIOD 1981 TO 2010
CLIMATE RECORD PERIOD 1871 TO 2016


WEATHER ITEM   OBSERVED TIME   RECORD YEAR NORMAL DEPARTURE LAST
                VALUE   (LST)  VALUE       VALUE  FROM      YEAR
                                                  NORMAL
..................................................................
TEMPERATURE (F)
 YESTERDAY
  MAXIMUM         59    124 PM  90    1969  68     -9       68
  MINIMUM         43   1159 PM  28    1911  44     -1       48
  AVERAGE         51                        56     -5       58

PRECIPITATION (IN)
  YESTERDAY        0.00          1.29 1936   0.08  -0.08     0.05
  MONTH TO DATE    1.88                      1.99  -0.11     5.88
  SINCE JAN 1      8.47                      5.62   2.85     9.47

SNOWFALL (IN)
  YESTERDAY        0.0           4.4  1992   0.0    0.0      0.0
  MONTH TO DATE    1.6                       2.2   -0.6      4.4
  SINCE JUL 1     91.7                      60.2   31.5     54.5
  SNOW DEPTH       0

DEGREE DAYS
 HEATING
  YESTERDAY       14                         9      5        7
  MONTH TO DATE  423                       356     67      476
  SINCE MAR 1   1912                      1922    -10     1810
  SINCE JUL 1   6429                      6941   -512     6461

 COOLING
  YESTERDAY        0                         0      0        0
  MONTH TO DATE    0                         0      0        0
  SINCE MAR 1      0                         0      0        0
  SINCE JAN 1      0                         0      0        0
..................................................................


WIND (MPH)
  HIGHEST WIND SPEED    23   HIGHEST WIND DIRECTION     N (350)
  HIGHEST GUST SPEED    30   HIGHEST GUST DIRECTION     N (340)
  AVERAGE WIND SPEED    12.9


SKY COVER
  AVERAGE SKY COVER 0.3


WEATHER CONDITIONS
 THE FOLLOWING WEATHER WAS RECORDED YESTERDAY.
  NO SIGNIFICANT WEATHER WAS OBSERVED.


RELATIVE HUMIDITY (PERCENT)
 HIGHEST    83           900 PM
 LOWEST     40          1200 PM
 AVERAGE    62

..........................................................


THE CHEYENNE WYOMING AIRPORT CLIMATE NORMALS FOR TODAY
                         NORMAL    RECORD    YEAR
 MAXIMUM TEMPERATURE (F)   68        88      2000
 MINIMUM TEMPERATURE (F)   44        22      1947


SUNRISE AND SUNSET
MAY 28 2016...........SUNRISE   531 AM MDT   SUNSET   823 PM MDT
MAY 29 2016...........SUNRISE   530 AM MDT   SUNSET   824 PM MDT


-  INDICATES NEGATIVE NUMBERS.
R  INDICATES RECORD WAS SET OR TIED.
MM INDICATES DATA IS MISSING.
T  INDICATES TRACE AMOUNT.




$$
