000
CDUS45 KCYS 230729
CLICYS


CLIMATE REPORT
NATIONAL WEATHER SERVICE CHEYENNE WY
128 AM MDT SAT AUG 23 2014


...................................

...THE CHEYENNE WYOMING CLIMATE SUMMARY FOR AUGUST 22 2014...

CLIMATE NORMAL PERIOD 1981 TO 2010
CLIMATE RECORD PERIOD 1871 TO 2014


WEATHER ITEM   OBSERVED TIME   RECORD YEAR NORMAL DEPARTURE LAST
                VALUE   (LST)  VALUE       VALUE  FROM      YEAR
                                                  NORMAL
..................................................................
TEMPERATURE (F)
 YESTERDAY
  MAXIMUM         73   1230 PM  92    2010  80     -7       80
                                      2009
                                      2003
  MINIMUM         57   1159 PM  36    1883  53      4       55
  AVERAGE         65                        67     -2       68

PRECIPITATION (IN)
  YESTERDAY        0.20          0.89 2007   0.05   0.15      T
  MONTH TO DATE    0.74                      1.50  -0.76     0.91
  SINCE JAN 1     12.92                     12.00   0.92     8.15

SNOWFALL (IN)
  YESTERDAY        0.0          MM      MM   0.0    0.0      0.0
  MONTH TO DATE    0.0                       0.0    0.0      0.0
  SINCE JUL 1      0.0                       0.0    0.0      0.0
  SNOW DEPTH       0

DEGREE DAYS
 HEATING
  YESTERDAY        0                         1     -1        0
  MONTH TO DATE    0                        22    -22        8
  SINCE JUN 1    155                       178    -23       77
  SINCE JUL 1     29                        44    -15       15

 COOLING
  YESTERDAY        0                         3     -3        3
  MONTH TO DATE   92                        94     -2       92
  SINCE JUN 1    264                       301    -37      369
  SINCE JAN 1    265                       304    -39      375
..................................................................


WIND (MPH)
  HIGHEST WIND SPEED    24   HIGHEST WIND DIRECTION     S (170)
  HIGHEST GUST SPEED    29   HIGHEST GUST DIRECTION     S (160)
  AVERAGE WIND SPEED    10.1


SKY COVER
  AVERAGE SKY COVER 0.7


WEATHER CONDITIONS
 THE FOLLOWING WEATHER WAS RECORDED YESTERDAY.
  THUNDERSTORM
  HEAVY RAIN
  LIGHT RAIN
  FOG


RELATIVE HUMIDITY (PERCENT)
 HIGHEST    93           800 PM
 LOWEST     41           100 PM
 AVERAGE    67

..........................................................


THE CHEYENNE WYOMING CLIMATE NORMALS FOR TODAY
                         NORMAL    RECORD    YEAR
 MAXIMUM TEMPERATURE (F)   80        94      2009
 MINIMUM TEMPERATURE (F)   53        40      1896


SUNRISE AND SUNSET
AUGUST 23 2014........SUNRISE   617 AM MDT   SUNSET   746 PM MDT
AUGUST 24 2014........SUNRISE   618 AM MDT   SUNSET   745 PM MDT


-  INDICATES NEGATIVE NUMBERS.
R  INDICATES RECORD WAS SET OR TIED.
MM INDICATES DATA IS MISSING.
T  INDICATES TRACE AMOUNT.




$$
