000
CDUS45 KCYS 260728
CLICYS


CLIMATE REPORT
NATIONAL WEATHER SERVICE CHEYENNE WY
127 AM MDT TUE JUL 26 2016


...................................

...THE CHEYENNE WYOMING AIRPORT CLIMATE SUMMARY FOR JULY 25 2016...

CLIMATE NORMAL PERIOD 1981 TO 2010
CLIMATE RECORD PERIOD 1871 TO 2016


WEATHER ITEM   OBSERVED TIME   RECORD YEAR NORMAL DEPARTURE LAST
                VALUE   (LST)  VALUE       VALUE  FROM      YEAR
                                                  NORMAL
..................................................................
TEMPERATURE (F)
 YESTERDAY
  MAXIMUM         89    231 PM  95    2003  84      5       84
                                      1931
  MINIMUM         54    510 AM  42    1911  56     -2       58
  AVERAGE         72                        70      2       71

PRECIPITATION (IN)
  YESTERDAY        0.00          1.42 1872   0.08  -0.08     0.06
  MONTH TO DATE    0.65                      1.73  -1.08     1.81
  SINCE JAN 1     11.35                     10.04   1.31    12.92

SNOWFALL (IN)
  YESTERDAY        0.0          MM      MM   0.0    0.0      0.0
  MONTH TO DATE    0.0                       0.0    0.0      0.0
  SINCE JUL 1      0.0                       0.0    0.0      0.0
  SNOW DEPTH       0

DEGREE DAYS
 HEATING
  YESTERDAY        0                         1     -1        0
  MONTH TO DATE    3                        25    -22       28
  SINCE JUN 1     29                       159   -130       64
  SINCE JUL 1      3                        25    -22       28

 COOLING
  YESTERDAY        7                         6      1        6
  MONTH TO DATE  168                       129     39       86
  SINCE JUN 1    270                       176     94      147
  SINCE JAN 1    270                       179     91      147
..................................................................


WIND (MPH)
  HIGHEST WIND SPEED    21   HIGHEST WIND DIRECTION    SE (130)
  HIGHEST GUST SPEED    26   HIGHEST GUST DIRECTION    SE (150)
  AVERAGE WIND SPEED    11.4


SKY COVER
  AVERAGE SKY COVER 0.0


WEATHER CONDITIONS
 THE FOLLOWING WEATHER WAS RECORDED YESTERDAY.
  NO SIGNIFICANT WEATHER WAS OBSERVED.


RELATIVE HUMIDITY (PERCENT)
 HIGHEST   100           500 AM
 LOWEST     22           500 PM
 AVERAGE    61

..........................................................


THE CHEYENNE WYOMING AIRPORT CLIMATE NORMALS FOR TODAY
                         NORMAL    RECORD    YEAR
 MAXIMUM TEMPERATURE (F)   84        95      1910
 MINIMUM TEMPERATURE (F)   56        45      1873


SUNRISE AND SUNSET
JULY 26 2016..........SUNRISE   550 AM MDT   SUNSET   821 PM MDT
JULY 27 2016..........SUNRISE   551 AM MDT   SUNSET   820 PM MDT


-  INDICATES NEGATIVE NUMBERS.
R  INDICATES RECORD WAS SET OR TIED.
MM INDICATES DATA IS MISSING.
T  INDICATES TRACE AMOUNT.




$$
