000
CDUS45 KCYS 160728
CLICYS


CLIMATE REPORT
NATIONAL WEATHER SERVICE CHEYENNE WY
127 AM MDT TUE SEP 16 2014


...................................

...THE CHEYENNE WYOMING CLIMATE SUMMARY FOR SEPTEMBER 15 2014...

CLIMATE NORMAL PERIOD 1981 TO 2010
CLIMATE RECORD PERIOD 1871 TO 2014


WEATHER ITEM   OBSERVED TIME   RECORD YEAR NORMAL DEPARTURE LAST
                VALUE   (LST)  VALUE       VALUE  FROM      YEAR
                                                  NORMAL
..................................................................
TEMPERATURE (F)
 YESTERDAY
  MAXIMUM         70    211 PM  89    2000  72     -2       56
                                      1948
  MINIMUM         40    549 AM  20    1903  45     -5       49
  AVERAGE         55                        59     -4       53

PRECIPITATION (IN)
  YESTERDAY        0.00          0.90 2013   0.05  -0.05     0.90
  MONTH TO DATE    0.37                      0.78  -0.41     6.20
  SINCE JAN 1     14.03                     13.23   0.80    14.63

SNOWFALL (IN)
  YESTERDAY        0.0           1.2  1912   0.0    0.0      0.0
  MONTH TO DATE    0.7                       0.3    0.4      0.0
  SINCE JUL 1      0.7                       0.3    0.4      0.0
  SNOW DEPTH       0

DEGREE DAYS
 HEATING
  YESTERDAY       10                         7      3       12
  MONTH TO DATE  127                        71     56       40
  SINCE SEP 1    127                        71     56       40
  SINCE JUL 1    185                       127     58       55

 COOLING
  YESTERDAY        0                         1     -1        0
  MONTH TO DATE    8                        20    -12       66
  SINCE SEP 1      8                        20    -12       66
  SINCE JAN 1    274                       346    -72      519
..................................................................


WIND (MPH)
  HIGHEST WIND SPEED    21   HIGHEST WIND DIRECTION    SW (210)
  HIGHEST GUST SPEED    26   HIGHEST GUST DIRECTION     S (180)
  AVERAGE WIND SPEED    10.8


SKY COVER
  AVERAGE SKY COVER 0.0


WEATHER CONDITIONS
 THE FOLLOWING WEATHER WAS RECORDED YESTERDAY.
  NO SIGNIFICANT WEATHER WAS OBSERVED.


RELATIVE HUMIDITY (PERCENT)
 HIGHEST    92           100 AM
 LOWEST     26           100 PM
 AVERAGE    59

..........................................................


THE CHEYENNE WYOMING CLIMATE NORMALS FOR TODAY
                         NORMAL    RECORD    YEAR
 MAXIMUM TEMPERATURE (F)   72        89      2000
 MINIMUM TEMPERATURE (F)   45        23      1965


SUNRISE AND SUNSET
SEPTEMBER 16 2014.....SUNRISE   641 AM MDT   SUNSET   707 PM MDT
SEPTEMBER 17 2014.....SUNRISE   642 AM MDT   SUNSET   705 PM MDT


-  INDICATES NEGATIVE NUMBERS.
R  INDICATES RECORD WAS SET OR TIED.
MM INDICATES DATA IS MISSING.
T  INDICATES TRACE AMOUNT.




$$
