000
CDUS45 KCYS 300329
CLICYS


CLIMATE REPORT
NATIONAL WEATHER SERVICE CHEYENNE WY
929 PM MDT MON JUN 29 2015


...................................

...THE CHEYENNE WYOMING AIRPORT CLIMATE SUMMARY FOR JUNE 29 2015...
VALID TODAY AS OF 0900 PM LOCAL TIME.

CLIMATE NORMAL PERIOD 1981 TO 2010
CLIMATE RECORD PERIOD 1871 TO 2015


WEATHER ITEM   OBSERVED TIME   RECORD YEAR NORMAL DEPARTURE
                VALUE   (LST)  VALUE       VALUE  FROM
                                                  NORMAL
...............................................................
TEMPERATURE (F)
 TODAY
  MAXIMUM         85    131 PM  96    2002  81      4
  MINIMUM         57    347 AM  38    1945  53      4
  AVERAGE         71                        67      4

PRECIPITATION (IN)
  TODAY            T             0.42 1987   0.06  -0.06
                                      1943
  MONTH TO DATE    1.44                      2.27  -0.83
  SINCE JUN 1      1.44                      2.27  -0.83
  SINCE JAN 1     11.02                      8.24   2.78

SNOWFALL (IN)
  TODAY            0.0          MM      MM   0.0    0.0
  MONTH TO DATE    0.0                       0.0    0.0
  SINCE JUL 1     54.5                      60.3   -5.8
  SNOW DEPTH       0

DEGREE DAYS
 HEATING
  TODAY            0                               -2
  MONTH TO DATE   36                              -98
  SINCE JUN 1     36                              -98
  SINCE JUL 1   6527                             -584

 COOLING
  TODAY            6                                3
  MONTH TO DATE   54                                9
  SINCE JUN 1     54                                9
  SINCE JAN 1     54                                6
...............................................................


WIND (MPH)
  HIGHEST WIND SPEED    17   HIGHEST WIND DIRECTION    NW (330)
  HIGHEST GUST SPEED    26   HIGHEST GUST DIRECTION    NW (320)
  AVERAGE WIND SPEED     7.5




RELATIVE HUMIDITY (PERCENT)
 HIGHEST    72
 LOWEST     22
 AVERAGE    47

..........................................................


THE CHEYENNE WYOMING AIRPORT CLIMATE NORMALS FOR TOMORROW
                         NORMAL    RECORD    YEAR
 MAXIMUM TEMPERATURE (F)   81        97      1881
 MINIMUM TEMPERATURE (F)   53        36      1918


SUNRISE AND SUNSET
JUNE 29 2015..........SUNRISE   529 AM MDT   SUNSET   836 PM MDT
JUNE 30 2015..........SUNRISE   530 AM MDT   SUNSET   836 PM MDT


-  INDICATES NEGATIVE NUMBERS.
R  INDICATES RECORD WAS SET OR TIED.
MM INDICATES DATA IS MISSING.
T  INDICATES TRACE AMOUNT.




$$
