000
CDUS45 KCYS 180729
CLICYS


CLIMATE REPORT
NATIONAL WEATHER SERVICE CHEYENNE WY
128 AM MDT FRI APR 18 2014


...................................

...THE CHEYENNE WYOMING CLIMATE SUMMARY FOR APRIL 17 2014...

CLIMATE NORMAL PERIOD 1981 TO 2010
CLIMATE RECORD PERIOD 1871 TO 2014


WEATHER ITEM   OBSERVED TIME   RECORD YEAR NORMAL DEPARTURE LAST
                VALUE   (LST)  VALUE       VALUE  FROM      YEAR
                                                  NORMAL
..................................................................
TEMPERATURE (F)
 YESTERDAY
  MAXIMUM         57    432 PM  78    1987  55      2       24
  MINIMUM         29    608 AM   8    1901  31     -2       12
  AVERAGE         43                        43      0       18

PRECIPITATION (IN)
  YESTERDAY        0.00          1.20 2009   0.07  -0.07     0.27
  MONTH TO DATE    0.64                      0.90  -0.26     1.87
  SINCE JAN 1      3.70                      2.75   0.95     3.38

SNOWFALL (IN)
  YESTERDAY        0.0           9.8  2009   0.4   -0.4      5.6
  MONTH TO DATE    6.1                       6.7   -0.6     27.9
  SINCE JUL 1     77.6                      54.5   23.1     73.1
  SNOW DEPTH       0

DEGREE DAYS
 HEATING
  YESTERDAY       22                        22      0       47
  MONTH TO DATE  403                       409     -6      534
  SINCE MAR 1   1276                      1310    -34     1464
  SINCE JUL 1   6480                      6329    151     6397

 COOLING
  YESTERDAY        0                         0      0        0
  MONTH TO DATE    0                         0      0        0
  SINCE MAR 1      0                         0      0        0
  SINCE JAN 1      0                         0      0        0
..................................................................


WIND (MPH)
  HIGHEST WIND SPEED    18   HIGHEST WIND DIRECTION     S (200)
  HIGHEST GUST SPEED    24   HIGHEST GUST DIRECTION     N (340)
  AVERAGE WIND SPEED    10.1


SKY COVER
  AVERAGE SKY COVER 0.4


WEATHER CONDITIONS
 THE FOLLOWING WEATHER WAS RECORDED YESTERDAY.
  FOG
  FOG W/VISIBILITY <= 1/4 MILE


RELATIVE HUMIDITY (PERCENT)
 HIGHEST   100           600 AM
 LOWEST     20          1200 PM
 AVERAGE    60

..........................................................


THE CHEYENNE WYOMING CLIMATE NORMALS FOR TODAY
                         NORMAL    RECORD    YEAR
 MAXIMUM TEMPERATURE (F)   56        78      1987
 MINIMUM TEMPERATURE (F)   31         3      1953


SUNRISE AND SUNSET
APRIL 18 2014.........SUNRISE   615 AM MDT   SUNSET   742 PM MDT
APRIL 19 2014.........SUNRISE   614 AM MDT   SUNSET   744 PM MDT


-  INDICATES NEGATIVE NUMBERS.
R  INDICATES RECORD WAS SET OR TIED.
MM INDICATES DATA IS MISSING.
T  INDICATES TRACE AMOUNT.




$$
