000
CDUS45 KCYS 240727
CLICYS


CLIMATE REPORT
NATIONAL WEATHER SERVICE CHEYENNE WY
126 AM MDT THU JUL 24 2014


...................................

...THE CHEYENNE WYOMING CLIMATE SUMMARY FOR JULY 23 2014...

CLIMATE NORMAL PERIOD 1981 TO 2010
CLIMATE RECORD PERIOD 1871 TO 2014


WEATHER ITEM   OBSERVED TIME   RECORD YEAR NORMAL DEPARTURE LAST
                VALUE   (LST)  VALUE       VALUE  FROM      YEAR
                                                  NORMAL
..................................................................
TEMPERATURE (F)
 YESTERDAY
  MAXIMUM         84    912 PM  97    1940  84      0       83
  MINIMUM         62    615 AM  44    1990  56      6       59
  AVERAGE         73                        70      3       71

PRECIPITATION (IN)
  YESTERDAY        T             1.00 1872   0.08  -0.08     0.01
  MONTH TO DATE    2.16                      1.56   0.60     1.13
  SINCE JAN 1     11.10                      9.87   1.23     6.77

SNOWFALL (IN)
  YESTERDAY        0.0          MM      MM   0.0    0.0      0.0
  MONTH TO DATE    0.0                       0.0    0.0      0.0
  SINCE JUL 1      0.0                       0.0    0.0      0.0
  SNOW DEPTH       0

DEGREE DAYS
 HEATING
  YESTERDAY        0                         1     -1        0
  MONTH TO DATE   21                        23     -2        0
  SINCE JUN 1    147                       157    -10       62
  SINCE JUL 1     21                        23     -2        0

 COOLING
  YESTERDAY        8                         6      2        6
  MONTH TO DATE  120                       117      3      141
  SINCE JUN 1    134                       164    -30      258
  SINCE JAN 1    135                       167    -32      264
..................................................................


WIND (MPH)
  HIGHEST WIND SPEED    32   HIGHEST WIND DIRECTION     S (200)
  HIGHEST GUST SPEED    41   HIGHEST GUST DIRECTION     S (200)
  AVERAGE WIND SPEED    13.3


SKY COVER
  AVERAGE SKY COVER 0.3


WEATHER CONDITIONS
 THE FOLLOWING WEATHER WAS RECORDED YESTERDAY.
  LIGHT RAIN
  FOG
  HAZE


RELATIVE HUMIDITY (PERCENT)
 HIGHEST    93           300 AM
 LOWEST     36           800 PM
 AVERAGE    65

..........................................................


THE CHEYENNE WYOMING CLIMATE NORMALS FOR TODAY
                         NORMAL    RECORD    YEAR
 MAXIMUM TEMPERATURE (F)   84        97      2003
 MINIMUM TEMPERATURE (F)   56        44      1962
                                             1958


SUNRISE AND SUNSET
JULY 24 2014..........SUNRISE   547 AM MDT   SUNSET   824 PM MDT
JULY 25 2014..........SUNRISE   548 AM MDT   SUNSET   823 PM MDT


-  INDICATES NEGATIVE NUMBERS.
R  INDICATES RECORD WAS SET OR TIED.
MM INDICATES DATA IS MISSING.
T  INDICATES TRACE AMOUNT.




$$
