000
CDUS45 KCYS 241758
CLICYS


CLIMATE REPORT
NATIONAL WEATHER SERVICE CHEYENNE WY
1157 AM MDT FRI OCT 24 2014


...................................

...THE CHEYENNE WYOMING CLIMATE SUMMARY FOR OCTOBER 23 2014...

CLIMATE NORMAL PERIOD 1981 TO 2010
CLIMATE RECORD PERIOD 1871 TO 2014


WEATHER ITEM   OBSERVED TIME   RECORD YEAR NORMAL DEPARTURE LAST
                VALUE   (LST)  VALUE       VALUE  FROM      YEAR
                                                  NORMAL
..................................................................
TEMPERATURE (F)
 YESTERDAY
  MAXIMUM         71    216 PM  79    2003  56     15       62
  MINIMUM         35    425 AM   6    1935  32      3       34
  AVERAGE         53                        44      9       48

PRECIPITATION (IN)
  YESTERDAY        0.00          1.06 1923   0.03  -0.03     0.00
  MONTH TO DATE    0.35                      0.75  -0.40     1.88
  SINCE JAN 1     15.75                     14.68   1.07    17.26

SNOWFALL (IN)
  YESTERDAY        0.0           5.7  1906   0.2   -0.2      0.0
  MONTH TO DATE    0.8                       3.5   -2.7     10.2
  SINCE JUL 1      1.5                       4.8   -3.3     10.2
  SNOW DEPTH       0

DEGREE DAYS
 HEATING
  YESTERDAY       12                        21     -9       17
  MONTH TO DATE  300                       402   -102      487
  SINCE SEP 1    462                       627   -165      654
  SINCE JUL 1    520                       683   -163      669

 COOLING
  YESTERDAY        0                         0      0        0
  MONTH TO DATE    0                         0      0        0
  SINCE SEP 1     35                        22     13       67
  SINCE JAN 1    301                       348    -47      520
..................................................................


WIND (MPH)
  HIGHEST WIND SPEED    28   HIGHEST WIND DIRECTION     W (270)
  HIGHEST GUST SPEED    33   HIGHEST GUST DIRECTION     W (280)
  AVERAGE WIND SPEED    10.3


SKY COVER
  AVERAGE SKY COVER 0.0


WEATHER CONDITIONS
 THE FOLLOWING WEATHER WAS RECORDED YESTERDAY.
  NO SIGNIFICANT WEATHER WAS OBSERVED.


RELATIVE HUMIDITY (PERCENT)
 HIGHEST    76           300 AM
 LOWEST     22           100 PM
 AVERAGE    49

..........................................................


THE CHEYENNE WYOMING CLIMATE NORMALS FOR TODAY
                         NORMAL    RECORD    YEAR
 MAXIMUM TEMPERATURE (F)   56        74      2007
                                             1992
                                             1944
 MINIMUM TEMPERATURE (F)   32         4      1887


SUNRISE AND SUNSET
OCTOBER 24 2014.......SUNRISE   721 AM MDT   SUNSET   605 PM MDT
OCTOBER 25 2014.......SUNRISE   722 AM MDT   SUNSET   604 PM MDT


-  INDICATES NEGATIVE NUMBERS.
R  INDICATES RECORD WAS SET OR TIED.
MM INDICATES DATA IS MISSING.
T  INDICATES TRACE AMOUNT.




$$
