000
CDUS45 KCYS 310730
CLICYS


CLIMATE REPORT
NATIONAL WEATHER SERVICE CHEYENNE WY
129 AM MDT MON AUG 31 2015


...................................

...THE CHEYENNE WYOMING AIRPORT CLIMATE SUMMARY FOR AUGUST 30 2015...

CLIMATE NORMAL PERIOD 1981 TO 2010
CLIMATE RECORD PERIOD 1871 TO 2015


WEATHER ITEM   OBSERVED TIME   RECORD YEAR NORMAL DEPARTURE LAST
                VALUE   (LST)  VALUE       VALUE  FROM      YEAR
                                                  NORMAL
..................................................................
TEMPERATURE (F)
 YESTERDAY
  MAXIMUM         92    407 PM  94    1990  79     13       83
  MINIMUM         54    334 AM  37    1910  51      3       48
  AVERAGE         73                        65      8       66

PRECIPITATION (IN)
  YESTERDAY        T             1.29 1905   0.05  -0.05     0.02
  MONTH TO DATE    0.65                      1.90  -1.25     1.45
  SINCE JAN 1     13.61                     12.40   1.21    13.63

SNOWFALL (IN)
  YESTERDAY        0.0          MM      MM   0.0    0.0      0.0
  MONTH TO DATE    0.0                       0.0    0.0      0.0
  SINCE JUL 1      0.0                       0.0    0.0      0.0
  SNOW DEPTH       0

DEGREE DAYS
 HEATING
  YESTERDAY        0                         2     -2        0
  MONTH TO DATE   39                        36      3       23
  SINCE JUN 1    102                       192    -90      178
  SINCE JUL 1     66                        58      8       52

 COOLING
  YESTERDAY        8                         2      6        1
  MONTH TO DATE  151                       114     37       93
  SINCE JUN 1    343                       321     22      265
  SINCE JAN 1    343                       324     19      266
..................................................................


WIND (MPH)
  HIGHEST WIND SPEED    24   HIGHEST WIND DIRECTION     W (260)
  HIGHEST GUST SPEED    30   HIGHEST GUST DIRECTION     W (250)
  AVERAGE WIND SPEED     9.5


SKY COVER
  AVERAGE SKY COVER 0.1


WEATHER CONDITIONS
 THE FOLLOWING WEATHER WAS RECORDED YESTERDAY.
  NO SIGNIFICANT WEATHER WAS OBSERVED.


RELATIVE HUMIDITY (PERCENT)
 HIGHEST    71           300 AM
 LOWEST     14          1100 AM
 AVERAGE    43

..........................................................


THE CHEYENNE WYOMING AIRPORT CLIMATE NORMALS FOR TODAY
                         NORMAL    RECORD    YEAR
 MAXIMUM TEMPERATURE (F)   78        93      1960
 MINIMUM TEMPERATURE (F)   51        37      1944
                                             1910


SUNRISE AND SUNSET
AUGUST 31 2015........SUNRISE   625 AM MDT   SUNSET   734 PM MDT
SEPTEMBER  1 2015.....SUNRISE   626 AM MDT   SUNSET   732 PM MDT


-  INDICATES NEGATIVE NUMBERS.
R  INDICATES RECORD WAS SET OR TIED.
MM INDICATES DATA IS MISSING.
T  INDICATES TRACE AMOUNT.




$$
