000
CDUS46 KSGX 010019
CLICZZ


CLIMATE REPORT
NATIONAL WEATHER SERVICE SAN DIEGO, CA
419 PM PST SAT JAN 31 2015


...................................

...THE CAMPO ASOS CA CLIMATE SUMMARY FOR JANUARY 31 2015...
VALID TODAY AS OF 0400 PM LOCAL TIME.

CLIMATE NORMAL PERIOD 1981 TO 2010
CLIMATE RECORD PERIOD 1948 TO 2015


WEATHER ITEM   OBSERVED TIME   RECORD YEAR NORMAL DEPARTURE LAST
                VALUE   (LST)  VALUE       VALUE  FROM      YEAR
                                                  NORMAL
..................................................................
TEMPERATURE (F)
 TODAY
  MAXIMUM         58    222 PM  79    2003  63     -5       52
  MINIMUM         42    710 AM  16    2002  35      7       41
  AVERAGE         50                        49      1       47

PRECIPITATION (IN)
  TODAY            0.00          0.55 1990   0.10  -0.10     0.08
  MONTH TO DATE    0.36                      2.98  -2.62     0.08
  SINCE OCT 1      4.23                      7.20  -2.97     2.33
  SINCE JAN 1      0.36                      2.98  -2.62     0.08

SNOWFALL (IN)
  TODAY            0.0
  MONTH TO DATE    0.0
  SINCE JAN 1      0.0
  SINCE JUL 1      0.0
  SNOW DEPTH       0

DEGREE DAYS
 HEATING
  TODAY           15                        16     -1       18
  MONTH TO DATE  429                       507    -78      364
  SINCE DEC 1    939                      1046   -107      858
  SINCE JUL 1   1320                      1616   -296     1487

 COOLING
  TODAY            0                         0      0        0
  MONTH TO DATE    0                         0      0        0
  SINCE DEC 1      0                         0      0        2
  SINCE JAN 1      0                         0      0        0
..................................................................


WIND (MPH)
  RESULTANT WIND SPEED   2   RESULTANT WIND DIRECTION  NE (50)
  HIGHEST WIND SPEED    21   HIGHEST WIND DIRECTION    NE (50)
  HIGHEST GUST SPEED    24   HIGHEST GUST DIRECTION    NE (50)
  AVERAGE WIND SPEED     2.9


SKY COVER
  POSSIBLE SUNSHINE  MM
  AVERAGE SKY COVER 0.0



RELATIVE HUMIDITY (PERCENT)
 HIGHEST   100          1200 AM
 LOWEST     57           300 PM
 AVERAGE    79

..........................................................


THE CAMPO ASOS CA CLIMATE NORMALS FOR TOMORROW
                         NORMAL    RECORD    YEAR
 MAXIMUM TEMPERATURE (F)   63        79      1995
 MINIMUM TEMPERATURE (F)   35        18      1959


SUNRISE AND SUNSET
JANUARY 31 2015.......SUNRISE   641 AM PST   SUNSET   518 PM PST
FEBRUARY  1 2015......SUNRISE   641 AM PST   SUNSET   519 PM PST


-  INDICATES NEGATIVE NUMBERS.
R  INDICATES RECORD WAS SET OR TIED.
MM INDICATES DATA IS MISSING.
T  INDICATES TRACE AMOUNT.




$$
