000
CDUS46 KSGX 170025
CLICZZ


CLIMATE REPORT
NATIONAL WEATHER SERVICE SAN DIEGO, CA
525 PM PDT TUE SEP 16 2014


...................................

...THE CAMPO ASOS CA CLIMATE SUMMARY FOR SEPTEMBER 16 2014...
VALID TODAY AS OF 0500 PM LOCAL TIME.

CLIMATE NORMAL PERIOD 1981 TO 2010
CLIMATE RECORD PERIOD 1948 TO 2014


WEATHER ITEM   OBSERVED TIME   RECORD YEAR NORMAL DEPARTURE LAST
                VALUE   (LST)  VALUE       VALUE  FROM      YEAR
                                                  NORMAL
..................................................................
TEMPERATURE (F)
 TODAY
  MAXIMUM         91    214 PM 101    1951  90      1       97
  MINIMUM         65    248 AM  33    1985  49     16       55
  AVERAGE         78                        69      9       76

PRECIPITATION (IN)
  TODAY            0.00          0.22 1948   0.01  -0.01     0.00
  MONTH TO DATE    0.43                      0.19   0.24     1.51
  SINCE JUL 1      1.05                      1.21  -0.16     1.94
  SINCE JAN 1      3.81                     11.36  -7.55     6.72

SNOWFALL (IN)
  TODAY            0.0
  MONTH TO DATE    0.0
  SINCE JAN 1      0.0
  SINCE JUL 1      0.0
  SNOW DEPTH       0

DEGREE DAYS
 HEATING
  TODAY            0                         1     -1        0
  MONTH TO DATE    0                        14    -14        0
  SINCE SEP 1      0                        14    -14        0
  SINCE JUL 1      2                        28    -26        2

 COOLING
  TODAY           13                         5      8       11
  MONTH TO DATE  159                       108     51      178
  SINCE SEP 1    159                       108     51      178
  SINCE JAN 1    791                       758     33      895
..................................................................


WIND (MPH)
  RESULTANT WIND SPEED  14   RESULTANT WIND DIRECTION  NE (60)
  HIGHEST WIND SPEED    26   HIGHEST WIND DIRECTION    NE (50)
  HIGHEST GUST SPEED    39   HIGHEST GUST DIRECTION     E (70)
  AVERAGE WIND SPEED    14.6


SKY COVER
  POSSIBLE SUNSHINE  MM
  AVERAGE SKY COVER 0.0



RELATIVE HUMIDITY (PERCENT)
 HIGHEST    63          1200 AM
 LOWEST     37           400 PM
 AVERAGE    50

..........................................................


THE CAMPO ASOS CA CLIMATE NORMALS FOR TOMORROW
                         NORMAL    RECORD    YEAR
 MAXIMUM TEMPERATURE (F)   89       101      1951
 MINIMUM TEMPERATURE (F)   49        33      1985


SUNRISE AND SUNSET
SEPTEMBER 16 2014.....SUNRISE   630 AM PDT   SUNSET   651 PM PDT
SEPTEMBER 17 2014.....SUNRISE   631 AM PDT   SUNSET   649 PM PDT


-  INDICATES NEGATIVE NUMBERS.
R  INDICATES RECORD WAS SET OR TIED.
MM INDICATES DATA IS MISSING.
T  INDICATES TRACE AMOUNT.




$$
