000
CDUS46 KSGX 211131
CLICZZ


CLIMATE REPORT
NATIONAL WEATHER SERVICE SAN DIEGO, CA
431 AM PDT MON AUG 21 2017


...................................

...THE CAMPO ASOS CA CLIMATE SUMMARY FOR AUGUST 20 2017...

CLIMATE NORMAL PERIOD 1981 TO 2010
CLIMATE RECORD PERIOD 1948 TO 2017


WEATHER ITEM   OBSERVED TIME   RECORD YEAR NORMAL DEPARTURE LAST
                VALUE   (LST)  VALUE       VALUE  FROM      YEAR
                                                  NORMAL
..................................................................
TEMPERATURE (F)
 YESTERDAY
  MAXIMUM         87    152 PM 105    1982  95     -8       94
  MINIMUM         48    300 AM  39    1989  53     -5       54
  AVERAGE         68                        74     -6       74

PRECIPITATION (IN)
  YESTERDAY        0.00          0.34 1988   0.02  -0.02     0.00
  MONTH TO DATE    0.00                      0.46  -0.46     0.00
  SINCE OCT 1     16.74                     15.15   1.59     9.32
  SINCE JAN 1     11.51                     10.93   0.58     6.37

DEGREE DAYS
 HEATING
  YESTERDAY        0                         0      0        0
  MONTH TO DATE    4                         0      4        0
  SINCE JUN 1     41                        63    -22       27
  SINCE JUL 1      4                         7     -3        0

 COOLING
  YESTERDAY        3                         9     -6        9
  MONTH TO DATE  177                       180     -3      204
  SINCE JUN 1    712                       522    190      725
  SINCE JAN 1    739                       552    187      728
..................................................................


WIND (MPH)
  RESULTANT WIND SPEED   2   RESULTANT WIND DIRECTION  SW (230)
  HIGHEST WIND SPEED    17   HIGHEST WIND DIRECTION    SW (230)
  HIGHEST GUST SPEED    23   HIGHEST GUST DIRECTION    SW (230)
  AVERAGE WIND SPEED     6.9


SKY COVER
  POSSIBLE SUNSHINE  MM
  AVERAGE SKY COVER 0.0



RELATIVE HUMIDITY (PERCENT)
 HIGHEST    86           900 PM
 LOWEST     21           900 AM
 AVERAGE    54

..........................................................


THE CAMPO ASOS CA CLIMATE NORMALS FOR TODAY
                         NORMAL    RECORD    YEAR
 MAXIMUM TEMPERATURE (F)   95       102      1969
 MINIMUM TEMPERATURE (F)   53        40      1954


SUNRISE AND SUNSET
AUGUST 21 2017........SUNRISE   614 AM PDT   SUNSET   723 PM PDT
AUGUST 22 2017........SUNRISE   614 AM PDT   SUNSET   722 PM PDT


-  INDICATES NEGATIVE NUMBERS.
R  INDICATES RECORD WAS SET OR TIED.
MM INDICATES DATA IS MISSING.
T  INDICATES TRACE AMOUNT.




$$
