000
CDUS46 KSGX 200018
CLICZZ


CLIMATE REPORT
NATIONAL WEATHER SERVICE SAN DIEGO, CA
518 PM PDT SAT APR 19 2014


...................................

...THE CAMPO ASOS CA CLIMATE SUMMARY FOR APRIL 19 2014...
VALID TODAY AS OF 0500 PM LOCAL TIME.

CLIMATE NORMAL PERIOD 1981 TO 2010
CLIMATE RECORD PERIOD 1948 TO 2014


WEATHER ITEM   OBSERVED TIME   RECORD YEAR NORMAL DEPARTURE LAST
                VALUE   (LST)  VALUE       VALUE  FROM      YEAR
                                                  NORMAL
..................................................................
TEMPERATURE (F)
 TODAY
  MAXIMUM         77    221 PM  92    1989  73      4       77
  MINIMUM         40    459 AM  22    1968  38      2       36
  AVERAGE         59                        56      3       57

PRECIPITATION (IN)
  TODAY            0.00          0.52 1967   0.03  -0.03     0.00
  MONTH TO DATE    0.28                      0.71  -0.43     0.01
  SINCE JUL 1      6.54                     15.19  -8.65     8.92
  SINCE JAN 1      2.35                      9.61  -7.26     4.45

SNOWFALL (IN)
  TODAY            0.0
  MONTH TO DATE    0.0
  SINCE JAN 1      0.0
  SINCE JUL 1      0.0
  SNOW DEPTH       0

DEGREE DAYS
 HEATING
  TODAY            6                         9     -3        8
  MONTH TO DATE  180                       209    -29      228
  SINCE MAR 1    552                       626    -74      600
  SINCE JUL 1   2422                      2677   -255     2744

 COOLING
  TODAY            0                         0      0        0
  MONTH TO DATE    1                         0      1        0
  SINCE MAR 1      1                         0      1        0
  SINCE JAN 1      1                         0      1        0
..................................................................


WIND (MPH)
  RESULTANT WIND SPEED   5   RESULTANT WIND DIRECTION  SW (240)
  HIGHEST WIND SPEED    22   HIGHEST WIND DIRECTION    SW (230)
  HIGHEST GUST SPEED    26   HIGHEST GUST DIRECTION    SW (230)
  AVERAGE WIND SPEED     8.4


SKY COVER
  POSSIBLE SUNSHINE  MM
  AVERAGE SKY COVER 0.0



RELATIVE HUMIDITY (PERCENT)
 HIGHEST    93           300 AM
 LOWEST     38           200 PM
 AVERAGE    66

..........................................................


THE CAMPO ASOS CA CLIMATE NORMALS FOR TOMORROW
                         NORMAL    RECORD    YEAR
 MAXIMUM TEMPERATURE (F)   74        88      2009
                                             1997
 MINIMUM TEMPERATURE (F)   38        24      2002
                                             1972


SUNRISE AND SUNSET
APRIL 19 2014.........SUNRISE   612 AM PDT   SUNSET   719 PM PDT
APRIL 20 2014.........SUNRISE   611 AM PDT   SUNSET   719 PM PDT


-  INDICATES NEGATIVE NUMBERS.
R  INDICATES RECORD WAS SET OR TIED.
MM INDICATES DATA IS MISSING.
T  INDICATES TRACE AMOUNT.




$$
