000
CDUS46 KSGX 260016
CLICZZ


CLIMATE REPORT
NATIONAL WEATHER SERVICE SAN DIEGO, CA
516 PM PDT FRI JUL 25 2014


...................................

...THE CAMPO ASOS CA CLIMATE SUMMARY FOR JULY 25 2014...
VALID TODAY AS OF 0500 PM LOCAL TIME.

CLIMATE NORMAL PERIOD 1981 TO 2010
CLIMATE RECORD PERIOD 1948 TO 2014


WEATHER ITEM   OBSERVED TIME   RECORD YEAR NORMAL DEPARTURE LAST
                VALUE   (LST)  VALUE       VALUE  FROM      YEAR
                                                  NORMAL
..................................................................
TEMPERATURE (F)
 TODAY
  MAXIMUM         97    130 PM 104    1959  95      2       96
  MINIMUM         68    454 AM  41    1987  54     14       56
  AVERAGE         83                        74      9       76

PRECIPITATION (IN)
  TODAY            0.00          0.44 2005   0.01  -0.01     0.00
  MONTH TO DATE    0.14                      0.22  -0.08     0.23
  SINCE JUL 1      0.14                      0.22  -0.08     0.23
  SINCE JAN 1      2.90                     10.37  -7.47     5.01

SNOWFALL (IN)
  TODAY            0.0
  MONTH TO DATE    0.0
  SINCE JAN 1      0.0
  SINCE JUL 1      0.0
  SNOW DEPTH       0

DEGREE DAYS
 HEATING
  TODAY            0                         0      0        0
  MONTH TO DATE    0                         4     -4        0
  SINCE JUN 1     28                        60    -32       28
  SINCE JUL 1      0                         4     -4        0

 COOLING
  TODAY           18                         9      9       11
  MONTH TO DATE  210                       196     14      271
  SINCE JUN 1    270                       288    -18      378
  SINCE JAN 1    322                       318      4      405
..................................................................


WIND (MPH)
  RESULTANT WIND SPEED   6   RESULTANT WIND DIRECTION  SW (220)
  HIGHEST WIND SPEED    23   HIGHEST WIND DIRECTION    SW (220)
  HIGHEST GUST SPEED    27   HIGHEST GUST DIRECTION    SW (220)
  AVERAGE WIND SPEED     7.8


SKY COVER
  POSSIBLE SUNSHINE  MM
  AVERAGE SKY COVER 0.0



RELATIVE HUMIDITY (PERCENT)
 HIGHEST    63           500 AM
 LOWEST      6          1100 AM
 AVERAGE    35

..........................................................


THE CAMPO ASOS CA CLIMATE NORMALS FOR TOMORROW
                         NORMAL    RECORD    YEAR
 MAXIMUM TEMPERATURE (F)   95       106      1995
 MINIMUM TEMPERATURE (F)   54        40      1986


SUNRISE AND SUNSET
JULY 25 2014..........SUNRISE   555 AM PDT   SUNSET   749 PM PDT
JULY 26 2014..........SUNRISE   556 AM PDT   SUNSET   748 PM PDT


-  INDICATES NEGATIVE NUMBERS.
R  INDICATES RECORD WAS SET OR TIED.
MM INDICATES DATA IS MISSING.
T  INDICATES TRACE AMOUNT.




$$
