000
CDUS46 KSGX 151232
CLICZZ


CLIMATE REPORT
NATIONAL WEATHER SERVICE SAN DIEGO, CA
431 AM PST FRI DEC 15 2017


...................................

...THE CAMPO ASOS CA CLIMATE SUMMARY FOR DECEMBER 14 2017...

CLIMATE NORMAL PERIOD 1981 TO 2010
CLIMATE RECORD PERIOD 1948 TO 2017


WEATHER ITEM   OBSERVED TIME   RECORD YEAR NORMAL DEPARTURE LAST
                VALUE   (LST)  VALUE       VALUE  FROM      YEAR
                                                  NORMAL
..................................................................
TEMPERATURE (F)
 YESTERDAY
  MAXIMUM         70   1000 AM  78    2016  63      7       78
  MINIMUM         31        MM  18    1987  32     -1       36
  AVERAGE         51                        47      4       57

PRECIPITATION (IN)
  YESTERDAY        0.00          0.46 1965   0.07  -0.07     0.00
  MONTH TO DATE    0.00                      0.92  -0.92     0.00
  SINCE OCT 1      0.34                      2.87  -2.53     0.94
  SINCE JAN 1     12.06                     14.38  -2.32     8.32

DEGREE DAYS
 HEATING
  YESTERDAY       14                        18     -4        8
  MONTH TO DATE  143                       238    -95      211
  SINCE DEC 1    143                       238    -95      211
  SINCE JUL 1    539                       808   -269      629

 COOLING
  YESTERDAY        0                         0      0        0
  MONTH TO DATE    0                         0      0        0
  SINCE DEC 1      0                         0      0        0
  SINCE JAN 1   1087                       841    246      955
..................................................................


WIND (MPH)
  RESULTANT WIND SPEED   8   RESULTANT WIND DIRECTION  NE (50)
  HIGHEST WIND SPEED    16   HIGHEST WIND DIRECTION     E (70)
  HIGHEST GUST SPEED    33   HIGHEST GUST DIRECTION    NE (50)
  AVERAGE WIND SPEED     8.6


SKY COVER
  POSSIBLE SUNSHINE  MM
  AVERAGE SKY COVER 0.0



RELATIVE HUMIDITY (PERCENT)
 HIGHEST    32           200 AM
 LOWEST      7          1000 AM
 AVERAGE    20

..........................................................


THE CAMPO ASOS CA CLIMATE NORMALS FOR TODAY
                         NORMAL    RECORD    YEAR
 MAXIMUM TEMPERATURE (F)   62        80      1969
 MINIMUM TEMPERATURE (F)   32        19      1987


SUNRISE AND SUNSET
DECEMBER 15 2017......SUNRISE   641 AM PST   SUNSET   442 PM PST
DECEMBER 16 2017......SUNRISE   641 AM PST   SUNSET   442 PM PST


-  INDICATES NEGATIVE NUMBERS.
R  INDICATES RECORD WAS SET OR TIED.
MM INDICATES DATA IS MISSING.
T  INDICATES TRACE AMOUNT.




$$
