000
CDUS46 KSGX 291416
CLICZZ


CLIMATE REPORT
NATIONAL WEATHER SERVICE SAN DIEGO, CA
716 AM PDT SUN MAY 29 2016


...................................

...THE CAMPO ASOS CA CLIMATE SUMMARY FOR MAY 28 2016...

CLIMATE NORMAL PERIOD 1981 TO 2010
CLIMATE RECORD PERIOD 1948 TO 2016


WEATHER ITEM   OBSERVED TIME   RECORD YEAR NORMAL DEPARTURE LAST
                VALUE   (LST)  VALUE       VALUE  FROM      YEAR
                                                  NORMAL
..................................................................
TEMPERATURE (F)
 YESTERDAY
  MAXIMUM         73    306 PM 102    2003  82     -9       84
  MINIMUM         43    502 AM  30    1959  43      0       44
  AVERAGE         58                        62     -4       64

PRECIPITATION (IN)
  YESTERDAY        0.00          0.21 1990   0.00   0.00     0.00
  MONTH TO DATE    0.14                      0.17  -0.03     2.31
  SINCE OCT 1      9.32                     14.25  -4.93     8.93
  SINCE JAN 1      6.37                     10.03  -3.66     5.06

DEGREE DAYS
 HEATING
  YESTERDAY        7                         4      3        1
  MONTH TO DATE  205                       147     58      255
  SINCE MAR 1    878                       864     14      838
  SINCE JUL 1   2762                      2915   -153     2474

 COOLING
  YESTERDAY        0                         1     -1        0
  MONTH TO DATE    2                        23    -21        2
  SINCE MAR 1      2                        26    -24        7
  SINCE JAN 1      2                        26    -24        7
..................................................................


WIND (MPH)
  RESULTANT WIND SPEED   8   RESULTANT WIND DIRECTION  SW (210)
  HIGHEST WIND SPEED    22   HIGHEST WIND DIRECTION     S (200)
  HIGHEST GUST SPEED    26   HIGHEST GUST DIRECTION    SW (220)
  AVERAGE WIND SPEED    10.2


SKY COVER
  POSSIBLE SUNSHINE  MM
  AVERAGE SKY COVER 0.0



RELATIVE HUMIDITY (PERCENT)
 HIGHEST    93           900 PM
 LOWEST     53          1200 PM
 AVERAGE    73

..........................................................


THE CAMPO ASOS CA CLIMATE NORMALS FOR TODAY
                         NORMAL    RECORD    YEAR
 MAXIMUM TEMPERATURE (F)   82       102      1984
 MINIMUM TEMPERATURE (F)   43        32      2010
                                             1989


SUNRISE AND SUNSET
MAY 29 2016...........SUNRISE   540 AM PDT   SUNSET   747 PM PDT
MAY 30 2016...........SUNRISE   540 AM PDT   SUNSET   748 PM PDT


-  INDICATES NEGATIVE NUMBERS.
R  INDICATES RECORD WAS SET OR TIED.
MM INDICATES DATA IS MISSING.
T  INDICATES TRACE AMOUNT.




$$
