035
CDUS46 KSGX 221133
CLICZZ


CLIMATE REPORT
NATIONAL WEATHER SERVICE SAN DIEGO, CA
433 AM PDT MON MAY 22 2017


...................................

...THE CAMPO ASOS CA CLIMATE SUMMARY FOR MAY 21 2017...

CLIMATE NORMAL PERIOD 1981 TO 2010
CLIMATE RECORD PERIOD 1948 TO 2017


WEATHER ITEM   OBSERVED TIME   RECORD YEAR NORMAL DEPARTURE LAST
                VALUE   (LST)  VALUE       VALUE  FROM      YEAR
                                                  NORMAL
..................................................................
TEMPERATURE (F)
 YESTERDAY
  MAXIMUM         91   1136 AM  97    1967  81     10       62
  MINIMUM         47    500 AM  29    1970  42      5       37
  AVERAGE         69                        62      7       50

PRECIPITATION (IN)
  YESTERDAY        0.00          0.53 1957   0.00   0.00     0.00
  MONTH TO DATE    0.89                      0.15   0.74     0.14
  SINCE OCT 1     16.58                     14.23   2.35     9.32
  SINCE JAN 1     11.35                     10.01   1.34     6.37

DEGREE DAYS
 HEATING
  YESTERDAY        0                         4     -4       15
  MONTH TO DATE  140                       119     21      137
  SINCE MAR 1    718                       836   -118      810
  SINCE JUL 1   2628                      2887   -259     2694

 COOLING
  YESTERDAY        4                         1      3        0
  MONTH TO DATE   14                        16     -2        2
  SINCE MAR 1     16                        19     -3        2
  SINCE JAN 1     16                        19     -3        2
..................................................................


WIND (MPH)
  RESULTANT WIND SPEED   3   RESULTANT WIND DIRECTION  NW (330)
  HIGHEST WIND SPEED    20   HIGHEST WIND DIRECTION    SW (220)
  HIGHEST GUST SPEED    26   HIGHEST GUST DIRECTION     W (270)
  AVERAGE WIND SPEED     7.3


SKY COVER
  POSSIBLE SUNSHINE  MM
  AVERAGE SKY COVER 0.0



RELATIVE HUMIDITY (PERCENT)
 HIGHEST    71           300 AM
 LOWEST     10          1200 PM
 AVERAGE    41

..........................................................


THE CAMPO ASOS CA CLIMATE NORMALS FOR TODAY
                         NORMAL    RECORD    YEAR
 MAXIMUM TEMPERATURE (F)   81        95      1988
 MINIMUM TEMPERATURE (F)   42        29      1975


SUNRISE AND SUNSET
MAY 22 2017...........SUNRISE   543 AM PDT   SUNSET   743 PM PDT
MAY 23 2017...........SUNRISE   542 AM PDT   SUNSET   743 PM PDT


-  INDICATES NEGATIVE NUMBERS.
R  INDICATES RECORD WAS SET OR TIED.
MM INDICATES DATA IS MISSING.
T  INDICATES TRACE AMOUNT.




$$
