000
CDUS43 KUNR 310833
CLID07


CLIMATE REPORT
NATIONAL WEATHER SERVICE RAPID CITY SD
231 AM MDT THU JUL 31 2014


...................................

...THE FAITH SD CLIMATE SUMMARY FOR JULY 30 2014...

CLIMATE NORMAL PERIOD 1981 TO 2010
CLIMATE RECORD PERIOD 9999 TO 9999


WEATHER ITEM   OBSERVED TIME   NORMAL DEPARTURE LAST
                VALUE   (LST)  VALUE  FROM      YEAR
                                      NORMAL
......................................................
TEMPERATURE (F)
 YESTERDAY
  MAXIMUM         85    332 PM  87     -2       76
  MINIMUM         55    424 AM  60     -5       57
  AVERAGE         70            74     -4       67

PRECIPITATION (IN)
  YESTERDAY        0.00          0.06  -0.06     0.00
  MONTH TO DATE    0.43          2.74  -2.31     1.57
  SINCE JUN 1      6.36          5.83   0.53     2.83
  SINCE JAN 1     10.94         12.13  -1.19    10.47

DEGREE DAYS
 HEATING
  YESTERDAY        0             0      0        0
  MONTH TO DATE   17             5     12       13
  SINCE JUN 1    122            95     27       86
  SINCE JUL 1     17             5     12       13

 COOLING
  YESTERDAY        5             9     -4        2
  MONTH TO DATE  168           239    -71      257
  SINCE JUN 1    190           327   -137      339
  SINCE JAN 1    220           339   -119      352
......................................................


WIND (MPH)
  HIGHEST WIND SPEED    14   HIGHEST WIND DIRECTION    NE (50)
  HIGHEST GUST SPEED    21   HIGHEST GUST DIRECTION     N (350)
  AVERAGE WIND SPEED     7.8




RELATIVE HUMIDITY (PERCENT)
 HIGHEST    80           400 AM
 LOWEST     32           200 PM
 AVERAGE    56

..........................................................




SUNRISE AND SUNSET
JULY 31 2014..........SUNRISE   532 AM MDT   SUNSET   816 PM MDT
AUGUST  1 2014........SUNRISE   533 AM MDT   SUNSET   815 PM MDT


-  INDICATES NEGATIVE NUMBERS.
R  INDICATES RECORD WAS SET OR TIED.
MM INDICATES DATA IS MISSING.
T  INDICATES TRACE AMOUNT.




$$
