000
CDUS43 KUNR 220833
CLID07


CLIMATE REPORT
NATIONAL WEATHER SERVICE RAPID CITY SD
232 AM MDT THU JUN 22 2017


...................................

...THE FAITH SD CLIMATE SUMMARY FOR JUNE 21 2017...

CLIMATE NORMAL PERIOD 1981 TO 2010
CLIMATE RECORD PERIOD 9999 TO 9999


WEATHER ITEM   OBSERVED TIME   NORMAL DEPARTURE LAST
                VALUE   (LST)  VALUE  FROM      YEAR
                                      NORMAL
......................................................
TEMPERATURE (F)
 YESTERDAY
  MAXIMUM         92    133 PM  80     12       93
  MINIMUM         58   1159 PM  54      4       59
  AVERAGE         75            67      8       76

PRECIPITATION (IN)
  YESTERDAY        0.12          0.14  -0.02     0.01
  MONTH TO DATE    2.04          1.92   0.12     1.10
  SINCE JUN 1      2.04          1.92   0.12     1.10
  SINCE JAN 1      6.32          8.22  -1.90     7.95

DEGREE DAYS
 HEATING
  YESTERDAY        0             2     -2        0
  MONTH TO DATE    7            79    -72       14
  SINCE JUN 1      7            79    -72       14
  SINCE JUL 1   7107          7698   -591     6577

 COOLING
  YESTERDAY       10             4      6       11
  MONTH TO DATE  105            44     61      122
  SINCE JUN 1    105            44     61      122
  SINCE JAN 1    117            56     61      124
......................................................


WIND (MPH)
  HIGHEST WIND SPEED    25   HIGHEST WIND DIRECTION    SE (140)
  HIGHEST GUST SPEED    31   HIGHEST GUST DIRECTION     N (350)
  AVERAGE WIND SPEED    13.3




RELATIVE HUMIDITY (PERCENT)
 HIGHEST    78           200 AM
 LOWEST     24           300 PM
 AVERAGE    51

..........................................................




SUNRISE AND SUNSET
JUNE 22 2017..........SUNRISE   502 AM MDT   SUNSET   839 PM MDT
JUNE 23 2017..........SUNRISE   502 AM MDT   SUNSET   839 PM MDT


-  INDICATES NEGATIVE NUMBERS.
R  INDICATES RECORD WAS SET OR TIED.
MM INDICATES DATA IS MISSING.
T  INDICATES TRACE AMOUNT.




$$
