000
CDUS43 KUNR 220845
CLID07


CLIMATE REPORT
NATIONAL WEATHER SERVICE RAPID CITY SD
243 AM MDT TUE JUL 22 2014


...................................

...THE FAITH SD CLIMATE SUMMARY FOR JULY 21 2014...

CLIMATE NORMAL PERIOD 1981 TO 2010
CLIMATE RECORD PERIOD 9999 TO 9999


WEATHER ITEM   OBSERVED TIME   NORMAL DEPARTURE LAST
                VALUE   (LST)  VALUE  FROM      YEAR
                                      NORMAL
......................................................
TEMPERATURE (F)
 YESTERDAY
  MAXIMUM         96    258 PM  87      9       97
  MINIMUM         65   1036 PM  60      5       59
  AVERAGE         81            73      8       78

PRECIPITATION (IN)
  YESTERDAY        0.01          0.07  -0.06     0.00
  MONTH TO DATE    0.27          2.20  -1.93     0.74
  SINCE JUN 1      6.20          5.29   0.91     2.00
  SINCE JAN 1     10.78         11.59  -0.81     9.64

DEGREE DAYS
 HEATING
  YESTERDAY        0             0      0        0
  MONTH TO DATE   17             5     12        3
  SINCE JUN 1    122            95     27       76
  SINCE JUL 1     17             5     12        3

 COOLING
  YESTERDAY       16             9      7       13
  MONTH TO DATE  114           158    -44      221
  SINCE JUN 1    136           246   -110      303
  SINCE JAN 1    166           258    -92      316
......................................................


WIND (MPH)
  HIGHEST WIND SPEED    29   HIGHEST WIND DIRECTION    NW (310)
  HIGHEST GUST SPEED    34   HIGHEST GUST DIRECTION    NW (310)
  AVERAGE WIND SPEED    12.4




RELATIVE HUMIDITY (PERCENT)
 HIGHEST    93           600 AM
 LOWEST     30           300 PM
 AVERAGE    62

..........................................................




SUNRISE AND SUNSET
JULY 22 2014..........SUNRISE   522 AM MDT   SUNSET   826 PM MDT
JULY 23 2014..........SUNRISE   524 AM MDT   SUNSET   825 PM MDT


-  INDICATES NEGATIVE NUMBERS.
R  INDICATES RECORD WAS SET OR TIED.
MM INDICATES DATA IS MISSING.
T  INDICATES TRACE AMOUNT.




$$
