000
CDUS43 KUNR 300835
CLID07


CLIMATE REPORT
NATIONAL WEATHER SERVICE RAPID CITY SD
235 AM MDT MON MAY 30 2016


...................................

...THE FAITH SD CLIMATE SUMMARY FOR MAY 29 2016...

CLIMATE NORMAL PERIOD 1981 TO 2010
CLIMATE RECORD PERIOD 9999 TO 9999


WEATHER ITEM   OBSERVED TIME   NORMAL DEPARTURE LAST
                VALUE   (LST)  VALUE  FROM      YEAR
                                      NORMAL
......................................................
TEMPERATURE (F)
 YESTERDAY
  MAXIMUM         77    258 PM  71      6       58
  MINIMUM         48    159 AM  47      1       41
  AVERAGE         63            59      4       50

PRECIPITATION (IN)
  YESTERDAY        0.00          0.10  -0.10     0.12
  MONTH TO DATE    0.45          2.85  -2.40     6.13
  SINCE MAR 1      5.30          5.46  -0.16     6.78
  SINCE JAN 1      6.81          6.08   0.73     7.21

DEGREE DAYS
 HEATING
  YESTERDAY        2             7     -5       15
  MONTH TO DATE  269           306    -37      357
  SINCE MAR 1   1606          1917   -311     1622
  SINCE JUL 1   6552          7605  -1053     7121

 COOLING
  YESTERDAY        0             1     -1        0
  MONTH TO DATE    2             3     -1        0
  SINCE MAR 1      2             4     -2        2
  SINCE JAN 1      2             4     -2        2
......................................................


WIND (MPH)
  HIGHEST WIND SPEED    22   HIGHEST WIND DIRECTION     N (10)
  HIGHEST GUST SPEED    27   HIGHEST GUST DIRECTION     S (170)
  AVERAGE WIND SPEED     9.6




RELATIVE HUMIDITY (PERCENT)
 HIGHEST    93           200 AM
 LOWEST     36           200 PM
 AVERAGE    65

..........................................................




SUNRISE AND SUNSET
MAY 30 2016...........SUNRISE   505 AM MDT   SUNSET   827 PM MDT
MAY 31 2016...........SUNRISE   505 AM MDT   SUNSET   827 PM MDT


-  INDICATES NEGATIVE NUMBERS.
R  INDICATES RECORD WAS SET OR TIED.
MM INDICATES DATA IS MISSING.
T  INDICATES TRACE AMOUNT.




$$
