000
CDUS43 KUNR 160938
CLID07


CLIMATE REPORT
NATIONAL WEATHER SERVICE RAPID CITY SD
237 AM MST SAT DEC 16 2017


...................................

...THE FAITH SD CLIMATE SUMMARY FOR DECEMBER 15 2017...

CLIMATE NORMAL PERIOD 1981 TO 2010
CLIMATE RECORD PERIOD 9999 TO 9999


WEATHER ITEM   OBSERVED TIME   NORMAL DEPARTURE LAST
                VALUE   (LST)  VALUE  FROM      YEAR
                                      NORMAL
......................................................
TEMPERATURE (F)
 YESTERDAY
  MAXIMUM         52    144 PM  30     22       12
  MINIMUM         23    647 AM  11     12       -5
  AVERAGE         38            21     17        4

PRECIPITATION (IN)
  YESTERDAY        0.00          0.02  -0.02     0.07
  MONTH TO DATE    0.25          0.17   0.08     0.30
  SINCE DEC 1      0.25          0.17   0.08     0.30
  SINCE JAN 1     10.05         17.43  -7.38    14.40

DEGREE DAYS
 HEATING
  YESTERDAY       27            44    -17       61
  MONTH TO DATE  469           644   -175      829
  SINCE DEC 1    469           644   -175      829
  SINCE JUL 1   2092          2427   -335     2080

 COOLING
  YESTERDAY        0             0      0        0
  MONTH TO DATE    0             0      0        0
  SINCE DEC 1      0             0      0        0
  SINCE JAN 1    756           635    121      734
......................................................


WIND (MPH)
  HIGHEST WIND SPEED    25   HIGHEST WIND DIRECTION     W (290)
  HIGHEST GUST SPEED    30   HIGHEST GUST DIRECTION     W (280)
  AVERAGE WIND SPEED    12.2




RELATIVE HUMIDITY (PERCENT)
 HIGHEST    88          1200 AM
 LOWEST     32           100 PM
 AVERAGE    60

..........................................................




SUNRISE AND SUNSET
DECEMBER 16 2017......SUNRISE   720 AM MST   SUNSET   407 PM MST
DECEMBER 17 2017......SUNRISE   721 AM MST   SUNSET   408 PM MST


-  INDICATES NEGATIVE NUMBERS.
R  INDICATES RECORD WAS SET OR TIED.
MM INDICATES DATA IS MISSING.
T  INDICATES TRACE AMOUNT.




$$
