000
CDUS43 KUNR 170832
CLID07


CLIMATE REPORT
NATIONAL WEATHER SERVICE RAPID CITY SD
231 AM MDT THU APR 17 2014


...................................

...THE FAITH SD CLIMATE SUMMARY FOR APRIL 16 2014...

CLIMATE NORMAL PERIOD 1981 TO 2010
CLIMATE RECORD PERIOD 9999 TO 9999


WEATHER ITEM   OBSERVED TIME   NORMAL DEPARTURE LAST
                VALUE   (LST)  VALUE  FROM      YEAR
                                      NORMAL
......................................................
TEMPERATURE (F)
 YESTERDAY
  MAXIMUM         39    318 PM  57    -18       35
  MINIMUM         26   1017 PM  33     -7       20
  AVERAGE         33            45    -12       28

PRECIPITATION (IN)
  YESTERDAY        0.00          0.05  -0.05     0.07
  MONTH TO DATE    0.17          0.64  -0.47     0.70
  SINCE MAR 1      1.36          1.62  -0.26     1.13
  SINCE JAN 1      2.26          2.24   0.02     1.70

DEGREE DAYS
 HEATING
  YESTERDAY       32            20     12       37
  MONTH TO DATE  420           371     49      494
  SINCE MAR 1   1538          1374    164     1560
  SINCE JUL 1   7624          7062    562     6903

 COOLING
  YESTERDAY        0             0      0        0
  MONTH TO DATE    0             0      0        0
  SINCE MAR 1      0             0      0        0
  SINCE JAN 1      0             0      0        0
......................................................


WIND (MPH)
  HIGHEST WIND SPEED    22   HIGHEST WIND DIRECTION    NE (30)
  HIGHEST GUST SPEED    27   HIGHEST GUST DIRECTION     N (10)
  AVERAGE WIND SPEED    14.1




RELATIVE HUMIDITY (PERCENT)
 HIGHEST    81          1000 PM
 LOWEST     54           500 PM
 AVERAGE    68

..........................................................




SUNRISE AND SUNSET
APRIL 17 2014.........SUNRISE   600 AM MDT   SUNSET   736 PM MDT
APRIL 18 2014.........SUNRISE   558 AM MDT   SUNSET   737 PM MDT


-  INDICATES NEGATIVE NUMBERS.
R  INDICATES RECORD WAS SET OR TIED.
MM INDICATES DATA IS MISSING.
T  INDICATES TRACE AMOUNT.




$$
