000
CDUS43 KUNR 210830
CLID07


CLIMATE REPORT
NATIONAL WEATHER SERVICE RAPID CITY SD
230 AM MDT THU AUG 21 2014


...................................

...THE FAITH SD CLIMATE SUMMARY FOR AUGUST 20 2014...

CLIMATE NORMAL PERIOD 1981 TO 2010
CLIMATE RECORD PERIOD 9999 TO 9999


WEATHER ITEM   OBSERVED TIME   NORMAL DEPARTURE LAST
                VALUE   (LST)  VALUE  FROM      YEAR
                                      NORMAL
......................................................
TEMPERATURE (F)
 YESTERDAY
  MAXIMUM         88    309 PM  85      3       95
  MINIMUM         61   1159 PM  58      3       63
  AVERAGE         75            72      3       79

PRECIPITATION (IN)
  YESTERDAY        0.00          0.04  -0.04     0.00
  MONTH TO DATE    1.93          1.11   0.82     1.89
  SINCE JUN 1      8.29          7.00   1.29     4.72
  SINCE JAN 1     12.87         13.30  -0.43    12.36

DEGREE DAYS
 HEATING
  YESTERDAY        0             1     -1        0
  MONTH TO DATE    0             4     -4        2
  SINCE JUN 1    122           106     16       88
  SINCE JUL 1     17            16      1       15

 COOLING
  YESTERDAY       10             7      3       14
  MONTH TO DATE  151           166    -15       90
  SINCE JUN 1    349           499   -150      435
  SINCE JAN 1    379           511   -132      448
......................................................


WIND (MPH)
  HIGHEST WIND SPEED    28   HIGHEST WIND DIRECTION    NW (310)
  HIGHEST GUST SPEED    35   HIGHEST GUST DIRECTION    NW (310)
  AVERAGE WIND SPEED    13.4




RELATIVE HUMIDITY (PERCENT)
 HIGHEST    93           900 PM
 LOWEST     43           300 PM
 AVERAGE    68

..........................................................




SUNRISE AND SUNSET
AUGUST 21 2014........SUNRISE   557 AM MDT   SUNSET   745 PM MDT
AUGUST 22 2014........SUNRISE   558 AM MDT   SUNSET   743 PM MDT


-  INDICATES NEGATIVE NUMBERS.
R  INDICATES RECORD WAS SET OR TIED.
MM INDICATES DATA IS MISSING.
T  INDICATES TRACE AMOUNT.




$$
