000
CDUS43 KUNR 210832
CLID07


CLIMATE REPORT
NATIONAL WEATHER SERVICE RAPID CITY SD
231 AM MDT SAT OCT 21 2017


...................................

...THE FAITH SD CLIMATE SUMMARY FOR OCTOBER 20 2017...

CLIMATE NORMAL PERIOD 1981 TO 2010
CLIMATE RECORD PERIOD 9999 TO 9999


WEATHER ITEM   OBSERVED TIME   NORMAL DEPARTURE LAST
                VALUE   (LST)  VALUE  FROM      YEAR
                                      NORMAL
......................................................
TEMPERATURE (F)
 YESTERDAY
  MAXIMUM         85    243 PM  57     28       61
  MINIMUM         46    541 AM  34     12       30
  AVERAGE         66            45     21       46

PRECIPITATION (IN)
  YESTERDAY        0.00          0.06  -0.06     0.00
  MONTH TO DATE    0.11          0.88  -0.77     0.49
  SINCE SEP 1      1.08          2.24  -1.16     1.88
  SINCE JAN 1      9.55         16.06  -6.51    13.50

DEGREE DAYS
 HEATING
  YESTERDAY        0            20    -20       19
  MONTH TO DATE  286           324    -38      281
  SINCE SEP 1    469           523    -54      393
  SINCE JUL 1    481           556    -75      422

 COOLING
  YESTERDAY        1             0      1        0
  MONTH TO DATE    1             0      1        2
  SINCE SEP 1     92            59     33       48
  SINCE JAN 1    756           634    122      734
......................................................


WIND (MPH)
  HIGHEST WIND SPEED    35   HIGHEST WIND DIRECTION    NW (310)
  HIGHEST GUST SPEED    41   HIGHEST GUST DIRECTION    NW (300)
  AVERAGE WIND SPEED    18.6




RELATIVE HUMIDITY (PERCENT)
 HIGHEST    60           900 PM
 LOWEST     17           300 PM
 AVERAGE    39

..........................................................




SUNRISE AND SUNSET
OCTOBER 21 2017.......SUNRISE   712 AM MDT   SUNSET   552 PM MDT
OCTOBER 22 2017.......SUNRISE   713 AM MDT   SUNSET   551 PM MDT


-  INDICATES NEGATIVE NUMBERS.
R  INDICATES RECORD WAS SET OR TIED.
MM INDICATES DATA IS MISSING.
T  INDICATES TRACE AMOUNT.




$$
