000
CDUS43 KUNR 010832
CLID07


CLIMATE REPORT
NATIONAL WEATHER SERVICE RAPID CITY SD
230 AM MDT SAT AUG 1 2015


...................................

...THE FAITH SD CLIMATE SUMMARY FOR JULY 31 2015...

CLIMATE NORMAL PERIOD 1981 TO 2010
CLIMATE RECORD PERIOD 9999 TO 9999


WEATHER ITEM   OBSERVED TIME   NORMAL DEPARTURE LAST
                VALUE   (LST)  VALUE  FROM      YEAR
                                      NORMAL
......................................................
TEMPERATURE (F)
 YESTERDAY
  MAXIMUM         92    310 PM  87      5       89
  MINIMUM         55    437 AM  60     -5       57
  AVERAGE         74            74      0       73

PRECIPITATION (IN)
  YESTERDAY        0.00          0.06  -0.06     0.00
  MONTH TO DATE    0.58          2.80  -2.22     0.43
  SINCE JUN 1      3.22          5.89  -2.67     6.36
  SINCE JAN 1     10.46         12.19  -1.73    10.94

DEGREE DAYS
 HEATING
  YESTERDAY        0             0      0        0
  MONTH TO DATE    0             5     -5       17
  SINCE JUN 1     34           102    -68      122
  SINCE JUL 1      0            12    -12       17

 COOLING
  YESTERDAY        9             9      0        8
  MONTH TO DATE  257           245     12      176
  SINCE JUN 1    352           333     19      198
  SINCE JAN 1    354           345      9      228
......................................................


WIND (MPH)
  HIGHEST WIND SPEED    15   HIGHEST WIND DIRECTION     S (170)
  HIGHEST GUST SPEED    18   HIGHEST GUST DIRECTION    SE (150)
  AVERAGE WIND SPEED     7.6




RELATIVE HUMIDITY (PERCENT)
 HIGHEST    83           400 AM
 LOWEST     14           200 PM
 AVERAGE    49

..........................................................




SUNRISE AND SUNSET
AUGUST  1 2015........SUNRISE   533 AM MDT   SUNSET   815 PM MDT
AUGUST  2 2015........SUNRISE   534 AM MDT   SUNSET   814 PM MDT


-  INDICATES NEGATIVE NUMBERS.
R  INDICATES RECORD WAS SET OR TIED.
MM INDICATES DATA IS MISSING.
T  INDICATES TRACE AMOUNT.




$$
