000
CDUS43 KUNR 260834
CLID07


CLIMATE REPORT
NATIONAL WEATHER SERVICE RAPID CITY SD
231 AM MDT THU MAR 26 2015


...................................

...THE FAITH SD CLIMATE SUMMARY FOR MARCH 25 2015...

CLIMATE NORMAL PERIOD 1981 TO 2010
CLIMATE RECORD PERIOD 9999 TO 9999


WEATHER ITEM   OBSERVED TIME   NORMAL DEPARTURE LAST
                VALUE   (LST)  VALUE  FROM      YEAR
                                      NORMAL
......................................................
TEMPERATURE (F)
 YESTERDAY
  MAXIMUM         41    426 PM  47     -6       35
  MINIMUM         21   1155 PM  25     -4       11
  AVERAGE         31            36     -5       23

PRECIPITATION (IN)
  YESTERDAY        0.00          0.04  -0.04     0.00
  MONTH TO DATE    0.11          0.70  -0.59     0.93
  SINCE MAR 1      0.11          0.70  -0.59     0.93
  SINCE JAN 1      0.54          1.32  -0.78     1.83

DEGREE DAYS
 HEATING
  YESTERDAY       34            29      5       42
  MONTH TO DATE  637           838   -201      930
  SINCE MAR 1    637           838   -201      930
  SINCE JUL 1   6136          6526   -390     7016

 COOLING
  YESTERDAY        0             0      0        0
  MONTH TO DATE    2             0      2        0
  SINCE MAR 1      2             0      2        0
  SINCE JAN 1      2             0      2        0
......................................................


WIND (MPH)
  HIGHEST WIND SPEED    32   HIGHEST WIND DIRECTION     N (340)
  HIGHEST GUST SPEED    39   HIGHEST GUST DIRECTION    NW (320)
  AVERAGE WIND SPEED    17.5




RELATIVE HUMIDITY (PERCENT)
 HIGHEST    72          1200 AM
 LOWEST     44           300 PM
 AVERAGE    58

..........................................................




SUNRISE AND SUNSET
MARCH 26 2015.........SUNRISE   640 AM MDT   SUNSET   708 PM MDT
MARCH 27 2015.........SUNRISE   638 AM MDT   SUNSET   709 PM MDT


-  INDICATES NEGATIVE NUMBERS.
R  INDICATES RECORD WAS SET OR TIED.
MM INDICATES DATA IS MISSING.
T  INDICATES TRACE AMOUNT.




$$
