000
CDUS43 KUNR 020832
CLID07


CLIMATE REPORT
NATIONAL WEATHER SERVICE RAPID CITY SD
232 AM MDT THU OCT 2 2014


...................................

...THE FAITH SD CLIMATE SUMMARY FOR OCTOBER 1 2014...

CLIMATE NORMAL PERIOD 1981 TO 2010
CLIMATE RECORD PERIOD 9999 TO 9999


WEATHER ITEM   OBSERVED TIME   NORMAL DEPARTURE LAST
                VALUE   (LST)  VALUE  FROM      YEAR
                                      NORMAL
......................................................
TEMPERATURE (F)
 YESTERDAY
  MAXIMUM         60   1039 AM  65     -5       70
  MINIMUM         46   1158 PM  40      6       43
  AVERAGE         53            53      0       57

PRECIPITATION (IN)
  YESTERDAY        0.00          0.04  -0.04     0.00
  MONTH TO DATE    0.00          0.04  -0.04     0.00
  SINCE SEP 1      1.14          1.40  -0.26     1.10
  SINCE JAN 1     17.65         15.22   2.43    13.47

DEGREE DAYS
 HEATING
  YESTERDAY       12            13     -1        8
  MONTH TO DATE   12            13     -1        8
  SINCE SEP 1    217           212      5       88
  SINCE JUL 1    260           245     15      103

 COOLING
  YESTERDAY        0             0      0        0
  MONTH TO DATE    0             0      0        0
  SINCE SEP 1     46            59    -13      130
  SINCE JAN 1    445           634   -189      720
......................................................


WIND (MPH)
  HIGHEST WIND SPEED    25   HIGHEST WIND DIRECTION    NW (300)
  HIGHEST GUST SPEED    32   HIGHEST GUST DIRECTION    NW (300)
  AVERAGE WIND SPEED    14.0




RELATIVE HUMIDITY (PERCENT)
 HIGHEST    89           400 AM
 LOWEST     66           300 PM
 AVERAGE    78

..........................................................




SUNRISE AND SUNSET
OCTOBER  2 2014.......SUNRISE   647 AM MDT   SUNSET   627 PM MDT
OCTOBER  3 2014.......SUNRISE   649 AM MDT   SUNSET   625 PM MDT


-  INDICATES NEGATIVE NUMBERS.
R  INDICATES RECORD WAS SET OR TIED.
MM INDICATES DATA IS MISSING.
T  INDICATES TRACE AMOUNT.




$$
