000
CDUS43 KUNR 200843
CLID07


CLIMATE REPORT
NATIONAL WEATHER SERVICE RAPID CITY SD
142 AM MST MON FEB 20 2017


...................................

...THE FAITH SD CLIMATE SUMMARY FOR FEBRUARY 19 2017...

CLIMATE NORMAL PERIOD 1981 TO 2010
CLIMATE RECORD PERIOD 9999 TO 9999


WEATHER ITEM   OBSERVED TIME   NORMAL DEPARTURE LAST
                VALUE   (LST)  VALUE  FROM      YEAR
                                      NORMAL
......................................................
TEMPERATURE (F)
 YESTERDAY
  MAXIMUM         63    431 PM  34     29       58
  MINIMUM         37    702 AM  15     22       31
  AVERAGE         50            24     26       45

PRECIPITATION (IN)
  YESTERDAY        0.00          0.01  -0.01     0.11
  MONTH TO DATE    0.08          0.32  -0.24     0.79
  SINCE DEC 1      1.07          0.92   0.15     1.58
  SINCE JAN 1      0.63          0.52   0.11     1.05

DEGREE DAYS
 HEATING
  YESTERDAY       15            41    -26       20
  MONTH TO DATE  756           809    -53      632
  SINCE DEC 1   3813          3555    258     3268
  SINCE JUL 1   5064          5338   -274     4654

 COOLING
  YESTERDAY        0             0      0        0
  MONTH TO DATE    0             0      0        0
  SINCE DEC 1      0             0      0        0
  SINCE JAN 1      0             0      0        0
......................................................


WIND (MPH)
  HIGHEST WIND SPEED    21   HIGHEST WIND DIRECTION     S (200)
  HIGHEST GUST SPEED    26   HIGHEST GUST DIRECTION     S (190)
  AVERAGE WIND SPEED    14.3




RELATIVE HUMIDITY (PERCENT)
 HIGHEST    85           200 AM
 LOWEST     39           100 PM
 AVERAGE    62

..........................................................




SUNRISE AND SUNSET
FEBRUARY 20 2017......SUNRISE   641 AM MST   SUNSET   524 PM MST
FEBRUARY 21 2017......SUNRISE   639 AM MST   SUNSET   525 PM MST


-  INDICATES NEGATIVE NUMBERS.
R  INDICATES RECORD WAS SET OR TIED.
MM INDICATES DATA IS MISSING.
T  INDICATES TRACE AMOUNT.




$$
