000
CDUS42 KMLB 192119
CLIDAB


CLIMATE REPORT
NATIONAL WEATHER SERVICE MELBOURNE FL
418 PM EST SUN FEB 19 2017


...................................

...THE DAYTONA BEACH CLIMATE SUMMARY FOR FEBRUARY 19 2017...
VALID TODAY AS OF 0400 PM LOCAL TIME.

CLIMATE NORMAL PERIOD 1981 TO 2010
CLIMATE RECORD PERIOD 1923 TO 2017


WEATHER ITEM   OBSERVED TIME   RECORD YEAR NORMAL DEPARTURE LAST
                VALUE   (LST)  VALUE       VALUE  FROM      YEAR
                                                  NORMAL
..................................................................
TEMPERATURE (F)
 TODAY
  MAXIMUM         76   1247 PM  86    1990  71      5       72
                                      1975
  MINIMUM         62    436 AM  27    1958  51     11       51
  AVERAGE         69                        61      8       62

PRECIPITATION (IN)
  TODAY            0.09          1.60 1927   0.10  -0.01     0.00
  MONTH TO DATE    0.56                      1.84  -1.28     3.08
  SINCE DEC 1      3.24                      7.21  -3.97    10.70
  SINCE JAN 1      2.54                      4.58  -2.04    10.13

SNOWFALL (IN)
  TODAY            0.0
  MONTH TO DATE    0.0
  SINCE JUL 1      0.0

DEGREE DAYS
 HEATING
  TODAY            0                         5     -5        3
  MONTH TO DATE   50                       121    -71      138
  SINCE DEC 1    264                       564   -300      406
  SINCE JUL 1    301                       638   -337      418

 COOLING
  TODAY            4                         1      3        0
  MONTH TO DATE   26                        19      7       21
  SINCE DEC 1    201                        99    102      243
  SINCE JAN 1     93                        48     45       34
..................................................................


WIND (MPH)
  HIGHEST WIND SPEED    14   HIGHEST WIND DIRECTION    NE (40)
  HIGHEST GUST SPEED    18   HIGHEST GUST DIRECTION    NE (50)
  AVERAGE WIND SPEED     7.1


SKY COVER
  AVERAGE SKY COVER 0.7


WEATHER CONDITIONS
 THE FOLLOWING WEATHER WAS RECORDED TODAY.
  RAIN
  LIGHT RAIN
  FOG


RELATIVE HUMIDITY (PERCENT)
 HIGHEST   100          1200 AM
 LOWEST     61           100 PM
 AVERAGE    81

..........................................................


THE DAYTONA BEACH CLIMATE NORMALS FOR TOMORROW
                         NORMAL    RECORD    YEAR
 MAXIMUM TEMPERATURE (F)   71        85      1988
 MINIMUM TEMPERATURE (F)   51        29      1958


SUNRISE AND SUNSET
FEBRUARY 19 2017......SUNRISE   659 AM EST   SUNSET   617 PM EST
FEBRUARY 20 2017......SUNRISE   658 AM EST   SUNSET   618 PM EST


-  INDICATES NEGATIVE NUMBERS.
R  INDICATES RECORD WAS SET OR TIED.
MM INDICATES DATA IS MISSING.
T  INDICATES TRACE AMOUNT.




$$
