000
CDUS42 KMLB 242025
CLIDAB


CLIMATE REPORT
NATIONAL WEATHER SERVICE MELBOURNE FL
423 PM EDT FRI MAR 24 2017


...................................

...THE DAYTONA BEACH CLIMATE SUMMARY FOR MARCH 24 2017...
VALID TODAY AS OF 0400 PM LOCAL TIME.

CLIMATE NORMAL PERIOD 1981 TO 2010
CLIMATE RECORD PERIOD 1923 TO 2017


WEATHER ITEM   OBSERVED TIME   RECORD YEAR NORMAL DEPARTURE LAST
                VALUE   (LST)  VALUE       VALUE  FROM      YEAR
                                                  NORMAL
..................................................................
TEMPERATURE (F)
 TODAY
  MAXIMUM         75   1239 PM  92    1935  76     -1       83
  MINIMUM         66    700 AM  35    1968  55     11       55
  AVERAGE         71                        66      5       69

PRECIPITATION (IN)
  TODAY            T             1.20 1974   0.13  -0.13     0.01
  MONTH TO DATE    1.07                      3.29  -2.22     0.63
  SINCE MAR 1      1.07                      3.29  -2.22     0.63
  SINCE JAN 1      5.08                      8.81  -3.73    11.34

SNOWFALL (IN)
  TODAY            0.0
  MONTH TO DATE    0.0
  SINCE JUL 1      0.0

DEGREE DAYS
 HEATING
  TODAY            0                         2     -2        0
  MONTH TO DATE   82                        82      0       38
  SINCE MAR 1     82                        82      0       38
  SINCE JUL 1    388                       764   -376      503

 COOLING
  TODAY            6                         3      3        4
  MONTH TO DATE   70                        57     13      115
  SINCE MAR 1     70                        57     13      115
  SINCE JAN 1    190                       122     68      165
..................................................................


WIND (MPH)
  HIGHEST WIND SPEED    22   HIGHEST WIND DIRECTION     E (80)
  HIGHEST GUST SPEED    27   HIGHEST GUST DIRECTION    NE (60)
  AVERAGE WIND SPEED    11.6


SKY COVER
  AVERAGE SKY COVER 0.5


WEATHER CONDITIONS
 THE FOLLOWING WEATHER WAS RECORDED TODAY.
  LIGHT RAIN


RELATIVE HUMIDITY (PERCENT)
 HIGHEST    73           200 PM
 LOWEST     43          1200 PM
 AVERAGE    58

..........................................................


THE DAYTONA BEACH CLIMATE NORMALS FOR TOMORROW
                         NORMAL    RECORD    YEAR
 MAXIMUM TEMPERATURE (F)   76        88      1954
                                             1935
 MINIMUM TEMPERATURE (F)   56        32      1968


SUNRISE AND SUNSET
MARCH 24 2017.........SUNRISE   723 AM EDT   SUNSET   738 PM EDT
MARCH 25 2017.........SUNRISE   722 AM EDT   SUNSET   739 PM EDT


-  INDICATES NEGATIVE NUMBERS.
R  INDICATES RECORD WAS SET OR TIED.
MM INDICATES DATA IS MISSING.
T  INDICATES TRACE AMOUNT.




$$
