000
CDUS42 KMLB 182128
CLIDAB


CLIMATE REPORT
NATIONAL WEATHER SERVICE MELBOURNE FL
427 PM EST THU DEC 18 2014


...................................

...THE DAYTONA BEACH CLIMATE SUMMARY FOR DECEMBER 18 2014...
VALID TODAY AS OF 400 PM LOCAL TIME.

CLIMATE NORMAL PERIOD 1981 TO 2010
CLIMATE RECORD PERIOD 1923 TO 2014


WEATHER ITEM   OBSERVED TIME   RECORD YEAR NORMAL DEPARTURE LAST
                VALUE   (LST)  VALUE       VALUE  FROM      YEAR
                                                  NORMAL
..................................................................
TEMPERATURE (F)
 TODAY
  MAXIMUM         68    339 PM  84    1961  70     -2       67
  MINIMUM         46    713 AM  26    1960  50     -4       43
  AVERAGE         57                        60     -3       55

PRECIPITATION (IN)
  TODAY            0.00          1.93 1951   0.09  -0.09     0.00
  MONTH TO DATE    0.24                      1.43  -1.19     0.97
  SINCE DEC 1      0.24                      1.43  -1.19     0.97
  SINCE JAN 1     61.23                     48.42  12.81    47.33

SNOWFALL (IN)
  TODAY            0.0
  MONTH TO DATE    0.0
  SINCE JUL 1      0.0

DEGREE DAYS
 HEATING
  TODAY            8                         7      1       10
  MONTH TO DATE   97                        95      2       45
  SINCE DEC 1     97                        95      2       45
  SINCE JUL 1    226                       169     57       76

 COOLING
  TODAY            0                         1     -1        0
  MONTH TO DATE   35                        34      1       71
  SINCE DEC 1     35                        34      1       71
  SINCE JAN 1   3017                      2946     71     3213
..................................................................


WIND (MPH)
  HIGHEST WIND SPEED    10   HIGHEST WIND DIRECTION     N (340)
  HIGHEST GUST SPEED    16   HIGHEST GUST DIRECTION    NW (330)
  AVERAGE WIND SPEED     3.7


SKY COVER
  AVERAGE SKY COVER 0.4


WEATHER CONDITIONS
 THE FOLLOWING WEATHER WAS RECORDED TODAY.
  NO SIGNIFICANT WEATHER WAS OBSERVED.


RELATIVE HUMIDITY (PERCENT)
 HIGHEST   100           400 AM
 LOWEST     45           100 PM
 AVERAGE    73

..........................................................


THE DAYTONA BEACH CLIMATE NORMALS FOR TOMORROW
                         NORMAL    RECORD    YEAR
 MAXIMUM TEMPERATURE (F)   70        87      1990
 MINIMUM TEMPERATURE (F)   50        26      1981


SUNRISE AND SUNSET
DECEMBER 18 2014......SUNRISE   712 AM EST   SUNSET   529 PM EST
DECEMBER 19 2014......SUNRISE   713 AM EST   SUNSET   530 PM EST


-  INDICATES NEGATIVE NUMBERS.
R  INDICATES RECORD WAS SET OR TIED.
MM INDICATES DATA IS MISSING.
T  INDICATES TRACE AMOUNT.

&&

DAYTONA BEACH SURF TEMPERATURE 62

$$
