000
CDUS42 KMLB 230628
CLIDAB


CLIMATE REPORT
NATIONAL WEATHER SERVICE MELBOURNE FL
227 AM EDT SUN APR 23 2017


...................................

...THE DAYTONA BEACH CLIMATE SUMMARY FOR APRIL 22 2017...

CLIMATE NORMAL PERIOD 1981 TO 2010
CLIMATE RECORD PERIOD 1923 TO 2017


WEATHER ITEM   OBSERVED TIME   RECORD YEAR NORMAL DEPARTURE LAST
                VALUE   (LST)  VALUE       VALUE  FROM      YEAR
                                                  NORMAL
..................................................................
TEMPERATURE (F)
 YESTERDAY
  MAXIMUM         83    110 PM  93    1988  80      3       85
  MINIMUM         63    459 AM  39    1940  60      3       62
  AVERAGE         73                        70      3       74

PRECIPITATION (IN)
  YESTERDAY        T             0.73 2012   0.07  -0.07     0.68
  MONTH TO DATE    1.22                      1.73  -0.51     2.05
  SINCE MAR 1      2.29                      5.97  -3.68     3.48
  SINCE JAN 1      6.30                     11.49  -5.19    14.19

SNOWFALL (IN)
  YESTERDAY        0.0
  MONTH TO DATE    0.0
  SINCE JUL 1      0.0

DEGREE DAYS
 HEATING
  YESTERDAY        0                         1     -1        0
  MONTH TO DATE   13                        25    -12        5
  SINCE MAR 1     95                       122    -27       43
  SINCE JUL 1    401                       804   -403      508

 COOLING
  YESTERDAY        8                         6      2        9
  MONTH TO DATE  137                        95     42      127
  SINCE MAR 1    258                       172     86      307
  SINCE JAN 1    378                       237    141      357
..................................................................


WIND (MPH)
  HIGHEST WIND SPEED    15   HIGHEST WIND DIRECTION     E (70)
  HIGHEST GUST SPEED    21   HIGHEST GUST DIRECTION     E (80)
  AVERAGE WIND SPEED     5.8


SKY COVER
  AVERAGE SKY COVER 0.6


WEATHER CONDITIONS
 THE FOLLOWING WEATHER WAS RECORDED YESTERDAY.
  LIGHT RAIN
  FOG
  HAZE


RELATIVE HUMIDITY (PERCENT)
 HIGHEST   100           200 AM
 LOWEST     58          1100 AM
 AVERAGE    79

..........................................................


THE DAYTONA BEACH CLIMATE NORMALS FOR TODAY
                         NORMAL    RECORD    YEAR
 MAXIMUM TEMPERATURE (F)   80        92      1988
                                             1963
 MINIMUM TEMPERATURE (F)   60        42      1993


SUNRISE AND SUNSET
APRIL 23 2017.........SUNRISE   650 AM EDT   SUNSET   756 PM EDT
APRIL 24 2017.........SUNRISE   649 AM EDT   SUNSET   756 PM EDT


-  INDICATES NEGATIVE NUMBERS.
R  INDICATES RECORD WAS SET OR TIED.
MM INDICATES DATA IS MISSING.
T  INDICATES TRACE AMOUNT.




$$
