000
CDUS42 KMLB 200626
CLIDAB


CLIMATE REPORT
NATIONAL WEATHER SERVICE MELBOURNE FL
126 AM EST FRI JAN 20 2017


...................................

...THE DAYTONA BEACH CLIMATE SUMMARY FOR JANUARY 19 2017...

CLIMATE NORMAL PERIOD 1981 TO 2010
CLIMATE RECORD PERIOD 1923 TO 2017


WEATHER ITEM   OBSERVED TIME   RECORD YEAR NORMAL DEPARTURE LAST
                VALUE   (LST)  VALUE       VALUE  FROM      YEAR
                                                  NORMAL
..................................................................
TEMPERATURE (F)
 YESTERDAY
  MAXIMUM         78    100 PM  85    1943  68     10       54
  MINIMUM         57    642 AM  25    1997  47     10       38
                                      1977
  AVERAGE         68                        58     10       46

PRECIPITATION (IN)
  YESTERDAY        0.00          1.40 1978   0.08  -0.08     0.00
  MONTH TO DATE    1.32                      1.64  -0.32     3.19
  SINCE DEC 1      2.02                      4.27  -2.25     3.76
  SINCE JAN 1      1.32                      1.64  -0.32     3.19

SNOWFALL (IN)
  YESTERDAY        0.0
  MONTH TO DATE    0.0
  SINCE JUL 1      0.0

DEGREE DAYS
 HEATING
  YESTERDAY        0                         8     -8       19
  MONTH TO DATE   64                       152    -88      125
  SINCE DEC 1    143                       344   -201      150
  SINCE JUL 1    180                       418   -238      162

 COOLING
  YESTERDAY        3                         1      2        0
  MONTH TO DATE   40                        19     21       13
  SINCE DEC 1    148                        70     78      222
  SINCE JAN 1     40                        19     21       13
..................................................................


WIND (MPH)
  HIGHEST WIND SPEED    13   HIGHEST WIND DIRECTION    NE (60)
  HIGHEST GUST SPEED    16   HIGHEST GUST DIRECTION    NE (60)
  AVERAGE WIND SPEED     3.5


SKY COVER
  AVERAGE SKY COVER 0.5


WEATHER CONDITIONS
 THE FOLLOWING WEATHER WAS RECORDED YESTERDAY.
  FOG


RELATIVE HUMIDITY (PERCENT)
 HIGHEST   100           300 AM
 LOWEST     64           100 PM
 AVERAGE    82

..........................................................


THE DAYTONA BEACH CLIMATE NORMALS FOR TODAY
                         NORMAL    RECORD    YEAR
 MAXIMUM TEMPERATURE (F)   68        84      1963
 MINIMUM TEMPERATURE (F)   47        23      1977


SUNRISE AND SUNSET
JANUARY 20 2017.......SUNRISE   718 AM EST   SUNSET   553 PM EST
JANUARY 21 2017.......SUNRISE   718 AM EST   SUNSET   554 PM EST


-  INDICATES NEGATIVE NUMBERS.
R  INDICATES RECORD WAS SET OR TIED.
MM INDICATES DATA IS MISSING.
T  INDICATES TRACE AMOUNT.




$$
