949
CDUS42 KMLB 090633
CLIDAB


CLIMATE REPORT
NATIONAL WEATHER SERVICE MELBOURNE FL
131 AM EST TUE FEB 9 2016


...................................

...THE DAYTONA BEACH CLIMATE SUMMARY FOR FEBRUARY 8 2016...

CLIMATE NORMAL PERIOD 1981 TO 2010
CLIMATE RECORD PERIOD 1923 TO 2016


WEATHER ITEM   OBSERVED TIME   RECORD YEAR NORMAL DEPARTURE LAST
                VALUE   (LST)  VALUE       VALUE  FROM      YEAR
                                                  NORMAL
..................................................................
TEMPERATURE (F)
 YESTERDAY
  MAXIMUM         65    413 PM  85    1949  70     -5       74
  MINIMUM         38    728 AM  32    1952  49    -11       47
  AVERAGE         52                        60     -8       61

PRECIPITATION (IN)
  YESTERDAY        T             2.41 1971   0.10  -0.10     0.00
  MONTH TO DATE    2.85                      0.77   2.08     0.65
  SINCE DEC 1     10.47                      6.14   4.33     6.03
  SINCE JAN 1      9.90                      3.51   6.39     3.20

SNOWFALL (IN)
  YESTERDAY       MM
  MONTH TO DATE    0.0
  SINCE JUL 1      0.0

DEGREE DAYS
 HEATING
  YESTERDAY       13                         7      6        4
  MONTH TO DATE   49                        56     -7       49
  SINCE DEC 1    317                       499   -182      362
  SINCE JUL 1    329                       573   -244      491

 COOLING
  YESTERDAY        0                         1     -1        0
  MONTH TO DATE   21                         8     13        0
  SINCE DEC 1    243                        88    155      114
  SINCE JAN 1     34                        37     -3       31
..................................................................


WIND (MPH)
  HIGHEST WIND SPEED    25   HIGHEST WIND DIRECTION     W (250)
  HIGHEST GUST SPEED    35   HIGHEST GUST DIRECTION     W (250)
  AVERAGE WIND SPEED    11.1


SKY COVER
  AVERAGE SKY COVER 0.3


WEATHER CONDITIONS
 THE FOLLOWING WEATHER WAS RECORDED YESTERDAY.
  LIGHT RAIN
  FOG
  HAZE


RELATIVE HUMIDITY (PERCENT)
 HIGHEST    85           200 AM
 LOWEST     35          1200 PM
 AVERAGE    60

..........................................................


THE DAYTONA BEACH CLIMATE NORMALS FOR TODAY
                         NORMAL    RECORD    YEAR
 MAXIMUM TEMPERATURE (F)   70        85      1949
                                             1937
 MINIMUM TEMPERATURE (F)   49        27      1995


SUNRISE AND SUNSET
FEBRUARY  9 2016......SUNRISE   708 AM EST   SUNSET   609 PM EST
FEBRUARY 10 2016......SUNRISE   707 AM EST   SUNSET   610 PM EST


-  INDICATES NEGATIVE NUMBERS.
R  INDICATES RECORD WAS SET OR TIED.
MM INDICATES DATA IS MISSING.
T  INDICATES TRACE AMOUNT.




$$
