000
CDUS42 KMLB 180635
CLIDAB


CLIMATE REPORT
NATIONAL WEATHER SERVICE MELBOURNE
235 AM EDT FRI APR 18 2014


...................................

...THE DAYTONA BEACH CLIMATE SUMMARY FOR APRIL 17 2014...

CLIMATE NORMAL PERIOD 1981 TO 2010
CLIMATE RECORD PERIOD 1923 TO 2014


WEATHER ITEM   OBSERVED TIME   RECORD YEAR NORMAL DEPARTURE LAST
                VALUE   (LST)  VALUE       VALUE  FROM      YEAR
                                                  NORMAL
..................................................................
TEMPERATURE (F)
 YESTERDAY
  MAXIMUM         77    247 PM  89    1972  79     -2       81
  MINIMUM         59    456 AM  39    1962  59      0       65
  AVERAGE         68                        69     -1       73

PRECIPITATION (IN)
  YESTERDAY        0.00          0.43 1946   0.06  -0.06     0.00
  MONTH TO DATE    1.63                      1.40   0.23     1.50
  SINCE MAR 1      6.35                      5.64   0.71     2.32
  SINCE JAN 1     12.93                     11.16   1.77     4.20

SNOWFALL (IN)
  YESTERDAY        0.0
  MONTH TO DATE    0.0
  SINCE JUL 1      0.0

DEGREE DAYS
 HEATING
  YESTERDAY        0                         1     -1        0
  MONTH TO DATE    9                        20    -11        2
  SINCE MAR 1     89                       117    -28      228
  SINCE JUL 1    602                       799   -197      694

 COOLING
  YESTERDAY        3                         5     -2        8
  MONTH TO DATE   86                        69     17      108
  SINCE MAR 1    145                       146     -1      145
  SINCE JAN 1    229                       211     18      278
..................................................................


WIND (MPH)
  HIGHEST WIND SPEED    22   HIGHEST WIND DIRECTION    NE (60)
  HIGHEST GUST SPEED    27   HIGHEST GUST DIRECTION     E (70)
  AVERAGE WIND SPEED    11.2


SKY COVER
  AVERAGE SKY COVER 0.6


WEATHER CONDITIONS
 THE FOLLOWING WEATHER WAS RECORDED YESTERDAY.
  FOG


RELATIVE HUMIDITY (PERCENT)
 HIGHEST    97           400 AM
 LOWEST     60           400 PM
 AVERAGE    79

..........................................................


THE DAYTONA BEACH CLIMATE NORMALS FOR TODAY
                         NORMAL    RECORD    YEAR
 MAXIMUM TEMPERATURE (F)   80        92      1967
 MINIMUM TEMPERATURE (F)   59        45      2001
                                             1952


SUNRISE AND SUNSET
APRIL 18 2014.........SUNRISE   655 AM EDT   SUNSET   752 PM EDT
APRIL 19 2014.........SUNRISE   654 AM EDT   SUNSET   753 PM EDT


-  INDICATES NEGATIVE NUMBERS.
R  INDICATES RECORD WAS SET OR TIED.
MM INDICATES DATA IS MISSING.
T  INDICATES TRACE AMOUNT.




$$
