000
CDUS42 KMLB 130627
CLIDAB


CLIMATE REPORT
NATIONAL WEATHER SERVICE MELBOURNE FL
126 AM EST WED DEC 13 2017


...................................

...THE DAYTONA BEACH CLIMATE SUMMARY FOR DECEMBER 12 2017...

CLIMATE NORMAL PERIOD 1981 TO 2010
CLIMATE RECORD PERIOD 1923 TO 2017


WEATHER ITEM   OBSERVED TIME   RECORD YEAR NORMAL DEPARTURE LAST
                VALUE   (LST)  VALUE       VALUE  FROM      YEAR
                                                  NORMAL
..................................................................
TEMPERATURE (F)
 YESTERDAY
  MAXIMUM         73    318 PM  83    1986  71      2       81
                                      1976
                                      1953
  MINIMUM         42    441 AM  24    1957  51     -9       62
  AVERAGE         58                        61     -3       72

PRECIPITATION (IN)
  YESTERDAY        0.00          2.36 2011   0.08  -0.08     0.01
  MONTH TO DATE    1.16                      0.92   0.24     0.63
  SINCE DEC 1      1.16                      0.92   0.24     0.63
  SINCE JAN 1     49.94                     47.91   2.03    44.57

SNOWFALL (IN)
  YESTERDAY        0.0
  MONTH TO DATE    0.0
  SINCE JUL 1      0.0

DEGREE DAYS
 HEATING
  YESTERDAY        7                         6      1        0
  MONTH TO DATE   51                        58     -7       32
  SINCE DEC 1     51                        58     -7       32
  SINCE JUL 1     85                       132    -47       69

 COOLING
  YESTERDAY        0                         2     -2        7
  MONTH TO DATE   34                        24     10       39
  SINCE DEC 1     34                        24     10       39
  SINCE JAN 1   3443                      2936    507     3418
..................................................................


WIND (MPH)
  HIGHEST WIND SPEED    29   HIGHEST WIND DIRECTION     W (270)
  HIGHEST GUST SPEED    37   HIGHEST GUST DIRECTION     W (260)
  AVERAGE WIND SPEED    10.7


SKY COVER
  AVERAGE SKY COVER 0.2


WEATHER CONDITIONS
 THE FOLLOWING WEATHER WAS RECORDED YESTERDAY.
  NO SIGNIFICANT WEATHER WAS OBSERVED.


RELATIVE HUMIDITY (PERCENT)
 HIGHEST   100           500 AM
 LOWEST     41           300 PM
 AVERAGE    71

..........................................................


THE DAYTONA BEACH CLIMATE NORMALS FOR TODAY
                         NORMAL    RECORD    YEAR
 MAXIMUM TEMPERATURE (F)   71        85      1946
 MINIMUM TEMPERATURE (F)   51        21      1962


SUNRISE AND SUNSET
DECEMBER 13 2017......SUNRISE   709 AM EST   SUNSET   528 PM EST
DECEMBER 14 2017......SUNRISE   710 AM EST   SUNSET   528 PM EST


-  INDICATES NEGATIVE NUMBERS.
R  INDICATES RECORD WAS SET OR TIED.
MM INDICATES DATA IS MISSING.
T  INDICATES TRACE AMOUNT.




$$
