000
CDUS41 KRNK 160630
CLIDAN


CLIMATE REPORT
NATIONAL WEATHER SERVICE BLACKSBURG VA
227 AM EDT WED AUG 16 2017


...................................

...THE DANVILLE VA CLIMATE SUMMARY FOR AUGUST 15 2017...

CLIMATE NORMAL PERIOD 1981 TO 2010
CLIMATE RECORD PERIOD 1948 TO 2017


WEATHER ITEM   OBSERVED TIME   RECORD YEAR NORMAL DEPARTURE LAST
                VALUE   (LST)  VALUE       VALUE  FROM      YEAR
                                                  NORMAL
..................................................................
TEMPERATURE (F)
 YESTERDAY
  MAXIMUM         88    202 PM  99    2007  86      2       93
  MINIMUM         71    529 AM  51    1964  68      3       73
  AVERAGE         80                        77      3       83

PRECIPITATION (IN)
  YESTERDAY        0.07          2.45 1955   0.12  -0.05     0.00
  MONTH TO DATE    3.28                      1.82   1.46     3.90
  SINCE JUN 1     12.31                     10.26   2.05    15.67
  SINCE JAN 1     33.31                     28.14   5.17    35.22

SNOWFALL (IN)
  YESTERDAY        0.0                                       0.0
  MONTH TO DATE    0.0                                       0.0
  SINCE JUN 1      0.0                                       0.0
  SINCE JUL 1      0.0                                       0.0
  SNOW DEPTH       0

DEGREE DAYS
 HEATING
  YESTERDAY        0                         0      0        0
  MONTH TO DATE    0                         0      0        0
  SINCE JUN 1      3                         3      0        0
  SINCE JUL 1      0                         0      0        0

 COOLING
  YESTERDAY       15                        12      3       18
  MONTH TO DATE  151                       194    -43      220
  SINCE JUN 1    809                       903    -94      948
  SINCE JAN 1   1005                      1047    -42     1087
..................................................................


WIND (MPH)
  HIGHEST WIND SPEED    10   HIGHEST WIND DIRECTION    NW (310)
  HIGHEST GUST SPEED    12   HIGHEST GUST DIRECTION    NW (310)
  AVERAGE WIND SPEED     2.2


SKY COVER
  AVERAGE SKY COVER 0.5


WEATHER CONDITIONS
 THE FOLLOWING WEATHER WAS RECORDED YESTERDAY.
  LIGHT RAIN
  FOG


RELATIVE HUMIDITY (PERCENT)
 HIGHEST   100           100 AM
 LOWEST     68           200 PM
 AVERAGE    84

..........................................................


THE DANVILLE VA CLIMATE NORMALS FOR TODAY
                         NORMAL    RECORD    YEAR
 MAXIMUM TEMPERATURE (F)   86       102      1980
 MINIMUM TEMPERATURE (F)   68        52      1964


SUNRISE AND SUNSET
AUGUST 16 2017........SUNRISE   636 AM EDT   SUNSET   807 PM EDT
AUGUST 17 2017........SUNRISE   637 AM EDT   SUNSET   805 PM EDT


-  INDICATES NEGATIVE NUMBERS.
R  INDICATES RECORD WAS SET OR TIED.
MM INDICATES DATA IS MISSING.
T  INDICATES TRACE AMOUNT.




$$
