000
CDUS41 KRNK 040559
CLIDAN


CLIMATE REPORT
NATIONAL WEATHER SERVICE BLACKSBURG VA
157 AM EDT FRI SEP 4 2015


...................................

...THE DANVILLE VA CLIMATE SUMMARY FOR SEPTEMBER 3 2015...

CLIMATE NORMAL PERIOD 1981 TO 2010
CLIMATE RECORD PERIOD 1948 TO 2015


WEATHER ITEM   OBSERVED TIME   RECORD YEAR NORMAL DEPARTURE LAST
                VALUE   (LST)  VALUE       VALUE  FROM      YEAR
                                                  NORMAL
..................................................................
TEMPERATURE (F)
 YESTERDAY
  MAXIMUM         89    507 PM 100    1953  84      5       89
  MINIMUM         63    550 AM  49    1958  65     -2       68
  AVERAGE         76                        74      2       79

PRECIPITATION (IN)
  YESTERDAY        0.00          1.14 1955   0.14  -0.14     0.00
  MONTH TO DATE    0.00                      0.41  -0.41     0.00
  SINCE SEP 1      0.00                      0.41  -0.41     0.00
  SINCE JAN 1     28.30                     30.70  -2.40    29.75

SNOWFALL (IN)
  YESTERDAY        0.0                                       0.0
  MONTH TO DATE    0.0                                       0.0
  SINCE SEP 1      0.0                                       0.0
  SINCE JUL 1      0.0                                       0.0
  SNOW DEPTH       0

DEGREE DAYS
 HEATING
  YESTERDAY        0                         0      0        0
  MONTH TO DATE    0                         0      0        0
  SINCE SEP 1      0                         0      0        0
  SINCE JUL 1      0                         0      0        0

 COOLING
  YESTERDAY       11                         9      2       14
  MONTH TO DATE   41                        28     13       48
  SINCE SEP 1     41                        28     13       48
  SINCE JAN 1   1435                      1255    180     1237
..................................................................


WIND (MPH)
  HIGHEST WIND SPEED     8   HIGHEST WIND DIRECTION    NE (40)
  HIGHEST GUST SPEED    11   HIGHEST GUST DIRECTION    NE (40)
  AVERAGE WIND SPEED     2.3


SKY COVER
  AVERAGE SKY COVER 0.0


WEATHER CONDITIONS
 THE FOLLOWING WEATHER WAS RECORDED YESTERDAY.
  FOG


RELATIVE HUMIDITY (PERCENT)
 HIGHEST    93           100 AM
 LOWEST     44           500 PM
 AVERAGE    69

..........................................................


THE DANVILLE VA CLIMATE NORMALS FOR TODAY
                         NORMAL    RECORD    YEAR
 MAXIMUM TEMPERATURE (F)   84        97      1977
 MINIMUM TEMPERATURE (F)   64        50      1967


SUNRISE AND SUNSET
SEPTEMBER  4 2015.....SUNRISE   651 AM EDT   SUNSET   741 PM EDT
SEPTEMBER  5 2015.....SUNRISE   652 AM EDT   SUNSET   740 PM EDT


-  INDICATES NEGATIVE NUMBERS.
R  INDICATES RECORD WAS SET OR TIED.
MM INDICATES DATA IS MISSING.
T  INDICATES TRACE AMOUNT.

REMARKS:

DUE TO A TIPPING BUCKET FAILURE CAUSING MISSING PRECIPITATION ON
MARCH 14 AND 19-20...THE ANNUAL PRECIPITATION TOTAL AND DEPARTURE
FROM NORMAL WILL BE CALCULATED WITHOUT DATA FROM THESE DATES.

$$
RCS
