000
CDUS41 KRNK 202115
CLIDAN


CLIMATE REPORT
NATIONAL WEATHER SERVICE BLACKSBURG VA
513 PM EDT FRI OCT 20 2017


...................................

...THE DANVILLE VA CLIMATE SUMMARY FOR OCTOBER 20 2017...
VALID TODAY AS OF 0500 PM LOCAL TIME.

CLIMATE NORMAL PERIOD 1981 TO 2010
CLIMATE RECORD PERIOD 1948 TO 2017


WEATHER ITEM   OBSERVED TIME   RECORD YEAR NORMAL DEPARTURE LAST
                VALUE   (LST)  VALUE       VALUE  FROM      YEAR
                                                  NORMAL
..................................................................
TEMPERATURE (F)
 TODAY
  MAXIMUM         78    400 PM  88    1984  69      9       85
  MINIMUM         43    508 AM  28    1992  48     -5       57
  AVERAGE         61                        58      3       71

PRECIPITATION (IN)
  TODAY            0.00          0.86 1976   0.12  -0.12     0.00
  MONTH TO DATE    1.43                      2.32  -0.89     5.01
  SINCE SEP 1      4.03                      6.28  -2.25     7.92
  SINCE JAN 1     38.13                     36.57   1.56    44.18

SNOWFALL (IN)
  TODAY            0.0                                       0.0
  MONTH TO DATE    0.0                                       0.0
  SINCE SEP 1      0.0                                       0.0
  SINCE JUL 1      0.0                                       0.0
  SNOW DEPTH       0

DEGREE DAYS
 HEATING
  TODAY            4                         8     -4        0
  MONTH TO DATE   67                       104    -37       51
  SINCE SEP 1     99                       132    -33       51
  SINCE JUL 1     99                       132    -33       51

 COOLING
  TODAY            0                         1     -1        6
  MONTH TO DATE   64                        27     37       34
  SINCE SEP 1    227                       203     24      338
  SINCE JAN 1   1401                      1430    -29     1643
..................................................................


WIND (MPH)
  HIGHEST WIND SPEED     8   HIGHEST WIND DIRECTION    NE (40)
  HIGHEST GUST SPEED    12   HIGHEST GUST DIRECTION     E (110)
  AVERAGE WIND SPEED     2.9


SKY COVER
  AVERAGE SKY COVER 0.0


WEATHER CONDITIONS
 THE FOLLOWING WEATHER WAS RECORDED TODAY.
  NO SIGNIFICANT WEATHER WAS OBSERVED.


RELATIVE HUMIDITY (PERCENT)
 HIGHEST   100          1200 AM
 LOWEST     36           100 PM
 AVERAGE    68

..........................................................


THE DANVILLE VA CLIMATE NORMALS FOR TOMORROW
                         NORMAL    RECORD    YEAR
 MAXIMUM TEMPERATURE (F)   69        88      1984
 MINIMUM TEMPERATURE (F)   47        25      1952


SUNRISE AND SUNSET
OCTOBER 20 2017.......SUNRISE   729 AM EDT   SUNSET   634 PM EDT
OCTOBER 21 2017.......SUNRISE   730 AM EDT   SUNSET   633 PM EDT


-  INDICATES NEGATIVE NUMBERS.
R  INDICATES RECORD WAS SET OR TIED.
MM INDICATES DATA IS MISSING.
T  INDICATES TRACE AMOUNT.

REMARKS:
DUE TO MISSING RAINFALL ON AUGUST 21-24...ALL PRECIPITATION DATA
WILL BE CALCULATED WITHOUT DATA FROM THESE DATES.


$$
