000
CDUS41 KRNK 260648 RRA
CLIDAN

CLIMATE REPORT
NATIONAL WEATHER SERVICE BLACKSBURG VA
1239 AM EST SUN FEB 26 2017


...................................

...THE DANVILLE VA CLIMATE SUMMARY FOR FEBRUARY 25 2017...

CLIMATE NORMAL PERIOD 1981 TO 2010
CLIMATE RECORD PERIOD 1948 TO 2017


WEATHER ITEM   OBSERVED TIME   RECORD YEAR NORMAL DEPARTURE LAST
                VALUE   (LST)  VALUE       VALUE  FROM      YEAR
                                                  NORMAL
..................................................................
TEMPERATURE (F)
 YESTERDAY
  MAXIMUM         78   1247 PM  81    1982  53     25       MM
  MINIMUM         44   1159 PM   9    1967  33     11       MM
  AVERAGE         61                        43     18       MM

PRECIPITATION (IN)
  YESTERDAY        0.08          2.02 1979   0.10  -0.02     0.00
  MONTH TO DATE    0.89                      2.72  -1.83     4.31
  SINCE DEC 1      6.39                      9.41  -3.02    12.41
  SINCE JAN 1      4.77                      6.14  -1.37     6.85

SNOWFALL (IN)
  YESTERDAY        0.0                                       0.0
  MONTH TO DATE    T                                         1.9
  SINCE DEC 1      8.8                                      11.1
  SINCE JUL 1      8.8                                      11.1
  SNOW DEPTH       0

DEGREE DAYS
 HEATING
  YESTERDAY        4                        22    -18       MM
  MONTH TO DATE  393                       610   -217      565
  SINCE DEC 1   1833                      2229   -396     1839
  SINCE JUL 1   2403                      2938   -535     2381

 COOLING
  YESTERDAY        0                         0      0       MM
  MONTH TO DATE    5                         0      5        0
  SINCE DEC 1      5                         0      5       11
  SINCE JAN 1      5                         0      5        0
..................................................................


WIND (MPH)
  HIGHEST WIND SPEED    22   HIGHEST WIND DIRECTION    NW (310)
  HIGHEST GUST SPEED    30   HIGHEST GUST DIRECTION     W (290)
  AVERAGE WIND SPEED    11.0


SKY COVER
  AVERAGE SKY COVER 0.4


WEATHER CONDITIONS
 THE FOLLOWING WEATHER WAS RECORDED YESTERDAY.
  THUNDERSTORM
  RAIN
  LIGHT RAIN


RELATIVE HUMIDITY (PERCENT)
 HIGHEST    93           600 AM
 LOWEST     27           800 PM
 AVERAGE    60

..........................................................


THE DANVILLE VA CLIMATE NORMALS FOR TODAY
                         NORMAL    RECORD    YEAR
 MAXIMUM TEMPERATURE (F)   53        79      2000
 MINIMUM TEMPERATURE (F)   34         8      1967


SUNRISE AND SUNSET
FEBRUARY 26 2017......SUNRISE   652 AM EST   SUNSET   609 PM EST
FEBRUARY 27 2017......SUNRISE   650 AM EST   SUNSET   610 PM EST


-  INDICATES NEGATIVE NUMBERS.
R  INDICATES RECORD WAS SET OR TIED.
MM INDICATES DATA IS MISSING.
T  INDICATES TRACE AMOUNT.




$$
