000
CDUS41 KRNK 292117
CLIDAN


CLIMATE REPORT
NATIONAL WEATHER SERVICE BLACKSBURG VA
516 PM EDT WED MAR 29 2017


...................................

...THE DANVILLE VA CLIMATE SUMMARY FOR MARCH 29 2017...
VALID TODAY AS OF 0500 PM LOCAL TIME.

CLIMATE NORMAL PERIOD 1981 TO 2010
CLIMATE RECORD PERIOD 1948 TO 2017


WEATHER ITEM   OBSERVED TIME   RECORD YEAR NORMAL DEPARTURE LAST
                VALUE   (LST)  VALUE       VALUE  FROM      YEAR
                                                  NORMAL
..................................................................
TEMPERATURE (F)
 TODAY
  MAXIMUM         74    340 PM  85    1985  64     10       66
  MINIMUM         49    635 AM  21    2015  42      7       39
  AVERAGE         62                        53      9       53

PRECIPITATION (IN)
  TODAY            0.00          1.63 1984   0.17  -0.17     0.00
  MONTH TO DATE    1.78                      3.79  -2.01     2.26
  SINCE MAR 1      1.78                      3.79  -2.01     2.26
  SINCE JAN 1      6.55                     10.22  -3.67     9.11

SNOWFALL (IN)
  TODAY            0.0                                       0.0
  MONTH TO DATE    T                                         0.0
  SINCE MAR 1      T                                         0.0
  SINCE JUL 1      8.8                                      11.1
  SNOW DEPTH       0

DEGREE DAYS
 HEATING
  TODAY            3                        12     -9       12
  MONTH TO DATE  468                       486    -18      282
  SINCE MAR 1    468                       486    -18      282
  SINCE JUL 1   2924                      3487   -563     2744

 COOLING
  TODAY            0                         0      0        0
  MONTH TO DATE    3                         0      3       21
  SINCE MAR 1      3                         0      3       21
  SINCE JAN 1      8                         0      8       21
..................................................................


WIND (MPH)
  HIGHEST WIND SPEED    14   HIGHEST WIND DIRECTION    NE (60)
  HIGHEST GUST SPEED    17   HIGHEST GUST DIRECTION     E (70)
  AVERAGE WIND SPEED     5.0


SKY COVER
  AVERAGE SKY COVER 0.2


WEATHER CONDITIONS
 THE FOLLOWING WEATHER WAS RECORDED TODAY.
  NO SIGNIFICANT WEATHER WAS OBSERVED.


RELATIVE HUMIDITY (PERCENT)
 HIGHEST   100           600 AM
 LOWEST     44           300 PM
 AVERAGE    72

..........................................................


THE DANVILLE VA CLIMATE NORMALS FOR TOMORROW
                         NORMAL    RECORD    YEAR
 MAXIMUM TEMPERATURE (F)   64        88      1985
 MINIMUM TEMPERATURE (F)   42        23      1964


SUNRISE AND SUNSET
MARCH 29 2017.........SUNRISE   707 AM EDT   SUNSET   737 PM EDT
MARCH 30 2017.........SUNRISE   706 AM EDT   SUNSET   738 PM EDT


-  INDICATES NEGATIVE NUMBERS.
R  INDICATES RECORD WAS SET OR TIED.
MM INDICATES DATA IS MISSING.
T  INDICATES TRACE AMOUNT.




$$
