000
CDUS41 KILN 232053
CLIDAY


CLIMATE REPORT
NATIONAL WEATHER SERVICE WILMINGTON OH
452 PM EDT TUE SEP 23 2014


...................................

...THE DAYTON OH CLIMATE SUMMARY FOR SEPTEMBER 23 2014...
VALID TODAY AS OF 0400 PM LOCAL TIME.

CLIMATE NORMAL PERIOD 1981 TO 2010
CLIMATE RECORD PERIOD 1869 TO 2014


WEATHER ITEM   OBSERVED TIME   RECORD YEAR NORMAL DEPARTURE LAST
                VALUE   (LST)  VALUE       VALUE  FROM      YEAR
                                                  NORMAL
..................................................................
TEMPERATURE (F)
 TODAY
  MAXIMUM         73    331 PM  93    2010  73      0       69
                                      1908
  MINIMUM         42    633 AM  32    1974  52    -10       44
  AVERAGE         58                        62     -4       57

PRECIPITATION (IN)
  TODAY            0.00          2.31 1955   0.11  -0.11     0.00
  MONTH TO DATE    0.88                      2.56  -1.68     2.14
  SINCE SEP 1      0.88                      2.56  -1.68     2.14
  SINCE JAN 1     28.78                     30.87  -2.09    24.52

SNOWFALL (IN)
  TODAY            0.0          MM      MM   0.0    0.0      0.0
  MONTH TO DATE    0.0                       0.0    0.0      0.0
  SINCE SEP 1      0.0                       0.0    0.0      0.0
  SINCE JUL 1      0.0                       0.0    0.0      0.0
  SNOW DEPTH       0

DEGREE DAYS
 HEATING
  TODAY            7                         4      3        8
  MONTH TO DATE   64                        48     16       43
  SINCE SEP 1     64                        48     16       43
  SINCE JUL 1     71                        50     21       55

 COOLING
  TODAY            0                         2     -2        0
  MONTH TO DATE   85                        88     -3      138
  SINCE SEP 1     85                        88     -3      138
  SINCE JAN 1    955                       870     85     1025
..................................................................


WIND (MPH)
  RESULTANT WIND SPEED   1   RESULTANT WIND DIRECTION  SE (120)
  HIGHEST WIND SPEED     9   HIGHEST WIND DIRECTION     N (340)
  HIGHEST GUST SPEED    13   HIGHEST GUST DIRECTION     E (100)
  AVERAGE WIND SPEED     2.1


SKY COVER
  POSSIBLE SUNSHINE  MM
  AVERAGE SKY COVER 0.0


WEATHER CONDITIONS
 THE FOLLOWING WEATHER WAS RECORDED TODAY.
  NO SIGNIFICANT WEATHER WAS OBSERVED.


RELATIVE HUMIDITY (PERCENT)
 HIGHEST    89           400 AM
 LOWEST     35           200 PM
 AVERAGE    62

..........................................................


THE DAYTON OH CLIMATE NORMALS FOR TOMORROW
                         NORMAL    RECORD    YEAR
 MAXIMUM TEMPERATURE (F)   73        94      1908
 MINIMUM TEMPERATURE (F)   52        33      1950


SUNRISE AND SUNSET
SEPTEMBER 23 2014.....SUNRISE   725 AM EDT   SUNSET   732 PM EDT
SEPTEMBER 24 2014.....SUNRISE   726 AM EDT   SUNSET   731 PM EDT


-  INDICATES NEGATIVE NUMBERS.
R  INDICATES RECORD WAS SET OR TIED.
MM INDICATES DATA IS MISSING.
T  INDICATES TRACE AMOUNT.




$$
