000
CDUS41 KILN 220740
CLIDAY


CLIMATE REPORT
NATIONAL WEATHER SERVICE WILMINGTON OH
238 AM EST SUN JAN 22 2017


...................................

...THE DAYTON OH CLIMATE SUMMARY FOR JANUARY 21 2017...

CLIMATE NORMAL PERIOD 1981 TO 2010
CLIMATE RECORD PERIOD 1869 TO 2017


WEATHER ITEM   OBSERVED TIME   RECORD YEAR NORMAL DEPARTURE LAST
                VALUE   (LST)  VALUE       VALUE  FROM      YEAR
                                                  NORMAL
..................................................................
TEMPERATURE (F)
 YESTERDAY
  MAXIMUM         61    431 PM  75    1906  35     26       25
  MINIMUM         44    654 AM -20    1984  20     24        6
  AVERAGE         53                        27     26       16

PRECIPITATION (IN)
  YESTERDAY        0.00          4.16 1959   0.08  -0.08     0.00
  MONTH TO DATE    3.23                      1.91   1.32     1.48
  SINCE DEC 1      6.22                      5.03   1.19     5.87
  SINCE JAN 1      3.23                      1.91   1.32     1.48

SNOWFALL (IN)
  YESTERDAY        0.0           4.0  1926   0.3   -0.3      0.0
  MONTH TO DATE    1.2                       5.4   -4.2      4.6
  SINCE DEC 1      5.3                       9.9   -4.6      4.8
  SINCE JUL 1      5.3                      10.9   -5.6      4.8
  SNOW DEPTH       0

DEGREE DAYS
 HEATING
  YESTERDAY       12                        38    -26       49
  MONTH TO DATE  654                       792   -138      827
  SINCE DEC 1   1722                      1840   -118     1480
  SINCE JUL 1   2495                      2951   -456     2316

 COOLING
  YESTERDAY        0                         0      0        0
  MONTH TO DATE    0                         0      0        0
  SINCE DEC 1      0                         0      0        0
  SINCE JAN 1      0                         0      0        0
..................................................................


WIND (MPH)
  RESULTANT WIND SPEED   8   RESULTANT WIND DIRECTION   S (160)
  HIGHEST WIND SPEED    14   HIGHEST WIND DIRECTION     S (200)
  HIGHEST GUST SPEED    18   HIGHEST GUST DIRECTION     S (190)
  AVERAGE WIND SPEED     8.5



WEATHER CONDITIONS
 THE FOLLOWING WEATHER WAS RECORDED YESTERDAY.
  NO SIGNIFICANT WEATHER WAS OBSERVED.


RELATIVE HUMIDITY (PERCENT)
 HIGHEST   100           700 AM
 LOWEST     69           400 PM
 AVERAGE    85

..........................................................


THE DAYTON OH CLIMATE NORMALS FOR TODAY
                         NORMAL    RECORD    YEAR
 MAXIMUM TEMPERATURE (F)   35        67      1933
                                             1906
 MINIMUM TEMPERATURE (F)   20       -15      1936


SUNRISE AND SUNSET
JANUARY 22 2017.......SUNRISE   753 AM EST   SUNSET   545 PM EST
JANUARY 23 2017.......SUNRISE   752 AM EST   SUNSET   546 PM EST


-  INDICATES NEGATIVE NUMBERS.
R  INDICATES RECORD WAS SET OR TIED.
MM INDICATES DATA IS MISSING.
T  INDICATES TRACE AMOUNT.




$$
