000
CDUS41 KILN 302050
CLIDAY


CLIMATE REPORT
NATIONAL WEATHER SERVICE WILMINGTON OH
449 PM EDT SUN APR 30 2017


...................................

...THE DAYTON OH CLIMATE SUMMARY FOR APRIL 30 2017...
VALID TODAY AS OF 0400 PM LOCAL TIME.

CLIMATE NORMAL PERIOD 1981 TO 2010
CLIMATE RECORD PERIOD 1869 TO 2017


WEATHER ITEM   OBSERVED TIME   RECORD YEAR NORMAL DEPARTURE LAST
                VALUE   (LST)  VALUE       VALUE  FROM      YEAR
                                                  NORMAL
..................................................................
TEMPERATURE (F)
 TODAY
  MAXIMUM         80    251 PM  90    1899  67     13       58
  MINIMUM         51    259 AM  33    1963  46      5       47
                                      1908
  AVERAGE         66                        57      9       53

PRECIPITATION (IN)
  TODAY            0.39          1.51 1983   0.14   0.25     0.57
  MONTH TO DATE    5.46                      4.09   1.37     2.95
  SINCE MAR 1     10.41                      7.43   2.98     8.45
  SINCE JAN 1     15.35                     12.38   2.97    13.27

SNOWFALL (IN)
  TODAY            0.0           0.0    MM   0.0    0.0      0.0
  MONTH TO DATE    T                         0.6   -0.6      0.7
  SINCE MAR 1      1.3                       4.0   -2.7      2.1
  SINCE JUL 1      8.5                      23.3  -14.8     12.7
  SNOW DEPTH       0

DEGREE DAYS
 HEATING
  TODAY            0                         9     -9       12
  MONTH TO DATE  234                       412   -178      411
  SINCE MAR 1    965                      1176   -211      948
  SINCE JUL 1   4395                      5451  -1056     4489

 COOLING
  TODAY            1                         1      0        0
  MONTH TO DATE   31                        10     21        4
  SINCE MAR 1     33                        10     23        4
  SINCE JAN 1     33                        10     23        4
..................................................................


WIND (MPH)
  RESULTANT WIND SPEED  12   RESULTANT WIND DIRECTION   S (170)
  HIGHEST WIND SPEED    26   HIGHEST WIND DIRECTION    SW (220)
  HIGHEST GUST SPEED    38   HIGHEST GUST DIRECTION    SW (210)
  AVERAGE WIND SPEED    13.4


SKY COVER
  POSSIBLE SUNSHINE  MM
  AVERAGE SKY COVER 0.8


WEATHER CONDITIONS
 THE FOLLOWING WEATHER WAS RECORDED TODAY.
  THUNDERSTORM
  LIGHT RAIN
  FOG
  FOG W/VISIBILITY <= 1/4 MILE


RELATIVE HUMIDITY (PERCENT)
 HIGHEST   100           400 AM
 LOWEST     62           300 PM
 AVERAGE    81

..........................................................


THE DAYTON OH CLIMATE NORMALS FOR TOMORROW
                         NORMAL    RECORD    YEAR
 MAXIMUM TEMPERATURE (F)   67        88      1951
 MINIMUM TEMPERATURE (F)   47        26      1963


SUNRISE AND SUNSET
APRIL 30 2017.........SUNRISE   638 AM EDT   SUNSET   831 PM EDT
MAY  1 2017...........SUNRISE   637 AM EDT   SUNSET   832 PM EDT


-  INDICATES NEGATIVE NUMBERS.
R  INDICATES RECORD WAS SET OR TIED.
MM INDICATES DATA IS MISSING.
T  INDICATES TRACE AMOUNT.




$$
