000
CDUS41 KILN 260610
CLIDAY


CLIMATE REPORT
NATIONAL WEATHER SERVICE WILMINGTON OH
210 AM EDT MON JUN 26 2017


...................................

...THE DAYTON OH CLIMATE SUMMARY FOR JUNE 25 2017...

CLIMATE NORMAL PERIOD 1981 TO 2010
CLIMATE RECORD PERIOD 1869 TO 2017


WEATHER ITEM   OBSERVED TIME   RECORD YEAR NORMAL DEPARTURE LAST
                VALUE   (LST)  VALUE       VALUE  FROM      YEAR
                                                  NORMAL
..................................................................
TEMPERATURE (F)
 YESTERDAY
  MAXIMUM         78   1209 PM 102    1988  83     -5       89
  MINIMUM         53    541 AM  42    1979  63    -10       58
  AVERAGE         66                        73     -7       74

PRECIPITATION (IN)
  YESTERDAY        0.00          1.98 1938   0.13  -0.13     0.00
  MONTH TO DATE    6.27                      3.49   2.78     2.64
  SINCE JUN 1      6.27                      3.49   2.78     2.64
  SINCE JAN 1     28.12                     20.53   7.59    18.86

SNOWFALL (IN)
  YESTERDAY        0.0                       0.0    0.0      0.0
  MONTH TO DATE    0.0                       0.0    0.0      0.0
  SINCE JUN 1      0.0                       0.0    0.0      0.0
  SINCE JUL 1      8.5                      23.3  -14.8     12.7
  SNOW DEPTH       0

DEGREE DAYS
 HEATING
  YESTERDAY        0                         0      0        0
  MONTH TO DATE   10                        22    -12        4
  SINCE JUN 1     10                        22    -12        4
  SINCE JUL 1   4565                      5642  -1077     4681

 COOLING
  YESTERDAY        1                         8     -7        9
  MONTH TO DATE  166                       147     19      199
  SINCE JUN 1    166                       147     19      199
  SINCE JAN 1    258                       217     41      278
..................................................................


WIND (MPH)
  RESULTANT WIND SPEED  12   RESULTANT WIND DIRECTION   W (270)
  HIGHEST WIND SPEED    26   HIGHEST WIND DIRECTION     W (260)
  HIGHEST GUST SPEED    33   HIGHEST GUST DIRECTION     W (260)
  AVERAGE WIND SPEED    12.6



WEATHER CONDITIONS
 THE FOLLOWING WEATHER WAS RECORDED YESTERDAY.
  NO SIGNIFICANT WEATHER WAS OBSERVED.


RELATIVE HUMIDITY (PERCENT)
 HIGHEST    77           500 AM
 LOWEST     35           400 PM
 AVERAGE    56

..........................................................


THE DAYTON OH CLIMATE NORMALS FOR TODAY
                         NORMAL    RECORD    YEAR
 MAXIMUM TEMPERATURE (F)   83        98      1954
 MINIMUM TEMPERATURE (F)   64        49      1902


SUNRISE AND SUNSET
JUNE 26 2017..........SUNRISE   610 AM EDT   SUNSET   909 PM EDT
JUNE 27 2017..........SUNRISE   610 AM EDT   SUNSET   909 PM EDT


-  INDICATES NEGATIVE NUMBERS.
R  INDICATES RECORD WAS SET OR TIED.
MM INDICATES DATA IS MISSING.
T  INDICATES TRACE AMOUNT.




$$
