000
CDUS41 KILN 182144
CLIDAY


CLIMATE REPORT
NATIONAL WEATHER SERVICE WILMINGTON OH
442 PM EST THU DEC 18 2014


...................................

...THE DAYTON OH CLIMATE SUMMARY FOR DECEMBER 18 2014...
VALID TODAY AS OF 0400 PM LOCAL TIME.

CLIMATE NORMAL PERIOD 1981 TO 2010
CLIMATE RECORD PERIOD 1869 TO 2014


WEATHER ITEM   OBSERVED TIME   RECORD YEAR NORMAL DEPARTURE LAST
                VALUE   (LST)  VALUE       VALUE  FROM      YEAR
                                                  NORMAL
..................................................................
TEMPERATURE (F)
 TODAY
  MAXIMUM         29    429 PM  62    1967  37     -8       35
                                      1908
  MINIMUM         27   1016 AM  -3    1989  23      4       17
                                      1985
                                      1953
  AVERAGE         28                        30     -2       26

PRECIPITATION (IN)
  TODAY            0.00          1.71 1990   0.09  -0.09     0.00
  MONTH TO DATE    2.00                      1.80   0.20     1.44
  SINCE DEC 1      2.00                      1.80   0.20     1.44
  SINCE JAN 1     35.19                     39.73  -4.54    33.39

SNOWFALL (IN)
  TODAY            0.0           5.0  1951   0.1   -0.1      0.0
  MONTH TO DATE    0.1                       2.1   -2.0     12.4
  SINCE DEC 1      0.1                       2.1   -2.0     12.4
  SINCE JUL 1      4.2                       3.1    1.1     14.4
  SNOW DEPTH       0

DEGREE DAYS
 HEATING
  TODAY           37                        35      2       39
  MONTH TO DATE  522                       578    -56      632
  SINCE DEC 1    522                       578    -56      632
  SINCE JUL 1   1738                      1689     49     1756

 COOLING
  TODAY            0                         0      0        0
  MONTH TO DATE    0                         0      0        0
  SINCE DEC 1      0                         0      0        0
  SINCE JAN 1    977                       891     86     1062
..................................................................


WIND (MPH)
  RESULTANT WIND SPEED   6   RESULTANT WIND DIRECTION  NW (300)
  HIGHEST WIND SPEED    10   HIGHEST WIND DIRECTION     W (280)
  HIGHEST GUST SPEED    13   HIGHEST GUST DIRECTION     W (270)
  AVERAGE WIND SPEED     6.2


SKY COVER
  POSSIBLE SUNSHINE  MM
  AVERAGE SKY COVER 1.0


WEATHER CONDITIONS
 THE FOLLOWING WEATHER WAS RECORDED TODAY.
  NO SIGNIFICANT WEATHER WAS OBSERVED.


RELATIVE HUMIDITY (PERCENT)
 HIGHEST    75           100 AM
 LOWEST     68          1200 AM
 AVERAGE    72

..........................................................


THE DAYTON OH CLIMATE NORMALS FOR TOMORROW
                         NORMAL    RECORD    YEAR
 MAXIMUM TEMPERATURE (F)   37        60      1924
                                             1895
 MINIMUM TEMPERATURE (F)   23        -7      1963


SUNRISE AND SUNSET
DECEMBER 18 2014......SUNRISE   753 AM EST   SUNSET   514 PM EST
DECEMBER 19 2014......SUNRISE   754 AM EST   SUNSET   514 PM EST


-  INDICATES NEGATIVE NUMBERS.
R  INDICATES RECORD WAS SET OR TIED.
MM INDICATES DATA IS MISSING.
T  INDICATES TRACE AMOUNT.




$$
