000
CDUS41 KILN 240546
CLIDAY


CLIMATE REPORT
NATIONAL WEATHER SERVICE WILMINGTON OH
146 AM EDT FRI OCT 24 2014


...................................

...THE DAYTON OH CLIMATE SUMMARY FOR OCTOBER 23 2014...

CLIMATE NORMAL PERIOD 1981 TO 2010
CLIMATE RECORD PERIOD 1869 TO 2014


WEATHER ITEM   OBSERVED TIME   RECORD YEAR NORMAL DEPARTURE LAST
                VALUE   (LST)  VALUE       VALUE  FROM      YEAR
                                                  NORMAL
..................................................................
TEMPERATURE (F)
 YESTERDAY
  MAXIMUM         63    326 PM  83    1947  61      2       45
  MINIMUM         35    740 AM  25    1982  42     -7       33
  AVERAGE         49                        52     -3       39

PRECIPITATION (IN)
  YESTERDAY        0.00          1.65 1909   0.09  -0.09     0.44
  MONTH TO DATE    2.03                      2.18  -0.15     4.43
  SINCE SEP 1      2.91                      5.48  -2.57     6.66
  SINCE JAN 1     30.81                     33.79  -2.98    29.04

SNOWFALL (IN)
  YESTERDAY        0.0           1.0  2013   0.0    0.0      1.0
  MONTH TO DATE    0.0                       0.1   -0.1      1.0
  SINCE SEP 1      0.0                       0.1   -0.1      1.0
  SINCE JUL 1      0.0                       0.1   -0.1      1.0
  SNOW DEPTH       0

DEGREE DAYS
 HEATING
  YESTERDAY       16                        14      2       26
  MONTH TO DATE  234                       238     -4      175
  SINCE SEP 1    308                       326    -18      230
  SINCE JUL 1    315                       328    -13      242

 COOLING
  YESTERDAY        0                         0      0        0
  MONTH TO DATE    9                        10     -1       35
  SINCE SEP 1    107                       109     -2      175
  SINCE JAN 1    977                       891     86     1062
..................................................................


WIND (MPH)
  RESULTANT WIND SPEED   0   RESULTANT WIND DIRECTION  NW (300)
  HIGHEST WIND SPEED     8   HIGHEST WIND DIRECTION     W (250)
  HIGHEST GUST SPEED    11   HIGHEST GUST DIRECTION     W (270)
  AVERAGE WIND SPEED     2.6



WEATHER CONDITIONS
 THE FOLLOWING WEATHER WAS RECORDED YESTERDAY.
  FOG
  FOG W/VISIBILITY <= 1/4 MILE
  HAZE


RELATIVE HUMIDITY (PERCENT)
 HIGHEST   100           800 AM
 LOWEST     46           300 PM
 AVERAGE    73

..........................................................


THE DAYTON OH CLIMATE NORMALS FOR TODAY
                         NORMAL    RECORD    YEAR
 MAXIMUM TEMPERATURE (F)   61        82      1899
 MINIMUM TEMPERATURE (F)   42        23      1981


SUNRISE AND SUNSET
OCTOBER 24 2014.......SUNRISE   757 AM EDT   SUNSET   645 PM EDT
OCTOBER 25 2014.......SUNRISE   758 AM EDT   SUNSET   643 PM EDT


-  INDICATES NEGATIVE NUMBERS.
R  INDICATES RECORD WAS SET OR TIED.
MM INDICATES DATA IS MISSING.
T  INDICATES TRACE AMOUNT.




$$
