000
CDUS41 KILN 300638
CLIDAY


CLIMATE REPORT
NATIONAL WEATHER SERVICE WILMINGTON OH
236 AM EDT TUE JUN 30 2015


...................................

...THE DAYTON OH CLIMATE SUMMARY FOR JUNE 29 2015...

CLIMATE NORMAL PERIOD 1981 TO 2010
CLIMATE RECORD PERIOD 1869 TO 2015


WEATHER ITEM   OBSERVED TIME   RECORD YEAR NORMAL DEPARTURE LAST
                VALUE   (LST)  VALUE       VALUE  FROM      YEAR
                                                  NORMAL
..................................................................
TEMPERATURE (F)
 YESTERDAY
  MAXIMUM         71    634 PM 100    1934  83    -12       85
  MINIMUM         61   1003 AM  49    1923  64     -3       72
                                      1905
  AVERAGE         66                        74     -8       79

PRECIPITATION (IN)
  YESTERDAY        1.32          2.90 1995   0.14   1.18     0.01
  MONTH TO DATE    7.88                      4.04   3.84     3.53
  SINCE JUN 1      7.88                      4.04   3.84     3.53
  SINCE JAN 1     23.20                     21.08   2.12    21.61

SNOWFALL (IN)
  YESTERDAY        0.0           0.0    MM   0.0    0.0      0.0
  MONTH TO DATE    0.0                       0.0    0.0      0.0
  SINCE JUN 1      0.0                       0.0    0.0      0.0
  SINCE JUL 1     27.7                      23.3    4.4     53.6
  SNOW DEPTH       0

DEGREE DAYS
 HEATING
  YESTERDAY        0                         0      0        0
  MONTH TO DATE   20                        22     -2        2
  SINCE JUN 1     20                        22     -2        2
  SINCE JUL 1   5784                      5642    142     5940

 COOLING
  YESTERDAY        1                         9     -8       14
  MONTH TO DATE  249                       181     68      250
  SINCE JUN 1    249                       181     68      250
  SINCE JAN 1    424                       251    173      379
..................................................................


WIND (MPH)
  RESULTANT WIND SPEED   4   RESULTANT WIND DIRECTION  SE (150)
  HIGHEST WIND SPEED    20   HIGHEST WIND DIRECTION    SE (120)
  HIGHEST GUST SPEED    26   HIGHEST GUST DIRECTION     E (110)
  AVERAGE WIND SPEED     6.3



WEATHER CONDITIONS
 THE FOLLOWING WEATHER WAS RECORDED YESTERDAY.
  HEAVY RAIN
  RAIN
  LIGHT RAIN
  FOG
  HAZE


RELATIVE HUMIDITY (PERCENT)
 HIGHEST   100          1000 AM
 LOWEST     61          1200 AM
 AVERAGE    81

..........................................................


THE DAYTON OH CLIMATE NORMALS FOR TODAY
                         NORMAL    RECORD    YEAR
 MAXIMUM TEMPERATURE (F)   83        98      1953
                                             1913
                                             1901
 MINIMUM TEMPERATURE (F)   64        46      1899


SUNRISE AND SUNSET
JUNE 30 2015..........SUNRISE   611 AM EDT   SUNSET   909 PM EDT
JULY  1 2015..........SUNRISE   612 AM EDT   SUNSET   909 PM EDT


-  INDICATES NEGATIVE NUMBERS.
R  INDICATES RECORD WAS SET OR TIED.
MM INDICATES DATA IS MISSING.
T  INDICATES TRACE AMOUNT.




$$
