000
CDUS41 KILN 022053
CLIDAY


CLIMATE REPORT
NATIONAL WEATHER SERVICE WILMINGTON OH
453 PM EDT TUE JUN 2 2015


...................................

...THE DAYTON OH CLIMATE SUMMARY FOR JUNE 2 2015...
VALID TODAY AS OF 0400 PM LOCAL TIME.

CLIMATE NORMAL PERIOD 1981 TO 2010
CLIMATE RECORD PERIOD 1869 TO 2015


WEATHER ITEM   OBSERVED TIME   RECORD YEAR NORMAL DEPARTURE LAST
                VALUE   (LST)  VALUE       VALUE  FROM      YEAR
                                                  NORMAL
..................................................................
TEMPERATURE (F)
 TODAY
  MAXIMUM         65    255 PM  98    1895  76    -11       83
  MINIMUM         48    340 AM  41    1910  57     -9       71
  AVERAGE         57                        67    -10       77

PRECIPITATION (IN)
  TODAY            0.00          2.01 1980   0.15  -0.15     0.31
  MONTH TO DATE    0.07                      0.30  -0.23     0.31
  SINCE JUN 1      0.07                      0.30  -0.23     0.31
  SINCE JAN 1     15.39                     17.34  -1.95    18.39

SNOWFALL (IN)
  TODAY            0.0           0.0    MM   0.0    0.0      0.0
  MONTH TO DATE    0.0                       0.0    0.0      0.0
  SINCE JUN 1      0.0                       0.0    0.0      0.0
  SINCE JUL 1     27.7                      23.3    4.4     53.6
  SNOW DEPTH       0

DEGREE DAYS
 HEATING
  TODAY            8                         2      6        0
  MONTH TO DATE   19                         4     15        0
  SINCE JUN 1     19                         4     15        0
  SINCE JUL 1   5783                      5624    159     5938

 COOLING
  TODAY            0                         4     -4       12
  MONTH TO DATE    0                         8     -8       20
  SINCE JUN 1      0                         8     -8       20
  SINCE JAN 1    175                        78     97      149
..................................................................


WIND (MPH)
  RESULTANT WIND SPEED   6   RESULTANT WIND DIRECTION  NE (30)
  HIGHEST WIND SPEED    12   HIGHEST WIND DIRECTION     E (70)
  HIGHEST GUST SPEED    17   HIGHEST GUST DIRECTION    NE (30)
  AVERAGE WIND SPEED     6.8


SKY COVER
  POSSIBLE SUNSHINE  MM
  AVERAGE SKY COVER 0.8


WEATHER CONDITIONS
 THE FOLLOWING WEATHER WAS RECORDED TODAY.
  FOG
  HAZE


RELATIVE HUMIDITY (PERCENT)
 HIGHEST    93          1200 AM
 LOWEST     67           200 PM
 AVERAGE    80

..........................................................


THE DAYTON OH CLIMATE NORMALS FOR TOMORROW
                         NORMAL    RECORD    YEAR
 MAXIMUM TEMPERATURE (F)   77        99      1895
 MINIMUM TEMPERATURE (F)   57        40      1929


SUNRISE AND SUNSET
JUNE  2 2015..........SUNRISE   610 AM EDT   SUNSET   900 PM EDT
JUNE  3 2015..........SUNRISE   610 AM EDT   SUNSET   900 PM EDT


-  INDICATES NEGATIVE NUMBERS.
R  INDICATES RECORD WAS SET OR TIED.
MM INDICATES DATA IS MISSING.
T  INDICATES TRACE AMOUNT.




$$
