000
CDUS43 KDVN 251035
CLIDBQ


CLIMATE REPORT
NATIONAL WEATHER SERVICE QUAD CITIES IA IL
433 AM CST SAT FEB 25 2017


...................................

...THE DUBUQUE IA CLIMATE SUMMARY FOR FEBRUARY 24 2017...

CLIMATE NORMAL PERIOD 1981 TO 2010
CLIMATE RECORD PERIOD 1873 TO 2017


WEATHER ITEM   OBSERVED TIME   RECORD YEAR NORMAL DEPARTURE LAST
                VALUE   (LST)  VALUE       VALUE  FROM      YEAR
                                                  NORMAL
..................................................................
TEMPERATURE (F)
 YESTERDAY
  MAXIMUM         34    117 AM  65    1930  35     -1       39
  MINIMUM         22   1159 PM -16    1993  19      3       33
  AVERAGE         28                        27      1       36

PRECIPITATION (IN)
  YESTERDAY        0.18          1.07 2007   0.06   0.12     0.00
  MONTH TO DATE    1.68                      1.20   0.48     0.55
  SINCE DEC 1      5.23                      4.21   1.02     5.20
  SINCE JAN 1      3.69                      2.37   1.32     1.01

SNOWFALL (IN)
  YESTERDAY        1.0          MM      MM   0.2    0.8      0.0
  MONTH TO DATE    1.0                       7.9   -6.9      7.0
  SINCE DEC 1     22.2                      29.7   -7.5     19.1
  SINCE JUL 1     22.2                      32.5  -10.3     30.9
  SNOW DEPTH       0

DEGREE DAYS
 HEATING
  YESTERDAY       37                        38     -1       29
  MONTH TO DATE  746                      1007   -261      955
  SINCE DEC 1   3371                      3744   -373     3133
  SINCE JUL 1   4363                      5244   -881     4340

 COOLING
  YESTERDAY        0                         0      0        0
  MONTH TO DATE    0                         0      0        0
  SINCE DEC 1      0                         0      0        0
  SINCE JAN 1      0                         0      0        0
..................................................................


WIND (MPH)
  HIGHEST WIND SPEED    29   HIGHEST WIND DIRECTION    NE (60)
  HIGHEST GUST SPEED    37   HIGHEST GUST DIRECTION    NE (40)
  AVERAGE WIND SPEED    18.3


SKY COVER
  POSSIBLE SUNSHINE  MM
  AVERAGE SKY COVER 1.0


WEATHER CONDITIONS
 THE FOLLOWING WEATHER WAS RECORDED YESTERDAY.
  THUNDERSTORM
  RAIN
  LIGHT RAIN
  LT FREEZING RAIN
  LIGHT SNOW
  FOG


RELATIVE HUMIDITY (PERCENT)
 HIGHEST   100          1200 AM
 LOWEST     88          1100 PM
 AVERAGE    94

..........................................................


THE DUBUQUE IA CLIMATE NORMALS FOR TODAY
                         NORMAL    RECORD    YEAR
 MAXIMUM TEMPERATURE (F)   35        66      2000
 MINIMUM TEMPERATURE (F)   19       -15      1967


SUNRISE AND SUNSET
FEBRUARY 25 2017......SUNRISE   644 AM CST   SUNSET   548 PM CST
FEBRUARY 26 2017......SUNRISE   642 AM CST   SUNSET   549 PM CST


-  INDICATES NEGATIVE NUMBERS.
R  INDICATES RECORD WAS SET OR TIED.
MM INDICATES DATA IS MISSING.
T  INDICATES TRACE AMOUNT.




$$
