000
CDUS43 KDVN 200921
CLIDBQ


CLIMATE REPORT
NATIONAL WEATHER SERVICE QUAD CITIES IA IL
421 AM CDT SAT SEP 20 2014


...................................

...THE DUBUQUE IA CLIMATE SUMMARY FOR SEPTEMBER 19 2014...

CLIMATE NORMAL PERIOD 1981 TO 2010
CLIMATE RECORD PERIOD 1873 TO 2014


WEATHER ITEM   OBSERVED TIME   RECORD YEAR NORMAL DEPARTURE LAST
                VALUE   (LST)  VALUE       VALUE  FROM      YEAR
                                                  NORMAL
..................................................................
TEMPERATURE (F)
 YESTERDAY
  MAXIMUM         74    257 PM  94    1948  71      3       87
  MINIMUM         50    639 AM  37    2012  50      0       65
                                      1992
                                      1889
  AVERAGE         62                        61      1       76

PRECIPITATION (IN)
  YESTERDAY        0.00          2.34 1965   0.12  -0.12     0.84
  MONTH TO DATE    2.08                      2.24  -0.16     2.05
  SINCE SEP 1      2.08                      2.24  -0.16     2.05
  SINCE JAN 1     32.23                     28.22   4.01    32.74

SNOWFALL (IN)
  YESTERDAY        0.0          MM      MM   0.0    0.0      0.0
  MONTH TO DATE    0.0                       0.0    0.0      0.0
  SINCE SEP 1      0.0                       0.0    0.0      0.0
  SINCE JUL 1      0.0                       0.0    0.0      0.0
  SNOW DEPTH       0

DEGREE DAYS
 HEATING
  YESTERDAY        3                         6     -3        0
  MONTH TO DATE  129                        66     63       48
  SINCE SEP 1    129                        66     63       48
  SINCE JUL 1    158                        93     65       80

 COOLING
  YESTERDAY        0                         2     -2       11
  MONTH TO DATE   28                        51    -23       93
  SINCE SEP 1     28                        51    -23       93
  SINCE JAN 1    510                       627   -117      629
..................................................................


WIND (MPH)
  HIGHEST WIND SPEED    26   HIGHEST WIND DIRECTION     S (190)
  HIGHEST GUST SPEED    36   HIGHEST GUST DIRECTION     S (180)
  AVERAGE WIND SPEED    15.4


SKY COVER
  POSSIBLE SUNSHINE  MM
  AVERAGE SKY COVER 0.1


WEATHER CONDITIONS
 THE FOLLOWING WEATHER WAS RECORDED YESTERDAY.
  FOG
  HAZE


RELATIVE HUMIDITY (PERCENT)
 HIGHEST   100          1200 AM
 LOWEST     49           100 PM
 AVERAGE    75

..........................................................


THE DUBUQUE IA CLIMATE NORMALS FOR TODAY
                         NORMAL    RECORD    YEAR
 MAXIMUM TEMPERATURE (F)   71        92      1895
 MINIMUM TEMPERATURE (F)   50        28      1956


SUNRISE AND SUNSET
SEPTEMBER 20 2014.....SUNRISE   648 AM CDT   SUNSET   704 PM CDT
SEPTEMBER 21 2014.....SUNRISE   649 AM CDT   SUNSET   702 PM CDT


-  INDICATES NEGATIVE NUMBERS.
R  INDICATES RECORD WAS SET OR TIED.
MM INDICATES DATA IS MISSING.
T  INDICATES TRACE AMOUNT.




$$
