000
CDUS43 KDVN 300911
CLIDBQ


CLIMATE REPORT
NATIONAL WEATHER SERVICE QUAD CITIES IA IL
410 AM CDT THU JUL 30 2015


...................................

...THE DUBUQUE IA CLIMATE SUMMARY FOR JULY 29 2015...

CLIMATE NORMAL PERIOD 1981 TO 2010
CLIMATE RECORD PERIOD 1873 TO 2015


WEATHER ITEM   OBSERVED TIME   RECORD YEAR NORMAL DEPARTURE LAST
                VALUE   (LST)  VALUE       VALUE  FROM      YEAR
                                                  NORMAL
..................................................................
TEMPERATURE (F)
 YESTERDAY
  MAXIMUM         82    358 PM 100    1941  81      1       77
                                      1916
  MINIMUM         64    934 PM  45    1971  62      2       52
  AVERAGE         73                        72      1       65

PRECIPITATION (IN)
  YESTERDAY        T             1.53 1987   0.14  -0.14     0.00
  MONTH TO DATE    1.20                      4.03  -2.83     2.08
  SINCE JUN 1      9.54                      8.43   1.11    14.65
  SINCE JAN 1     20.31                     21.30  -0.99    27.03

SNOWFALL (IN)
  YESTERDAY        0.0          MM      MM   0.0    0.0      0.0
  MONTH TO DATE    0.0                       0.0    0.0      0.0
  SINCE JUN 1      T                         0.0    0.0      0.0
  SINCE JUL 1      0.0                       0.0    0.0      0.0
  SNOW DEPTH       0

DEGREE DAYS
 HEATING
  YESTERDAY        0                         0      0        0
  MONTH TO DATE   13                         0     13       27
  SINCE JUN 1     36                        40     -4       37
  SINCE JUL 1     13                         0     13       27

 COOLING
  YESTERDAY        8                         7      1        0
  MONTH TO DATE  177                       204    -27       99
  SINCE JUN 1    296                       343    -47      253
  SINCE JAN 1    332                       380    -48      307
..................................................................


WIND (MPH)
  HIGHEST WIND SPEED    22   HIGHEST WIND DIRECTION     W (290)
  HIGHEST GUST SPEED    29   HIGHEST GUST DIRECTION    SW (210)
  AVERAGE WIND SPEED    11.4


SKY COVER
  POSSIBLE SUNSHINE  MM
  AVERAGE SKY COVER 0.2


WEATHER CONDITIONS
 THE FOLLOWING WEATHER WAS RECORDED YESTERDAY.
  LIGHT RAIN
  FOG


RELATIVE HUMIDITY (PERCENT)
 HIGHEST    93          1200 AM
 LOWEST     36          1100 AM
 AVERAGE    65

..........................................................


THE DUBUQUE IA CLIMATE NORMALS FOR TODAY
                         NORMAL    RECORD    YEAR
 MAXIMUM TEMPERATURE (F)   81       100      1916
                                             1913
 MINIMUM TEMPERATURE (F)   62        44      1971


SUNRISE AND SUNSET
JULY 30 2015..........SUNRISE   553 AM CDT   SUNSET   825 PM CDT
JULY 31 2015..........SUNRISE   554 AM CDT   SUNSET   824 PM CDT


-  INDICATES NEGATIVE NUMBERS.
R  INDICATES RECORD WAS SET OR TIED.
MM INDICATES DATA IS MISSING.
T  INDICATES TRACE AMOUNT.




$$
