000
CDUS43 KDVN 122223
CLIDBQ


CLIMATE REPORT
NATIONAL WEATHER SERVICE QUAD CITIES IA IL
423 PM CST TUE DEC 12 2017


...................................

...THE DUBUQUE IA CLIMATE SUMMARY FOR DECEMBER 12 2017...
VALID TODAY AS OF 0400 PM LOCAL TIME.

CLIMATE NORMAL PERIOD 1981 TO 2010
CLIMATE RECORD PERIOD 1873 TO 2017


WEATHER ITEM   OBSERVED TIME   RECORD YEAR NORMAL DEPARTURE LAST
                VALUE   (LST)  VALUE       VALUE  FROM      YEAR
                                                  NORMAL
..................................................................
TEMPERATURE (F)
 TODAY
  MAXIMUM         22    320 PM  58    1913  31     -9       22
  MINIMUM         12    832 AM -11    2000  16     -4        4
                                      1985
  AVERAGE         17                        24     -7       13

PRECIPITATION (IN)
  TODAY            0.00          0.75 1965   0.06  -0.06     0.00
  MONTH TO DATE    0.39                      0.85  -0.46     0.79
  SINCE DEC 1      0.39                      0.85  -0.46     0.79
  SINCE JAN 1     35.68                     35.30   0.38    40.22

SNOWFALL (IN)
  TODAY            0.0          MM      MM   0.4   -0.4      0.0
  MONTH TO DATE    1.4                       4.4   -3.0     11.3
  SINCE DEC 1      1.4                       4.4   -3.0     11.3
  SINCE JUL 1      1.4                       7.2   -5.8     11.3
  SNOW DEPTH       1

DEGREE DAYS
 HEATING
  TODAY           48                        42      6       52
  MONTH TO DATE  426                       472    -46      485
  SINCE DEC 1    426                       472    -46      485
  SINCE JUL 1   1791                      1972   -181     1477

 COOLING
  TODAY            0                         0      0        0
  MONTH TO DATE    0                         0      0        0
  SINCE DEC 1      0                         0      0        0
  SINCE JAN 1    569                       643    -74      781
..................................................................


WIND (MPH)
  HIGHEST WIND SPEED    22   HIGHEST WIND DIRECTION    NW (330)
  HIGHEST GUST SPEED    26   HIGHEST GUST DIRECTION    NW (330)
  AVERAGE WIND SPEED    14.6


SKY COVER
  POSSIBLE SUNSHINE  MM
  AVERAGE SKY COVER 0.1


WEATHER CONDITIONS
 THE FOLLOWING WEATHER WAS RECORDED TODAY.
  NO SIGNIFICANT WEATHER WAS OBSERVED.


RELATIVE HUMIDITY (PERCENT)
 HIGHEST    76           600 AM
 LOWEST     52           300 PM
 AVERAGE    64

..........................................................


THE DUBUQUE IA CLIMATE NORMALS FOR TOMORROW
                         NORMAL    RECORD    YEAR
 MAXIMUM TEMPERATURE (F)   31        61      2015
 MINIMUM TEMPERATURE (F)   16       -16      1958
                                             1903


SUNRISE AND SUNSET
DECEMBER 12 2017......SUNRISE   723 AM CST   SUNSET   430 PM CST
DECEMBER 13 2017......SUNRISE   724 AM CST   SUNSET   430 PM CST


-  INDICATES NEGATIVE NUMBERS.
R  INDICATES RECORD WAS SET OR TIED.
MM INDICATES DATA IS MISSING.
T  INDICATES TRACE AMOUNT.




$$
