000
CDUS43 KDVN 232224
CLIDBQ


CLIMATE REPORT
NATIONAL WEATHER SERVICE QUAD CITIES IA IL
423 PM CST SUN NOV 23 2014


...................................

...THE DUBUQUE IA CLIMATE SUMMARY FOR NOVEMBER 23 2014...
VALID TODAY AS OF 0400 PM LOCAL TIME.

CLIMATE NORMAL PERIOD 1981 TO 2010
CLIMATE RECORD PERIOD 1873 TO 2014


WEATHER ITEM   OBSERVED TIME   RECORD YEAR NORMAL DEPARTURE LAST
                VALUE   (LST)  VALUE       VALUE  FROM      YEAR
                                                  NORMAL
..................................................................
TEMPERATURE (F)
 TODAY
  MAXIMUM         49   1150 AM  64    1931  40      9       20
  MINIMUM         47    359 PM  -1    1950  25     22        8
  AVERAGE         48                        33     15       14

PRECIPITATION (IN)
  TODAY            0.76          1.29 1931   0.08   0.68      T
  MONTH TO DATE    1.09                      1.82  -0.73     1.80
  SINCE SEP 1      6.28                      7.94  -1.66     5.99
  SINCE JAN 1     36.43                     33.92   2.51    36.68

SNOWFALL (IN)
  TODAY            0.0          MM      MM   0.2   -0.2       T
  MONTH TO DATE    2.3                       1.5    0.8      2.2
  SINCE SEP 1      2.3                       1.5    0.8      2.2
  SINCE JUL 1      2.3                       1.5    0.8      2.2
  SNOW DEPTH       0

DEGREE DAYS
 HEATING
  TODAY           17                        32    -15       51
  MONTH TO DATE  803                       607    196      663
  SINCE SEP 1   1467                      1229    238     1262
  SINCE JUL 1   1496                      1256    240     1294

 COOLING
  TODAY            0                         0      0        0
  MONTH TO DATE    0                         0      0        0
  SINCE SEP 1     44                        67    -23      104
  SINCE JAN 1    526                       643   -117      640
..................................................................


WIND (MPH)
  HIGHEST WIND SPEED    21   HIGHEST WIND DIRECTION     S (180)
  HIGHEST GUST SPEED    27   HIGHEST GUST DIRECTION     S (190)
  AVERAGE WIND SPEED    13.7


SKY COVER
  POSSIBLE SUNSHINE  MM
  AVERAGE SKY COVER 1.0


WEATHER CONDITIONS
 THE FOLLOWING WEATHER WAS RECORDED TODAY.
  RAIN
  LIGHT RAIN
  FOG


RELATIVE HUMIDITY (PERCENT)
 HIGHEST   100           100 AM
 LOWEST     93          1200 AM
 AVERAGE    97

..........................................................


THE DUBUQUE IA CLIMATE NORMALS FOR TOMORROW
                         NORMAL    RECORD    YEAR
 MAXIMUM TEMPERATURE (F)   40        63      1931
 MINIMUM TEMPERATURE (F)   24        -4      1950


SUNRISE AND SUNSET
NOVEMBER 23 2014......SUNRISE   703 AM CST   SUNSET   435 PM CST
NOVEMBER 24 2014......SUNRISE   705 AM CST   SUNSET   434 PM CST


-  INDICATES NEGATIVE NUMBERS.
R  INDICATES RECORD WAS SET OR TIED.
MM INDICATES DATA IS MISSING.
T  INDICATES TRACE AMOUNT.




$$
