000
CDUS43 KDVN 010941
CLIDBQ


CLIMATE REPORT
NATIONAL WEATHER SERVICE QUAD CITIES IA IL
440 AM CDT WED OCT 1 2014


...................................

...THE DUBUQUE IA CLIMATE SUMMARY FOR SEPTEMBER 30 2014...

CLIMATE NORMAL PERIOD 1981 TO 2010
CLIMATE RECORD PERIOD 1873 TO 2014


WEATHER ITEM   OBSERVED TIME   RECORD YEAR NORMAL DEPARTURE LAST
                VALUE   (LST)  VALUE       VALUE  FROM      YEAR
                                                  NORMAL
..................................................................
TEMPERATURE (F)
 YESTERDAY
  MAXIMUM         57    421 PM  89    1897  67    -10       72
  MINIMUM         46    843 AM  24    1899  45      1       45
  AVERAGE         52                        56     -4       59

PRECIPITATION (IN)
  YESTERDAY        0.00          2.64 1961   0.10  -0.10     0.00
  MONTH TO DATE    2.14                      3.46  -1.32     2.37
  SINCE SEP 1      2.14                      3.46  -1.32     2.37
  SINCE JAN 1     32.29                     29.44   2.85    33.06

SNOWFALL (IN)
  YESTERDAY        0.0          MM      MM   0.0    0.0      0.0
  MONTH TO DATE    0.0                       0.0    0.0      0.0
  SINCE SEP 1      0.0                       0.0    0.0      0.0
  SINCE JUL 1      0.0                       0.0    0.0      0.0
  SNOW DEPTH       0

DEGREE DAYS
 HEATING
  YESTERDAY       13                        10      3        6
  MONTH TO DATE  171                       152     19      106
  SINCE SEP 1    171                       151     20      106
  SINCE JUL 1    200                       178     22      138

 COOLING
  YESTERDAY        0                         1     -1        0
  MONTH TO DATE   44                        61    -17       96
  SINCE SEP 1     44                        61    -17       96
  SINCE JAN 1    526                       637   -111      632
..................................................................


WIND (MPH)
  HIGHEST WIND SPEED    15   HIGHEST WIND DIRECTION     E (80)
  HIGHEST GUST SPEED    19   HIGHEST GUST DIRECTION     E (70)
  AVERAGE WIND SPEED     9.4


SKY COVER
  POSSIBLE SUNSHINE  MM
  AVERAGE SKY COVER  MM


WEATHER CONDITIONS
 THE FOLLOWING WEATHER WAS RECORDED YESTERDAY.
  FOG


RELATIVE HUMIDITY (PERCENT)
 HIGHEST    MM
 LOWEST     MM
 AVERAGE    MM

..........................................................


THE DUBUQUE IA CLIMATE NORMALS FOR TODAY
                         NORMAL    RECORD    YEAR
 MAXIMUM TEMPERATURE (F)   66        88      1976
                                             1897
 MINIMUM TEMPERATURE (F)   45        26      2003


SUNRISE AND SUNSET
OCTOBER  1 2014.......SUNRISE   700 AM CDT   SUNSET   644 PM CDT
OCTOBER  2 2014.......SUNRISE   701 AM CDT   SUNSET   642 PM CDT


-  INDICATES NEGATIVE NUMBERS.
R  INDICATES RECORD WAS SET OR TIED.
MM INDICATES DATA IS MISSING.
T  INDICATES TRACE AMOUNT.




$$
