000
CDUS43 KDVN 301004
CLIDBQ


CLIMATE REPORT
NATIONAL WEATHER SERVICE QUAD CITIES IA IL
403 AM CST FRI JAN 30 2015


...................................

...THE DUBUQUE IA CLIMATE SUMMARY FOR JANUARY 29 2015...

CLIMATE NORMAL PERIOD 1981 TO 2010
CLIMATE RECORD PERIOD 1873 TO 2015


WEATHER ITEM   OBSERVED TIME   RECORD YEAR NORMAL DEPARTURE LAST
                VALUE   (LST)  VALUE       VALUE  FROM      YEAR
                                                  NORMAL
..................................................................
TEMPERATURE (F)
 YESTERDAY
  MAXIMUM         34    300 PM  55    2013  28      6       23
  MINIMUM         23   1155 PM -26    1951  12     11      -11
  AVERAGE         29                        20      9        6

PRECIPITATION (IN)
  YESTERDAY        0.00          1.18 1947   0.04  -0.04     0.00
  MONTH TO DATE    0.61                      1.09  -0.48     0.88
  SINCE DEC 1      1.54                      2.93  -1.39     2.12
  SINCE JAN 1      0.61                      1.09  -0.48     0.88

SNOWFALL (IN)
  YESTERDAY        0.0          MM      MM   0.3   -0.3      0.0
  MONTH TO DATE    7.9                       9.3   -1.4     13.0
  SINCE DEC 1      7.9                      21.1  -13.2     31.4
  SINCE JUL 1     11.4                      23.9  -12.5     35.3
  SNOW DEPTH       1

DEGREE DAYS
 HEATING
  YESTERDAY       36                        45     -9       59
  MONTH TO DATE 1319                      1333    -14     1612
  SINCE DEC 1   2463                      2643   -180     3138
  SINCE JUL 1   4245                      4143    102     4737

 COOLING
  YESTERDAY        0                         0      0        0
  MONTH TO DATE    0                         0      0        0
  SINCE DEC 1      0                         0      0        0
  SINCE JAN 1      0                         0      0        0
..................................................................


WIND (MPH)
  HIGHEST WIND SPEED    28   HIGHEST WIND DIRECTION    NW (330)
  HIGHEST GUST SPEED    36   HIGHEST GUST DIRECTION    NW (330)
  AVERAGE WIND SPEED    18.1


SKY COVER
  POSSIBLE SUNSHINE  MM
  AVERAGE SKY COVER 0.9


WEATHER CONDITIONS
 THE FOLLOWING WEATHER WAS RECORDED YESTERDAY.
  FOG
  HAZE


RELATIVE HUMIDITY (PERCENT)
 HIGHEST    92           100 AM
 LOWEST     60          1100 PM
 AVERAGE    76

..........................................................


THE DUBUQUE IA CLIMATE NORMALS FOR TODAY
                         NORMAL    RECORD    YEAR
 MAXIMUM TEMPERATURE (F)   28        52      1890
 MINIMUM TEMPERATURE (F)   12       -25      1951


SUNRISE AND SUNSET
JANUARY 30 2015.......SUNRISE   719 AM CST   SUNSET   514 PM CST
JANUARY 31 2015.......SUNRISE   718 AM CST   SUNSET   515 PM CST


-  INDICATES NEGATIVE NUMBERS.
R  INDICATES RECORD WAS SET OR TIED.
MM INDICATES DATA IS MISSING.
T  INDICATES TRACE AMOUNT.




$$
