000
CDUS43 KDVN 290913
CLIDBQ


CLIMATE REPORT
NATIONAL WEATHER SERVICE QUAD CITIES IA IL
411 AM CDT FRI AUG 29 2014


...................................

...THE DUBUQUE IA CLIMATE SUMMARY FOR AUGUST 28 2014...

CLIMATE NORMAL PERIOD 1981 TO 2010
CLIMATE RECORD PERIOD 1873 TO 2014


WEATHER ITEM   OBSERVED TIME   RECORD YEAR NORMAL DEPARTURE LAST
                VALUE   (LST)  VALUE       VALUE  FROM      YEAR
                                                  NORMAL
..................................................................
TEMPERATURE (F)
 YESTERDAY
  MAXIMUM         71    446 PM  97    1984  78     -7       83
  MINIMUM         62    116 AM  40    1986  59      3       72
  AVERAGE         67                        68     -1       78

PRECIPITATION (IN)
  YESTERDAY        T             2.80 1877   0.14  -0.14     0.00
  MONTH TO DATE    3.01                      3.99  -0.98     2.72
  SINCE JUN 1     17.66                     12.70   4.96     8.85
  SINCE JAN 1     30.04                     25.57   4.47    30.43

SNOWFALL (IN)
  YESTERDAY        0.0          MM      MM   0.0    0.0      0.0
  MONTH TO DATE    0.0                       0.0    0.0      0.0
  SINCE JUN 1      0.0                       0.0    0.0      0.0
  SINCE JUL 1      0.0                       0.0    0.0      0.0
  SNOW DEPTH       0

DEGREE DAYS
 HEATING
  YESTERDAY        0                         1     -1        0
  MONTH TO DATE    2                        13    -11       10
  SINCE JUN 1     39                        61    -22       71
  SINCE JUL 1     29                        21      8       32

 COOLING
  YESTERDAY        2                         4     -2       13
  MONTH TO DATE  147                       164    -17      146
  SINCE JUN 1    403                       527   -124      453
  SINCE JAN 1    457                       564   -107      498
..................................................................


WIND (MPH)
  HIGHEST WIND SPEED    16   HIGHEST WIND DIRECTION    SE (140)
  HIGHEST GUST SPEED    21   HIGHEST GUST DIRECTION    SE (140)
  AVERAGE WIND SPEED     9.1


SKY COVER
  POSSIBLE SUNSHINE  MM
  AVERAGE SKY COVER 0.6


WEATHER CONDITIONS
 THE FOLLOWING WEATHER WAS RECORDED YESTERDAY.
  LIGHT RAIN
  FOG


RELATIVE HUMIDITY (PERCENT)
 HIGHEST   100           300 AM
 LOWEST     73          1000 AM
 AVERAGE    87

..........................................................


THE DUBUQUE IA CLIMATE NORMALS FOR TODAY
                         NORMAL    RECORD    YEAR
 MAXIMUM TEMPERATURE (F)   78        99      1984
 MINIMUM TEMPERATURE (F)   58        43      1986
                                             1934


SUNRISE AND SUNSET
AUGUST 29 2014........SUNRISE   625 AM CDT   SUNSET   742 PM CDT
AUGUST 30 2014........SUNRISE   626 AM CDT   SUNSET   740 PM CDT


-  INDICATES NEGATIVE NUMBERS.
R  INDICATES RECORD WAS SET OR TIED.
MM INDICATES DATA IS MISSING.
T  INDICATES TRACE AMOUNT.




$$
