240
CDUS41 KLWX 060522
CLIDCA


CLIMATE REPORT
NATIONAL WEATHER SERVICE BALTIMORE MD/WASHINGTON DC
122 AM EDT FRI MAY 6 2016


...................................

...THE WASHINGTON NATIONAL DC CLIMATE SUMMARY FOR MAY 5 2016...

CLIMATE NORMAL PERIOD 1981 TO 2010
CLIMATE RECORD PERIOD 1871 TO 2016


WEATHER ITEM   OBSERVED TIME   RECORD YEAR NORMAL DEPARTURE LAST
                VALUE   (LST)  VALUE       VALUE  FROM      YEAR
                                                  NORMAL
..................................................................
TEMPERATURE (F)
 YESTERDAY
  MAXIMUM         58    312 PM  94    1928  73    -15       86
  MINIMUM         51    809 AM  39    1926  53     -2       64
                                      1907
  AVERAGE         55                        63     -8       75

PRECIPITATION (IN)
  YESTERDAY        0.02          3.24 1953   0.12  -0.10     0.05
  MONTH TO DATE    1.94                      0.59   1.35     0.16
  SINCE MAR 1      5.15                      7.13  -1.98     7.61
  SINCE JAN 1     11.62                     12.56  -0.94    13.02

SNOWFALL (IN)
  YESTERDAY        0.0          MM      MM   0.0    0.0
  MONTH TO DATE    T                         0.0    0.0
  SINCE JUL 1     22.2                      15.4    6.8
  SNOW DEPTH       0

DEGREE DAYS
 HEATING
  YESTERDAY       10                         4      6        0
  MONTH TO DATE   27                        22      5        6
  SINCE MAR 1    647                       860   -213      790
  SINCE JUL 1   3248                      3968   -720     3914

 COOLING
  YESTERDAY        0                         2     -2       10
  MONTH TO DATE    2                         8     -6       20
  SINCE MAR 1     38                        34      4       40
  SINCE JAN 1     38                        34      4       40
..................................................................


WIND (MPH)
  HIGHEST WIND SPEED    18   HIGHEST WIND DIRECTION    NE (30)
  HIGHEST GUST SPEED    22   HIGHEST GUST DIRECTION    NE (30)
  AVERAGE WIND SPEED    10.9


SKY COVER
  POSSIBLE SUNSHINE  MM
  AVERAGE SKY COVER 1.0


WEATHER CONDITIONS
 THE FOLLOWING WEATHER WAS RECORDED YESTERDAY.
  LIGHT RAIN
  FOG


RELATIVE HUMIDITY (PERCENT)
 HIGHEST    89           200 AM
 LOWEST     67           300 PM
 AVERAGE    78

..........................................................


THE WASHINGTON NATIONAL DC CLIMATE NORMALS FOR TODAY
                         NORMAL    RECORD    YEAR
 MAXIMUM TEMPERATURE (F)   73        93      1950
 MINIMUM TEMPERATURE (F)   53        37      1911


SUNRISE AND SUNSET
MAY  6 2016...........SUNRISE   604 AM EDT   SUNSET   806 PM EDT
MAY  7 2016...........SUNRISE   603 AM EDT   SUNSET   807 PM EDT


-  INDICATES NEGATIVE NUMBERS.
R  INDICATES RECORD WAS SET OR TIED.
MM INDICATES DATA IS MISSING.
T  INDICATES TRACE AMOUNT.




$$
