789
CDUS41 KALY 210625
CLIDDH


CLIMATE REPORT
NATIONAL WEATHER SERVICE ALBANY NY
225 AM EDT SAT OCT 21 2017


...................................

...THE BENNINGTON VT CLIMATE SUMMARY FOR OCTOBER 20 2017...

CLIMATE NORMAL PERIOD 1981 TO 2010
CLIMATE RECORD PERIOD 9999 TO 9999


WEATHER ITEM   OBSERVED TIME   NORMAL DEPARTURE LAST
                VALUE   (LST)  VALUE  FROM      YEAR
                                      NORMAL
......................................................
TEMPERATURE (F)
 YESTERDAY
  MAXIMUM         68    326 PM  57     11       64
  MINIMUM         40   1156 PM  35      5       40
  AVERAGE         54            46      8       52

PRECIPITATION (IN)
  YESTERDAY        0.00          0.13  -0.13     0.51
  MONTH TO DATE    0.74          2.50  -1.76     1.22
  SINCE SEP 1      4.24          6.07  -1.83     4.25
  SINCE JAN 1     36.59         33.61   2.98    25.56

DEGREE DAYS
 HEATING
  YESTERDAY       11            19     -8       13
  MONTH TO DATE  186           315   -129      214
  SINCE SEP 1    322           521   -199      337
  SINCE JUL 1    389           593   -204      359

 COOLING
  YESTERDAY        0             0      0        0
  MONTH TO DATE    8             0      8        4
  SINCE SEP 1     84            23     61       49
  SINCE JAN 1    391           311     80      488
......................................................


WIND (MPH)
  HIGHEST WIND SPEED    14   HIGHEST WIND DIRECTION    NW (300)
  HIGHEST GUST SPEED    21   HIGHEST GUST DIRECTION     W (280)
  AVERAGE WIND SPEED     5.8


SKY COVER
  AVERAGE SKY COVER 0.0



RELATIVE HUMIDITY (PERCENT)
 HIGHEST    82          1100 PM
 LOWEST     32           400 PM
 AVERAGE    57

..........................................................


THE BENNINGTON VT CLIMATE NORMALS FOR TODAY
                         NORMAL
 MAXIMUM TEMPERATURE (F)   57
 MINIMUM TEMPERATURE (F)   35


SUNRISE AND SUNSET
OCTOBER 21 2017.......SUNRISE   714 AM EDT   SUNSET   601 PM EDT
OCTOBER 22 2017.......SUNRISE   715 AM EDT   SUNSET   559 PM EDT


-  INDICATES NEGATIVE NUMBERS.
R  INDICATES RECORD WAS SET OR TIED.
MM INDICATES DATA IS MISSING.
T  INDICATES TRACE AMOUNT.




$$
