000
CDUS41 KALY 020622
CLIDDH


CLIMATE REPORT
NATIONAL WEATHER SERVICE ALBANY NY
221 AM EDT THU JUL 2 2015


...................................

...THE BENNINGTON VT CLIMATE SUMMARY FOR JULY 1 2015...

CLIMATE NORMAL PERIOD 1981 TO 2010
CLIMATE RECORD PERIOD 9999 TO 9999


WEATHER ITEM   OBSERVED TIME   NORMAL DEPARTURE LAST
                VALUE   (LST)  VALUE  FROM      YEAR
                                      NORMAL
......................................................
TEMPERATURE (F)
 YESTERDAY
  MAXIMUM         76    221 PM  79     -3       89
  MINIMUM         62    325 PM  56      6       64
  AVERAGE         69            67      2       77

PRECIPITATION (IN)
  YESTERDAY        0.60          0.13   0.47     0.00
  MONTH TO DATE    0.60          0.13   0.47     0.00
  SINCE JUN 1      3.55          4.26  -0.71     3.33
  SINCE JAN 1     11.11         19.33  -8.22    16.16

DEGREE DAYS
 HEATING
  YESTERDAY        0             1     -1        0
  MONTH TO DATE    0             1     -1        0
  SINCE JUN 1     95            98     -3       47
  SINCE JUL 1      0             1     -1        0

 COOLING
  YESTERDAY        4             3      1       12
  MONTH TO DATE    4             3      1       12
  SINCE JUN 1     51            61    -10       74
  SINCE JAN 1    115            75     40       90
......................................................


WIND (MPH)
  HIGHEST WIND SPEED    20   HIGHEST WIND DIRECTION     W (280)
  HIGHEST GUST SPEED    32   HIGHEST GUST DIRECTION    NE (50)
  AVERAGE WIND SPEED     6.8


SKY COVER
  AVERAGE SKY COVER 0.8



RELATIVE HUMIDITY (PERCENT)
 HIGHEST    93           600 AM
 LOWEST     68           100 PM
 AVERAGE    81

..........................................................


THE BENNINGTON VT CLIMATE NORMALS FOR TODAY
                         NORMAL
 MAXIMUM TEMPERATURE (F)   79
 MINIMUM TEMPERATURE (F)   56


SUNRISE AND SUNSET
JULY  2 2015..........SUNRISE   518 AM EDT   SUNSET   835 PM EDT
JULY  3 2015..........SUNRISE   519 AM EDT   SUNSET   835 PM EDT


-  INDICATES NEGATIVE NUMBERS.
R  INDICATES RECORD WAS SET OR TIED.
MM INDICATES DATA IS MISSING.
T  INDICATES TRACE AMOUNT.




$$
