218
CDUS41 KALY 300630
CLIDDH


CLIMATE REPORT
NATIONAL WEATHER SERVICE ALBANY NY
226 AM EDT FRI SEP 30 2016


...................................

...THE BENNINGTON VT CLIMATE SUMMARY FOR SEPTEMBER 29 2016...

CLIMATE NORMAL PERIOD 1981 TO 2010
CLIMATE RECORD PERIOD 9999 TO 9999


WEATHER ITEM   OBSERVED TIME   NORMAL DEPARTURE LAST
                VALUE   (LST)  VALUE  FROM      YEAR
                                      NORMAL
......................................................
TEMPERATURE (F)
 YESTERDAY
  MAXIMUM         67    106 PM  65      2       78
  MINIMUM         52    638 AM  42     10       64
  AVERAGE         60            54      6       71

PRECIPITATION (IN)
  YESTERDAY        0.00          0.14  -0.14     0.53
  MONTH TO DATE    3.03          3.44  -0.41     4.11
  SINCE SEP 1      3.03          3.44  -0.41     4.11
  SINCE JAN 1     24.34         30.98  -6.64    18.34

DEGREE DAYS
 HEATING
  YESTERDAY        5            11     -6        0
  MONTH TO DATE  114           193    -79       90
  SINCE SEP 1    114           193    -79       90
  SINCE JUL 1    136           265   -129      129

 COOLING
  YESTERDAY        0             0      0        6
  MONTH TO DATE   45            22     23       76
  SINCE SEP 1     45            22     23       76
  SINCE JAN 1    484           310    174      444
......................................................


WIND (MPH)
  HIGHEST WIND SPEED    16   HIGHEST WIND DIRECTION     E (100)
  HIGHEST GUST SPEED    22   HIGHEST GUST DIRECTION     E (110)
  AVERAGE WIND SPEED     6.7


SKY COVER
  AVERAGE SKY COVER 0.0



RELATIVE HUMIDITY (PERCENT)
 HIGHEST    66          1200 AM
 LOWEST     44           300 PM
 AVERAGE    55

..........................................................


THE BENNINGTON VT CLIMATE NORMALS FOR TODAY
                         NORMAL
 MAXIMUM TEMPERATURE (F)   65
 MINIMUM TEMPERATURE (F)   42


SUNRISE AND SUNSET
SEPTEMBER 30 2016.....SUNRISE   650 AM EDT   SUNSET   635 PM EDT
OCTOBER  1 2016.......SUNRISE   651 AM EDT   SUNSET   633 PM EDT


-  INDICATES NEGATIVE NUMBERS.
R  INDICATES RECORD WAS SET OR TIED.
MM INDICATES DATA IS MISSING.
T  INDICATES TRACE AMOUNT.




$$
