000
CDUS43 KILX 050646
CLIDEC


CLIMATE REPORT
NATIONAL WEATHER SERVICE LINCOLN IL
1246 AM CST MON DEC 5 2016


...................................

...THE DECATUR IL AIRPORT CLIMATE SUMMARY FOR DECEMBER 4 2016...

CLIMATE NORMAL PERIOD 1981 TO 2010
CLIMATE RECORD PERIOD 9999 TO 9999


WEATHER ITEM   OBSERVED TIME   RECORD YEAR NORMAL DEPARTURE LAST
                VALUE   (LST)  VALUE       VALUE  FROM      YEAR
                                                  NORMAL
..................................................................
TEMPERATURE (F)
 YESTERDAY
  MAXIMUM         MM        MM  MM      MM  42     MM       43
  MINIMUM         MM        MM  MM      MM  26     MM       28
  AVERAGE         MM                        34     MM       36

PRECIPITATION (IN)
  YESTERDAY       MM            MM      MM   0.08  MM        0.00
  MONTH TO DATE    0.00                      0.32  -0.32     0.10
  SINCE DEC 1      0.00                      0.32  -0.32     0.10
  SINCE JAN 1     31.64                     36.23  -4.59    31.01

DEGREE DAYS
 HEATING
  YESTERDAY       MM                        31     MM       29
  MONTH TO DATE   52                       120    -68      117
  SINCE DEC 1     52                       120    -68      117
  SINCE JUL 1    748                      1201   -453      899

 COOLING
  YESTERDAY       MM                         0     MM        0
  MONTH TO DATE    0                         0      0        0
  SINCE DEC 1      0                         0      0        0
  SINCE JAN 1   1434                      1048    386     1184
..................................................................


WIND (MPH)
  HIGHEST WIND SPEED     9   HIGHEST WIND DIRECTION     W (260)
  HIGHEST GUST SPEED    MM   HIGHEST GUST DIRECTION    MM
  AVERAGE WIND SPEED     7.8


SKY COVER
  POSSIBLE SUNSHINE  MM
  AVERAGE SKY COVER 1.0


WEATHER CONDITIONS
 THE FOLLOWING WEATHER WAS RECORDED YESTERDAY.
  RAIN
  LIGHT RAIN
  SNOW
  LIGHT SNOW
  FOG
  FOG W/VISIBILITY <= 1/4 MILE
  HAZE


RELATIVE HUMIDITY (PERCENT)
 HIGHEST   100           500 PM
 LOWEST     89          1100 PM
 AVERAGE    95

..........................................................


THE DECATUR IL AIRPORT CLIMATE NORMALS FOR TODAY
                         NORMAL    RECORD    YEAR
 MAXIMUM TEMPERATURE (F)   42        MM        MM
 MINIMUM TEMPERATURE (F)   26        MM        MM


SUNRISE AND SUNSET
DECEMBER  5 2016......SUNRISE   702 AM CST   SUNSET   431 PM CST
DECEMBER  6 2016......SUNRISE   703 AM CST   SUNSET   430 PM CST


-  INDICATES NEGATIVE NUMBERS.
R  INDICATES RECORD WAS SET OR TIED.
MM INDICATES DATA IS MISSING.
T  INDICATES TRACE AMOUNT.




$$
