000
CDUS43 KILX 220629
CLIDEC


CLIMATE REPORT
NATIONAL WEATHER SERVICE LINCOLN IL
129 AM CDT FRI MAY 22 2015


...................................

...THE DECATUR IL AIRPORT CLIMATE SUMMARY FOR MAY 21 2015...

CLIMATE NORMAL PERIOD 1981 TO 2010
CLIMATE RECORD PERIOD 9999 TO 9999


WEATHER ITEM   OBSERVED TIME   RECORD YEAR NORMAL DEPARTURE LAST
                VALUE   (LST)  VALUE       VALUE  FROM      YEAR
                                                  NORMAL
..................................................................
TEMPERATURE (F)
 YESTERDAY
  MAXIMUM         66    453 PM  MM      MM  76    -10       89
  MINIMUM         44    230 AM  MM      MM  53     -9       70
  AVERAGE         55                        64     -9       80

PRECIPITATION (IN)
  YESTERDAY        0.00         MM      MM   0.14  -0.14     0.00
  MONTH TO DATE    3.89                      3.10   0.79     2.56
  SINCE MAR 1      7.52                      9.54  -2.02     8.50
  SINCE JAN 1      8.77                     13.26  -4.49     9.62

DEGREE DAYS
 HEATING
  YESTERDAY       10                         4      6        0
  MONTH TO DATE   79                       113    -34      129
  SINCE MAR 1   1169                      1219    -50     1339
  SINCE JUL 1   5815                      5476    339     6151

 COOLING
  YESTERDAY        0                         3     -3       15
  MONTH TO DATE   91                        36     55       70
  SINCE MAR 1     94                        50     44       71
  SINCE JAN 1     94                        50     44       71
..................................................................


WIND (MPH)
  HIGHEST WIND SPEED    16   HIGHEST WIND DIRECTION     W (260)
  HIGHEST GUST SPEED    22   HIGHEST GUST DIRECTION     W (260)
  AVERAGE WIND SPEED     9.6


SKY COVER
  POSSIBLE SUNSHINE  MM
  AVERAGE SKY COVER 0.6


WEATHER CONDITIONS
 THE FOLLOWING WEATHER WAS RECORDED YESTERDAY.
  FOG
  HAZE


RELATIVE HUMIDITY (PERCENT)
 HIGHEST    86           400 AM
 LOWEST     34           400 PM
 AVERAGE    60

..........................................................


THE DECATUR IL AIRPORT CLIMATE NORMALS FOR TODAY
                         NORMAL    RECORD    YEAR
 MAXIMUM TEMPERATURE (F)   76        MM        MM
 MINIMUM TEMPERATURE (F)   53        MM        MM


SUNRISE AND SUNSET
MAY 22 2015...........SUNRISE   535 AM CDT   SUNSET   810 PM CDT
MAY 23 2015...........SUNRISE   534 AM CDT   SUNSET   810 PM CDT


-  INDICATES NEGATIVE NUMBERS.
R  INDICATES RECORD WAS SET OR TIED.
MM INDICATES DATA IS MISSING.
T  INDICATES TRACE AMOUNT.




$$
