000
CDUS43 KILX 300648
CLIDEC


CLIMATE REPORT
NATIONAL WEATHER SERVICE LINCOLN IL
147 AM CDT WED JUL 30 2014


...................................

...THE DECATUR IL AIRPORT CLIMATE SUMMARY FOR JULY 29 2014...

CLIMATE NORMAL PERIOD 1981 TO 2010
CLIMATE RECORD PERIOD 9999 TO 9999


WEATHER ITEM   OBSERVED TIME   RECORD YEAR NORMAL DEPARTURE LAST
                VALUE   (LST)  VALUE       VALUE  FROM      YEAR
                                                  NORMAL
..................................................................
TEMPERATURE (F)
 YESTERDAY
  MAXIMUM         79    234 PM  MM      MM  86     -7       79
  MINIMUM         58   1236 AM  MM      MM  64     -6       52
  AVERAGE         69                        75     -6       66

PRECIPITATION (IN)
  YESTERDAY        0.00         MM      MM   0.11  -0.11     0.00
  MONTH TO DATE    2.44                      3.64  -1.20     2.68
  SINCE JUN 1      9.34                      7.99   1.35     7.63
  SINCE JAN 1     19.00                     22.44  -3.44    25.94

DEGREE DAYS
 HEATING
  YESTERDAY        0                         0      0        0
  MONTH TO DATE    2                         0      2        4
  SINCE JUN 1      3                        17    -14       18
  SINCE JUL 1      2                         0      2        4

 COOLING
  YESTERDAY        4                        10     -6        1
  MONTH TO DATE  171                       312   -141      254
  SINCE JUN 1    447                       541    -94      496
  SINCE JAN 1    592                       628    -36      608
..................................................................


WIND (MPH)
  HIGHEST WIND SPEED    16   HIGHEST WIND DIRECTION     W (270)
  HIGHEST GUST SPEED    21   HIGHEST GUST DIRECTION     W (260)
  AVERAGE WIND SPEED     8.0


SKY COVER
  POSSIBLE SUNSHINE  MM
  AVERAGE SKY COVER 0.1


WEATHER CONDITIONS
 THE FOLLOWING WEATHER WAS RECORDED YESTERDAY.
  NO SIGNIFICANT WEATHER WAS OBSERVED.


RELATIVE HUMIDITY (PERCENT)
 HIGHEST    80           100 AM
 LOWEST     43           400 PM
 AVERAGE    62

..........................................................


THE DECATUR IL AIRPORT CLIMATE NORMALS FOR TODAY
                         NORMAL    RECORD    YEAR
 MAXIMUM TEMPERATURE (F)   86        MM        MM
 MINIMUM TEMPERATURE (F)   64        MM        MM


SUNRISE AND SUNSET
JULY 30 2014..........SUNRISE   552 AM CDT   SUNSET   811 PM CDT
JULY 31 2014..........SUNRISE   553 AM CDT   SUNSET   810 PM CDT


-  INDICATES NEGATIVE NUMBERS.
R  INDICATES RECORD WAS SET OR TIED.
MM INDICATES DATA IS MISSING.
T  INDICATES TRACE AMOUNT.




$$
