000
CDUS45 KBOU 190758
CLIDEN


CLIMATE REPORT
NATIONAL WEATHER SERVICE DENVER/BOULDER CO
1257 AM MST THU JAN 19 2017


...................................

...THE DENVER CO CLIMATE SUMMARY FOR JANUARY 18 2017...

CLIMATE NORMAL PERIOD 1981 TO 2010
CLIMATE RECORD PERIOD 1872 TO 2017


WEATHER ITEM   OBSERVED TIME   RECORD YEAR NORMAL DEPARTURE LAST
                VALUE   (LST)  VALUE       VALUE  FROM      YEAR
                                                  NORMAL
..................................................................
TEMPERATURE (F)
 YESTERDAY
  MAXIMUM         52    336 PM  65    1920  44      8       51
  MINIMUM         21   1208 AM -19    1984  18      3       22
  AVERAGE         37                        31      6       37

PRECIPITATION (IN)
  YESTERDAY        0.00          0.28 1980   0.02  -0.02     0.00
  MONTH TO DATE    0.54                      0.24   0.30     0.39
  SINCE DEC 1      1.32                      0.59   0.73     1.10
  SINCE JAN 1      0.54                      0.24   0.30     0.39

SNOWFALL (IN)
  YESTERDAY        0.0
  MONTH TO DATE    6.3
  SINCE DEC 1       16
  SINCE JUL 1     17.7
  SNOW DEPTH       1


DEGREE DAYS
 HEATING
  YESTERDAY       28                        34     -6       28
  MONTH TO DATE  675                       617     58      655
  SINCE DEC 1   1821                      1703    118     1752
  SINCE JUL 1   2717                      3085   -368     2842

 COOLING
  YESTERDAY        0                         0      0        0
  MONTH TO DATE    0                         0      0        0
  SINCE DEC 1      0                         0      0        0
  SINCE JAN 1      0                         0      0        0
..................................................................


WIND (MPH)
  HIGHEST WIND SPEED    15   HIGHEST WIND DIRECTION    SW (220)
  HIGHEST GUST SPEED    19   HIGHEST GUST DIRECTION    SW (220)
  AVERAGE WIND SPEED     8.4


SKY COVER **
  POSSIBLE SUNSHINE  MM
  AVERAGE SKY COVER 0.2


WEATHER CONDITIONS
 THE FOLLOWING WEATHER WAS RECORDED YESTERDAY.
  NO SIGNIFICANT WEATHER WAS OBSERVED.


RELATIVE HUMIDITY (PERCENT)
 HIGHEST    77          1200 AM
 LOWEST     21           300 PM
 AVERAGE    49

..........................................................


THE DENVER CO CLIMATE NORMALS FOR TODAY
                         NORMAL    RECORD    YEAR
 MAXIMUM TEMPERATURE (F)   44        68      1986
                                             1920
 MINIMUM TEMPERATURE (F)   17       -20      1883


SUNRISE AND SUNSET
JANUARY 19 2017.......SUNRISE   716 AM MST   SUNSET   503 PM MST
JANUARY 20 2017.......SUNRISE   716 AM MST   SUNSET   504 PM MST


-  INDICATES NEGATIVE NUMBERS.
R  INDICATES RECORD WAS SET OR TIED.
MM INDICATES DATA IS MISSING.
T  INDICATES TRACE AMOUNT.

&&

** SUNSHINE DATA WILL NO LONGER BE AVAILABLE EFFECTIVE OCTOBER 1ST 2009.




$$
