000
CDUS45 KBOU 272333
CLIDEN


CLIMATE REPORT
NATIONAL WEATHER SERVICE DENVER/BOULDER CO
532 PM MDT MON MAR 27 2017


...................................

...THE DENVER CO CLIMATE SUMMARY FOR MARCH 27 2017...
VALID TODAY AS OF 0500 PM LOCAL TIME.

CLIMATE NORMAL PERIOD 1981 TO 2010
CLIMATE RECORD PERIOD 1872 TO 2017


WEATHER ITEM   OBSERVED TIME   RECORD YEAR NORMAL DEPARTURE LAST
                VALUE   (LST)  VALUE       VALUE  FROM      YEAR
                                                  NORMAL
..................................................................
TEMPERATURE (F)
 TODAY
  MAXIMUM         64    205 PM  78    1988  57      7       50
  MINIMUM         30    252 AM  -5    1899  29      1       23
  AVERAGE         47                        43      4       37

PRECIPITATION (IN)
  TODAY            0.00          0.61 1886   0.04  -0.04     0.00
  MONTH TO DATE    0.55                      0.76  -0.21     1.09
  SINCE MAR 1      0.55                      0.76  -0.21     1.09
  SINCE JAN 1      1.32                      1.54  -0.22     2.07

DEGREE DAYS
 HEATING
  TODAY           18                        22     -4       28
  MONTH TO DATE  441                       677   -236      626
  SINCE MAR 1    441                       677   -236      626
  SINCE JUL 1   4243                      5116   -873     4614

 COOLING
  TODAY            0                         0      0        0
  MONTH TO DATE    0                         0      0        0
  SINCE MAR 1      0                         0      0        0
  SINCE JAN 1      0                         0      0        0
..................................................................


WIND (MPH)
  HIGHEST WIND SPEED    21   HIGHEST WIND DIRECTION     S (160)
  HIGHEST GUST SPEED    27   HIGHEST GUST DIRECTION    SE (130)
  AVERAGE WIND SPEED     9.3


SKY COVER **
  POSSIBLE SUNSHINE  MM
  AVERAGE SKY COVER 0.4


WEATHER CONDITIONS
 THE FOLLOWING WEATHER WAS RECORDED TODAY.
  NO SIGNIFICANT WEATHER WAS OBSERVED.


RELATIVE HUMIDITY (PERCENT)
 HIGHEST    92           100 AM
 LOWEST     26           200 PM
 AVERAGE    59

..........................................................


THE DENVER CO CLIMATE NORMALS FOR TOMORROW
                         NORMAL    RECORD    YEAR
 MAXIMUM TEMPERATURE (F)   58        83      1963
 MINIMUM TEMPERATURE (F)   29       -11      1886


SUNRISE AND SUNSET
MARCH 27 2017.........SUNRISE   650 AM MDT   SUNSET   718 PM MDT
MARCH 28 2017.........SUNRISE   648 AM MDT   SUNSET   719 PM MDT


-  INDICATES NEGATIVE NUMBERS.
R  INDICATES RECORD WAS SET OR TIED.
MM INDICATES DATA IS MISSING.
T  INDICATES TRACE AMOUNT.




$$
