000
CDUS45 KBOU 012231
CLIDEN


CLIMATE REPORT
NATIONAL WEATHER SERVICE DENVER CO
430 PM MDT SAT AUG 1 2015


...................................

...THE DENVER CO CLIMATE SUMMARY FOR AUGUST 1 2015...
VALID TODAY AS OF 0400 PM LOCAL TIME.

CLIMATE NORMAL PERIOD 1981 TO 2010
CLIMATE RECORD PERIOD 1872 TO 2015


WEATHER ITEM   OBSERVED TIME   RECORD YEAR NORMAL DEPARTURE LAST
                VALUE   (LST)  VALUE       VALUE  FROM      YEAR
                                                  NORMAL
..................................................................
TEMPERATURE (F)
 TODAY
  MAXIMUM         96    219 PM 104    2008  90      6       80
  MINIMUM         61    537 AM  42    1995  60      1       55
  AVERAGE         79                        75      4       68

PRECIPITATION (IN)
  TODAY            0.00          1.71 1976   0.07  -0.07     0.00
  MONTH TO DATE    0.00                      0.07  -0.07     0.00
  SINCE JUN 1      3.59                      4.21  -0.62     5.67
  SINCE JAN 1     12.42                      9.74   2.68    12.38

DEGREE DAYS
 HEATING
  TODAY            0                         0      0        0
  MONTH TO DATE    0                         0      0        0
  SINCE JUN 1     16                        68    -52       35
  SINCE JUL 1      5                         6     -1        5

 COOLING
  TODAY           14                        10      4        3
  MONTH TO DATE   14                        10      4        3
  SINCE JUN 1    419                       432    -13      413
  SINCE JAN 1    423                       454    -31      434
..................................................................


WIND (MPH)
  HIGHEST WIND SPEED    16   HIGHEST WIND DIRECTION    NE (50)
  HIGHEST GUST SPEED    20   HIGHEST GUST DIRECTION     S (180)
  AVERAGE WIND SPEED     7.6


SKY COVER **
  POSSIBLE SUNSHINE  MM
  AVERAGE SKY COVER 0.4


WEATHER CONDITIONS
 THE FOLLOWING WEATHER WAS RECORDED TODAY.
  NO SIGNIFICANT WEATHER WAS OBSERVED.


RELATIVE HUMIDITY (PERCENT)
 HIGHEST    67           400 AM
 LOWEST      9           200 PM
 AVERAGE    38

..........................................................


THE DENVER CO CLIMATE NORMALS FOR TOMORROW
                         NORMAL    RECORD    YEAR
 MAXIMUM TEMPERATURE (F)   89       103      2008
 MINIMUM TEMPERATURE (F)   60        50      1891


SUNRISE AND SUNSET
AUGUST  1 2015........SUNRISE   557 AM MST   SUNSET   813 PM MST
AUGUST  2 2015........SUNRISE   558 AM MST   SUNSET   812 PM MST


-  INDICATES NEGATIVE NUMBERS.
R  INDICATES RECORD WAS SET OR TIED.
MM INDICATES DATA IS MISSING.
T  INDICATES TRACE AMOUNT.




$$
