000
CDUS45 KBOU 232329
CLIDEN


CLIMATE REPORT
NATIONAL WEATHER SERVICE DENVER/BOULDER CO
529 PM MDT TUE MAY 23 2017


...................................

...THE DENVER CO CLIMATE SUMMARY FOR MAY 23 2017...
VALID TODAY AS OF 0500 PM LOCAL TIME.

CLIMATE NORMAL PERIOD 1981 TO 2010
CLIMATE RECORD PERIOD 1872 TO 2017


WEATHER ITEM   OBSERVED TIME   RECORD YEAR NORMAL DEPARTURE LAST
                VALUE   (LST)  VALUE       VALUE  FROM      YEAR
                                                  NORMAL
..................................................................
TEMPERATURE (F)
 TODAY
  MAXIMUM         63    348 PM  93    1989  74    -11       68
  MINIMUM         41    513 AM  31    2002  45     -4       42
  AVERAGE         52                        60     -8       55

PRECIPITATION (IN)
  TODAY            0.00          1.50 1952   0.07  -0.07     0.07
  MONTH TO DATE    3.13                      1.54   1.59     0.90
  SINCE MAR 1      5.01                      4.17   0.84     4.64
  SINCE JAN 1      5.78                      4.95   0.83     5.62

DEGREE DAYS
 HEATING
  TODAY           13                         6      7       10
  MONTH TO DATE  234                       223     11      268
  SINCE MAR 1   1235                      1515   -280     1510
  SINCE JUL 1   5037                      5954   -917     5498

 COOLING
  TODAY            0                         1     -1        0
  MONTH TO DATE    6                         8     -2        3
  SINCE MAR 1      6                         9     -3        3
  SINCE JAN 1      6                         9     -3        3
..................................................................


WIND (MPH)
  HIGHEST WIND SPEED    25   HIGHEST WIND DIRECTION     N (10)
  HIGHEST GUST SPEED    34   HIGHEST GUST DIRECTION     N (360)
  AVERAGE WIND SPEED    12.8


SKY COVER **
  POSSIBLE SUNSHINE  MM
  AVERAGE SKY COVER 0.7


WEATHER CONDITIONS
 THE FOLLOWING WEATHER WAS RECORDED TODAY.
  NO SIGNIFICANT WEATHER WAS OBSERVED.


RELATIVE HUMIDITY (PERCENT)
 HIGHEST    82           200 AM
 LOWEST     34           300 PM
 AVERAGE    58

..........................................................


THE DENVER CO CLIMATE NORMALS FOR TOMORROW
                         NORMAL    RECORD    YEAR
 MAXIMUM TEMPERATURE (F)   75        87      2005
                                             1984
                                             1967
 MINIMUM TEMPERATURE (F)   45        32      2002


SUNRISE AND SUNSET
MAY 23 2017...........SUNRISE   537 AM MDT   SUNSET   814 PM MDT
MAY 24 2017...........SUNRISE   536 AM MDT   SUNSET   815 PM MDT


-  INDICATES NEGATIVE NUMBERS.
R  INDICATES RECORD WAS SET OR TIED.
MM INDICATES DATA IS MISSING.
T  INDICATES TRACE AMOUNT.




$$
