000
CDUS45 KBOU 250757
CLIDEN


CLIMATE REPORT
NATIONAL WEATHER SERVICE DENVER CO
156 AM MDT SAT OCT 25 2014


...................................

...THE DENVER CO CLIMATE SUMMARY FOR OCTOBER 24 2014...

CLIMATE NORMAL PERIOD 1981 TO 2010
CLIMATE RECORD PERIOD 1872 TO 2014


WEATHER ITEM   OBSERVED TIME   RECORD YEAR NORMAL DEPARTURE LAST
                VALUE   (LST)  VALUE       VALUE  FROM      YEAR
                                                  NORMAL
..................................................................
TEMPERATURE (F)
 YESTERDAY
  MAXIMUM         82R   224 PM  80    2011  62     20       55
  MINIMUM         47    845 PM   8    1887  34     13       33
  AVERAGE         65                        48     17       44

PRECIPITATION (IN)
  YESTERDAY        0.00          1.24 1923   0.03  -0.03     0.00
  MONTH TO DATE    0.52                      0.84  -0.32     0.70
  SINCE SEP 1      2.31                      1.80   0.51     6.31
  SINCE JAN 1     17.42                     13.16   4.26    17.06

SNOWFALL (IN)
  YESTERDAY        0.0
  MONTH TO DATE      0
  SINCE SEP 1        T
  SINCE JUL 1        T
  SNOW DEPTH       0


DEGREE DAYS
 HEATING
  YESTERDAY        0                        17    -17       21
  MONTH TO DATE  201                       310   -109      389
  SINCE SEP 1    292                       435   -143      472
  SINCE JUL 1    299                       451   -152      472

 COOLING
  YESTERDAY        0                         0      0        0
  MONTH TO DATE    0                         1     -1        0
  SINCE SEP 1     88                        77     11      133
  SINCE JAN 1    701                       765    -64      999
..................................................................


WIND (MPH)
  HIGHEST WIND SPEED    15   HIGHEST WIND DIRECTION    SW (220)
  HIGHEST GUST SPEED    17   HIGHEST GUST DIRECTION    SE (120)
  AVERAGE WIND SPEED     8.5


SKY COVER **
  POSSIBLE SUNSHINE  MM
  AVERAGE SKY COVER 0.4


WEATHER CONDITIONS
 THE FOLLOWING WEATHER WAS RECORDED YESTERDAY.
  HAZE


RELATIVE HUMIDITY (PERCENT)
 HIGHEST    50           900 PM
 LOWEST     10           100 PM
 AVERAGE    30

..........................................................


THE DENVER CO CLIMATE NORMALS FOR TODAY
                         NORMAL    RECORD    YEAR
 MAXIMUM TEMPERATURE (F)   62        80      2007
                                             1959
 MINIMUM TEMPERATURE (F)   33         1      1873


SUNRISE AND SUNSET
OCTOBER 25 2014.......SUNRISE   720 AM MDT   SUNSET   607 PM MDT
OCTOBER 26 2014.......SUNRISE   721 AM MDT   SUNSET   605 PM MDT


-  INDICATES NEGATIVE NUMBERS.
R  INDICATES RECORD WAS SET OR TIED.
MM INDICATES DATA IS MISSING.
T  INDICATES TRACE AMOUNT.

&&

** SUNSHINE DATA WILL NO LONGER BE AVAILABLE EFFECTIVE OCTOBER 1ST 2009.




$$
