000
CDUS45 KBOU 090010
CLIDEN


CLIMATE REPORT
NATIONAL WEATHER SERVICE DENVER/BOULDER CO
510 PM MST MON FEB 8 2016


...................................

...THE DENVER CO CLIMATE SUMMARY FOR FEBRUARY 8 2016...
VALID TODAY AS OF 0400 PM LOCAL TIME.

CLIMATE NORMAL PERIOD 1981 TO 2010
CLIMATE RECORD PERIOD 1872 TO 2016


WEATHER ITEM   OBSERVED TIME   RECORD YEAR NORMAL DEPARTURE LAST
                VALUE   (LST)  VALUE       VALUE  FROM      YEAR
                                                  NORMAL
..................................................................
TEMPERATURE (F)
 TODAY
  MAXIMUM         42    342 PM  75    1954  45     -3       67
  MINIMUM         15    649 AM -25    1936  18     -3       33
  AVERAGE         29                        31     -2       50

PRECIPITATION (IN)
  TODAY            0.00          0.55 1942   0.01  -0.01     0.00
  MONTH TO DATE    0.48                      0.10   0.38     0.17
  SINCE DEC 1      1.69                      0.86   0.83     1.14
  SINCE JAN 1      0.98                      0.51   0.47     0.55

DEGREE DAYS
 HEATING
  TODAY           36                        34      2       15
  MONTH TO DATE  328                       272     56      174
  SINCE DEC 1   2446                      2421     25     2169
  SINCE JUL 1   3536                      3803   -267     3423

 COOLING
  TODAY            0                         0      0        0
  MONTH TO DATE    0                         0      0        0
  SINCE DEC 1      0                         0      0        0
  SINCE JAN 1      0                         0      0        0
..................................................................


WIND (MPH)
  HIGHEST WIND SPEED    17   HIGHEST WIND DIRECTION     S (170)
  HIGHEST GUST SPEED    19   HIGHEST GUST DIRECTION     S (160)
  AVERAGE WIND SPEED     8.1


SKY COVER **
  POSSIBLE SUNSHINE  MM
  AVERAGE SKY COVER 0.7


WEATHER CONDITIONS
 THE FOLLOWING WEATHER WAS RECORDED TODAY.
  NO SIGNIFICANT WEATHER WAS OBSERVED.


RELATIVE HUMIDITY (PERCENT)
 HIGHEST    74          1200 AM
 LOWEST     46           300 PM
 AVERAGE    60

..........................................................


THE DENVER CO CLIMATE NORMALS FOR TOMORROW
                         NORMAL    RECORD    YEAR
 MAXIMUM TEMPERATURE (F)   45        73      1954
 MINIMUM TEMPERATURE (F)   18       -15      2001


SUNRISE AND SUNSET
FEBRUARY  8 2016......SUNRISE   700 AM MST   SUNSET   525 PM MST
FEBRUARY  9 2016......SUNRISE   659 AM MST   SUNSET   527 PM MST


-  INDICATES NEGATIVE NUMBERS.
R  INDICATES RECORD WAS SET OR TIED.
MM INDICATES DATA IS MISSING.
T  INDICATES TRACE AMOUNT.




$$
