000
CDUS45 KBOU 190756
CLIDEN


CLIMATE REPORT
NATIONAL WEATHER SERVICE DENVER CO
156 AM MDT FRI SEP 19 2014


...................................

...THE DENVER CO CLIMATE SUMMARY FOR SEPTEMBER 18 2014...

CLIMATE NORMAL PERIOD 1981 TO 2010
CLIMATE RECORD PERIOD 1872 TO 2014


WEATHER ITEM   OBSERVED TIME   RECORD YEAR NORMAL DEPARTURE LAST
                VALUE   (LST)  VALUE       VALUE  FROM      YEAR
                                                  NORMAL
..................................................................
TEMPERATURE (F)
 YESTERDAY
  MAXIMUM         90    315 PM  93    1895  78     12       84
  MINIMUM         58    549 AM  23    1971  47     11       60
  AVERAGE         74                        62     12       72

PRECIPITATION (IN)
  YESTERDAY        0.00          1.22 1996   0.03  -0.03      T
  MONTH TO DATE    0.65                      0.59   0.06     4.65
  SINCE SEP 1      0.65                      0.59   0.06     4.65
  SINCE JAN 1     15.76                     11.95   3.81    15.40

SNOWFALL (IN)
  YESTERDAY        0.0
  MONTH TO DATE      T
  SINCE SEP 1        T
  SINCE JUL 1        T
  SNOW DEPTH       0


DEGREE DAYS
 HEATING
  YESTERDAY        0                         4     -4        0
  MONTH TO DATE   70                        45     25       10
  SINCE SEP 1     70                        45     25       10
  SINCE JUL 1     77                        61     16       10

 COOLING
  YESTERDAY        9                         2      7        7
  MONTH TO DATE   47                        62    -15      127
  SINCE SEP 1     47                        62    -15      127
  SINCE JAN 1    660                       750    -90      993
..................................................................


WIND (MPH)
  HIGHEST WIND SPEED    23   HIGHEST WIND DIRECTION     S (200)
  HIGHEST GUST SPEED    28   HIGHEST GUST DIRECTION     S (200)
  AVERAGE WIND SPEED    11.1


SKY COVER **
  POSSIBLE SUNSHINE  MM
  AVERAGE SKY COVER 0.2


WEATHER CONDITIONS
 THE FOLLOWING WEATHER WAS RECORDED YESTERDAY.
  NO SIGNIFICANT WEATHER WAS OBSERVED.


RELATIVE HUMIDITY (PERCENT)
 HIGHEST    55          1200 AM
 LOWEST     14           300 PM
 AVERAGE    35

..........................................................


THE DENVER CO CLIMATE NORMALS FOR TODAY
                         NORMAL    RECORD    YEAR
 MAXIMUM TEMPERATURE (F)   77        96      2010
 MINIMUM TEMPERATURE (F)   47        20      1971


SUNRISE AND SUNSET
SEPTEMBER 19 2014.....SUNRISE   643 AM MDT   SUNSET   702 PM MDT
SEPTEMBER 20 2014.....SUNRISE   644 AM MDT   SUNSET   701 PM MDT


-  INDICATES NEGATIVE NUMBERS.
R  INDICATES RECORD WAS SET OR TIED.
MM INDICATES DATA IS MISSING.
T  INDICATES TRACE AMOUNT.

&&

** SUNSHINE DATA WILL NO LONGER BE AVAILABLE EFFECTIVE OCTOBER 1ST 2009.




$$
