000
CDUS45 KBOU 272332
CLIDEN


CLIMATE REPORT
NATIONAL WEATHER SERVICE DENVER/BOULDER CO
531 PM MDT FRI MAY 27 2016


...................................

...THE DENVER CO CLIMATE SUMMARY FOR MAY 27 2016...
VALID TODAY AS OF 0500 PM LOCAL TIME.

CLIMATE NORMAL PERIOD 1981 TO 2010
CLIMATE RECORD PERIOD 1872 TO 2016


WEATHER ITEM   OBSERVED TIME   RECORD YEAR NORMAL DEPARTURE LAST
                VALUE   (LST)  VALUE       VALUE  FROM      YEAR
                                                  NORMAL
..................................................................
TEMPERATURE (F)
 TODAY
  MAXIMUM         58    340 PM  93    2006  76    -18       76
  MINIMUM         45   1250 AM  34    1950  46     -1       50
  AVERAGE         52                        61     -9       63

PRECIPITATION (IN)
  TODAY            0.23          1.41 1897   0.07   0.16      T
  MONTH TO DATE    2.32                      1.81   0.51     3.72
  SINCE MAR 1      6.06                      4.44   1.62     7.16
  SINCE JAN 1      7.04                      5.22   1.82     8.79

DEGREE DAYS
 HEATING
  TODAY           13                         5      8        2
  MONTH TO DATE  303                       245     58      347
  SINCE MAR 1   1545                      1537      8     1439
  SINCE JUL 1   5533                      5976   -443     5552

 COOLING
  TODAY            0                         1     -1        0
  MONTH TO DATE    3                        12     -9        0
  SINCE MAR 1      3                        13    -10        0
  SINCE JAN 1      3                        13    -10        0
..................................................................


WIND (MPH)
  HIGHEST WIND SPEED    25   HIGHEST WIND DIRECTION    NE (30)
  HIGHEST GUST SPEED    34   HIGHEST GUST DIRECTION     N (10)
  AVERAGE WIND SPEED    11.3


SKY COVER **
  POSSIBLE SUNSHINE  MM
  AVERAGE SKY COVER 0.9


WEATHER CONDITIONS
 THE FOLLOWING WEATHER WAS RECORDED TODAY.
  THUNDERSTORM
  RAIN
  LIGHT RAIN
  HAIL
  FOG


RELATIVE HUMIDITY (PERCENT)
 HIGHEST    93           300 AM
 LOWEST     57           300 PM
 AVERAGE    75

..........................................................


THE DENVER CO CLIMATE NORMALS FOR TOMORROW
                         NORMAL    RECORD    YEAR
 MAXIMUM TEMPERATURE (F)   76        93      1974
 MINIMUM TEMPERATURE (F)   47        32      1947


SUNRISE AND SUNSET
MAY 27 2016...........SUNRISE   534 AM MDT   SUNSET   818 PM MDT
MAY 28 2016...........SUNRISE   533 AM MDT   SUNSET   819 PM MDT


-  INDICATES NEGATIVE NUMBERS.
R  INDICATES RECORD WAS SET OR TIED.
MM INDICATES DATA IS MISSING.
T  INDICATES TRACE AMOUNT.




$$
