000
CDUS45 KBOU 310757
CLIDEN


CLIMATE REPORT
NATIONAL WEATHER SERVICE DENVER CO
1256 AM MST SAT JAN 31 2015


...................................

...THE DENVER CO CLIMATE SUMMARY FOR JANUARY 30 2015...

CLIMATE NORMAL PERIOD 1981 TO 2010
CLIMATE RECORD PERIOD 1872 TO 2015


WEATHER ITEM   OBSERVED TIME   RECORD YEAR NORMAL DEPARTURE LAST
                VALUE   (LST)  VALUE       VALUE  FROM      YEAR
                                                  NORMAL
..................................................................
TEMPERATURE (F)
 YESTERDAY
  MAXIMUM         47    318 PM  71    1888  44      3       49
  MINIMUM         30    645 AM -10    1985  17     13       29
                                      1872
  AVERAGE         39                        31      8       39

PRECIPITATION (IN)
  YESTERDAY        0.00          0.41 1883   0.02  -0.02     0.22
  MONTH TO DATE    0.30                      0.40  -0.10     0.89
  SINCE DEC 1      0.89                      0.75   0.14     1.14
  SINCE JAN 1      0.30                      0.40  -0.10     0.89

SNOWFALL (IN)
  YESTERDAY        0.0
  MONTH TO DATE    6.9
  SINCE DEC 1     18.9
  SINCE JUL 1     22.9
  SNOW DEPTH       0


DEGREE DAYS
 HEATING
  YESTERDAY       26                        34     -8       26
  MONTH TO DATE  927                      1025    -98     1004
  SINCE DEC 1   1964                      2111   -147     2132
  SINCE JUL 1   3218                      3493   -275     3455

 COOLING
  YESTERDAY        0                         0      0        0
  MONTH TO DATE    0                         0      0        0
  SINCE DEC 1      0                         0      0        0
  SINCE JAN 1      0                         0      0        0
..................................................................


WIND (MPH)
  HIGHEST WIND SPEED    17   HIGHEST WIND DIRECTION     S (190)
  HIGHEST GUST SPEED    20   HIGHEST GUST DIRECTION     S (180)
  AVERAGE WIND SPEED     6.0


SKY COVER **
  POSSIBLE SUNSHINE  MM
  AVERAGE SKY COVER 0.9


WEATHER CONDITIONS
 THE FOLLOWING WEATHER WAS RECORDED YESTERDAY.
  NO SIGNIFICANT WEATHER WAS OBSERVED.


RELATIVE HUMIDITY (PERCENT)
 HIGHEST    78           500 AM
 LOWEST     45           200 PM
 AVERAGE    62

..........................................................


THE DENVER CO CLIMATE NORMALS FOR TODAY
                         NORMAL    RECORD    YEAR
 MAXIMUM TEMPERATURE (F)   44        70      1954
 MINIMUM TEMPERATURE (F)   17       -24      1951


SUNRISE AND SUNSET
JANUARY 31 2015.......SUNRISE   708 AM MST   SUNSET   516 PM MST
FEBRUARY  1 2015......SUNRISE   707 AM MST   SUNSET   517 PM MST


-  INDICATES NEGATIVE NUMBERS.
R  INDICATES RECORD WAS SET OR TIED.
MM INDICATES DATA IS MISSING.
T  INDICATES TRACE AMOUNT.

&&

** SUNSHINE DATA WILL NO LONGER BE AVAILABLE EFFECTIVE OCTOBER 1ST 2009.




$$
