000
CDUS44 KSHV 240738
CLIDEQ


CLIMATE REPORT
NATIONAL WEATHER SERVICE SHREVEPORT, LA
237 AM CDT WED MAY 24 2017


...................................

...THE DE QUEEN CLIMATE SUMMARY FOR MAY 23 2017...

CLIMATE NORMAL PERIOD 1981 TO 2010
CLIMATE RECORD PERIOD 1902 TO 2017


WEATHER ITEM   OBSERVED TIME   RECORD YEAR NORMAL DEPARTURE LAST
                VALUE   (LST)  VALUE       VALUE  FROM      YEAR
                                                  NORMAL
..................................................................
TEMPERATURE (F)
 YESTERDAY
  MAXIMUM         77    143 PM  92    1958  82     -5       81
  MINIMUM         56   1159 PM  43    1963  61     -5       60
  AVERAGE         67                        72     -5       71

PRECIPITATION (IN)
  YESTERDAY        0.01          2.77 1957   0.16  -0.15     0.16
  MONTH TO DATE    2.59                      4.52  -1.93     1.27
  SINCE DEC 1     21.84                     24.45  -2.61    28.75
  SINCE JAN 1     19.13                     20.09  -0.96    18.47

SNOWFALL (IN)
  YESTERDAY        0.0
  MONTH TO DATE    0.0
  SINCE MAR 1      0.0
  SINCE JUL 1      0.3
  SNOW DEPTH       0

DEGREE DAYS
 HEATING
  YESTERDAY        0                         0      0        0
  MONTH TO DATE   19                        21     -2       27
  SINCE MAR 1    327                       551   -224      370
  SINCE JUL 1   2096                      3042   -946     2322

 COOLING
  YESTERDAY        2                         7     -5        6
  MONTH TO DATE  103                       107     -4       65
  SINCE MAR 1    200                       152     48      115
  SINCE JAN 1    210                       154     56      115
..................................................................


WIND (MPH)
  HIGHEST WIND SPEED    14   HIGHEST WIND DIRECTION    NW (330)
  HIGHEST GUST SPEED    20   HIGHEST GUST DIRECTION     N (340)
  AVERAGE WIND SPEED     5.3


SKY COVER
  POSSIBLE SUNSHINE  MM
  AVERAGE SKY COVER 0.6


WEATHER CONDITIONS
 THE FOLLOWING WEATHER WAS RECORDED YESTERDAY.
  LIGHT RAIN
  FOG


RELATIVE HUMIDITY (PERCENT)
 HIGHEST   100           200 AM
 LOWEST     54           300 PM
 AVERAGE    77

..........................................................


THE DE QUEEN CLIMATE NORMALS FOR TODAY
                         NORMAL    RECORD    YEAR
 MAXIMUM TEMPERATURE (F)   83        94      1958
 MINIMUM TEMPERATURE (F)   61        48      1940


SUNRISE AND SUNSET
MAY 24 2017...........SUNRISE   610 AM CDT   SUNSET   819 PM CDT
MAY 25 2017...........SUNRISE   610 AM CDT   SUNSET   820 PM CDT


-  INDICATES NEGATIVE NUMBERS.
R  INDICATES RECORD WAS SET OR TIED.
MM INDICATES DATA IS MISSING.
T  INDICATES TRACE AMOUNT.




$$
