000
CDUS44 KSHV 250850
CLIDEQ


CLIMATE REPORT
NATIONAL WEATHER SERVICE SHREVEPORT, LA
242 AM CST THU DEC 25 2014


...................................

...THE DE QUEEN CLIMATE SUMMARY FOR DECEMBER 24 2014...

CLIMATE NORMAL PERIOD 1981 TO 2010
CLIMATE RECORD PERIOD 1902 TO 2014


WEATHER ITEM   OBSERVED TIME   RECORD YEAR NORMAL DEPARTURE LAST
                VALUE   (LST)  VALUE       VALUE  FROM      YEAR
                                                  NORMAL
..................................................................
TEMPERATURE (F)
 YESTERDAY
  MAXIMUM         46    240 PM  82    1955  54     -8       45
  MINIMUM         28   1159 PM  -2    1989  30     -2       22
  AVERAGE         37                        42     -5       34

PRECIPITATION (IN)
  YESTERDAY       MM             2.31 1997   0.17  MM        0.00
  MONTH TO DATE    1.65                      3.16  -1.51     1.93
  SINCE DEC 1      1.65                      3.16  -1.51     1.93
  SINCE JAN 1     42.39                     47.79  -5.40    34.72

SNOWFALL (IN)
  YESTERDAY        0.0
  MONTH TO DATE    0.0
  SINCE DEC 1      0.0
  SINCE JUL 1      0.5
  SNOW DEPTH       0

DEGREE DAYS
 HEATING
  YESTERDAY       28                        23      5       31
  MONTH TO DATE  427                       521    -94      521
  SINCE DEC 1    427                       521    -94      521
  SINCE JUL 1   1049                      1047      2     1134

 COOLING
  YESTERDAY        0                         0      0        0
  MONTH TO DATE    0                         0      0        3
  SINCE DEC 1      0                         0      0        3
  SINCE JAN 1   1712                      1941   -229     2032
..................................................................


WIND (MPH)
  HIGHEST WIND SPEED    17   HIGHEST WIND DIRECTION    NW (300)
  HIGHEST GUST SPEED    25   HIGHEST GUST DIRECTION    NW (320)
  AVERAGE WIND SPEED     6.6


SKY COVER
  POSSIBLE SUNSHINE  MM
  AVERAGE SKY COVER 0.8


WEATHER CONDITIONS
 THE FOLLOWING WEATHER WAS RECORDED YESTERDAY.
  FOG
  FOG W/VISIBILITY <= 1/4 MILE


RELATIVE HUMIDITY (PERCENT)
 HIGHEST    92           700 AM
 LOWEST     62           200 PM
 AVERAGE    77

..........................................................


THE DE QUEEN CLIMATE NORMALS FOR TODAY
                         NORMAL    RECORD    YEAR
 MAXIMUM TEMPERATURE (F)   54        78      1955
 MINIMUM TEMPERATURE (F)   30         2      1983


SUNRISE AND SUNSET
DECEMBER 25 2014......SUNRISE   721 AM CST   SUNSET   515 PM CST
DECEMBER 26 2014......SUNRISE   721 AM CST   SUNSET   515 PM CST


-  INDICATES NEGATIVE NUMBERS.
R  INDICATES RECORD WAS SET OR TIED.
MM INDICATES DATA IS MISSING.
T  INDICATES TRACE AMOUNT.




$$
