000
CDUS44 KSHV 082339
CLIDEQ


CLIMATE REPORT
NATIONAL WEATHER SERVICE SHREVEPORT, LA
538 PM CST MON FEB 8 2016


...................................

...THE DE QUEEN CLIMATE SUMMARY FOR FEBRUARY 8 2016...
VALID TODAY AS OF 0500 PM LOCAL TIME.

CLIMATE NORMAL PERIOD 1981 TO 2010
CLIMATE RECORD PERIOD 1902 TO 2016


WEATHER ITEM   OBSERVED TIME   RECORD YEAR NORMAL DEPARTURE LAST
                VALUE   (LST)  VALUE       VALUE  FROM      YEAR
                                                  NORMAL
..................................................................
TEMPERATURE (F)
 TODAY
  MAXIMUM         52    356 PM  75    1957  57     -5       68
  MINIMUM         41    743 AM  12    1947  30     11       37
  AVERAGE         47                        43      4       53

PRECIPITATION (IN)
  TODAY            0.00          1.98 2010   0.14  -0.14     0.00
  MONTH TO DATE    0.10                      1.24  -1.14     0.46
  SINCE DEC 1     11.25                      8.92   2.33     7.26
  SINCE JAN 1      0.97                      4.56  -3.59     5.54

SNOWFALL (IN)
  TODAY            0.0
  MONTH TO DATE    0.0
  SINCE DEC 1      0.0
  SINCE JUL 1      0.0
  SNOW DEPTH       0

DEGREE DAYS
 HEATING
  TODAY           18                        22     -4       12
  MONTH TO DATE  159                       179    -20      173
  SINCE DEC 1   1293                      1589   -296     1509
  SINCE JUL 1   1634                      2115   -481     2131

 COOLING
  TODAY            0                         0      0        0
  MONTH TO DATE    0                         0      0        0
  SINCE DEC 1      3                         1      2        0
  SINCE JAN 1      0                         1     -1        0
..................................................................


WIND (MPH)
  HIGHEST WIND SPEED    28   HIGHEST WIND DIRECTION    NW (300)
  HIGHEST GUST SPEED    40   HIGHEST GUST DIRECTION     W (290)
  AVERAGE WIND SPEED    15.2


SKY COVER
  POSSIBLE SUNSHINE  MM
  AVERAGE SKY COVER 0.0


WEATHER CONDITIONS
 THE FOLLOWING WEATHER WAS RECORDED TODAY.
  NO SIGNIFICANT WEATHER WAS OBSERVED.


RELATIVE HUMIDITY (PERCENT)
 HIGHEST    62          1200 AM
 LOWEST     24           300 PM
 AVERAGE    43

..........................................................


THE DE QUEEN CLIMATE NORMALS FOR TOMORROW
                         NORMAL    RECORD    YEAR
 MAXIMUM TEMPERATURE (F)   57        85      1957
 MINIMUM TEMPERATURE (F)   31         8      1979


SUNRISE AND SUNSET
FEBRUARY  8 2016......SUNRISE   709 AM CST   SUNSET   554 PM CST
FEBRUARY  9 2016......SUNRISE   709 AM CST   SUNSET   555 PM CST


-  INDICATES NEGATIVE NUMBERS.
R  INDICATES RECORD WAS SET OR TIED.
MM INDICATES DATA IS MISSING.
T  INDICATES TRACE AMOUNT.




$$
