000
CDUS44 KSHV 312154
CLIDEQ


CLIMATE REPORT
NATIONAL WEATHER SERVICE SHREVEPORT, LA
453 PM CDT MON AUG 31 2015


...................................

...THE DE QUEEN CLIMATE SUMMARY FOR AUGUST 31 2015...
VALID TODAY AS OF 0400 PM LOCAL TIME.

CLIMATE NORMAL PERIOD 1981 TO 2010
CLIMATE RECORD PERIOD 1902 TO 2015


WEATHER ITEM   OBSERVED TIME   RECORD YEAR NORMAL DEPARTURE LAST
                VALUE   (LST)  VALUE       VALUE  FROM      YEAR
                                                  NORMAL
..................................................................
TEMPERATURE (F)
 TODAY
  MAXIMUM         93    259 PM 107    2000  92      1       91
  MINIMUM         66    555 AM  53    1988  67     -1       71
  AVERAGE         80                        79      1       81

PRECIPITATION (IN)
  TODAY            0.00          2.48 1959   0.08  -0.08     0.00
  MONTH TO DATE    0.83                      2.17  -1.34     1.53
  SINCE DEC 1     38.36                     35.95   2.41    28.28
  SINCE JAN 1     36.64                     31.59   5.05    26.35

DEGREE DAYS
 HEATING
  TODAY            0                         0      0        0
  MONTH TO DATE    0                         0      0        0
  SINCE JUN 1      0                         0      0        0
  SINCE JUL 1      0                         0      0        0

 COOLING
  TODAY           15                        14      1       16
  MONTH TO DATE  482                       500    -18      444
  SINCE JUN 1   1459                      1375     84     1123
  SINCE JAN 1   1693                      1592    101     1330
..................................................................


WIND (MPH)
  HIGHEST WIND SPEED    13   HIGHEST WIND DIRECTION     S (170)
  HIGHEST GUST SPEED    17   HIGHEST GUST DIRECTION     S (170)
  AVERAGE WIND SPEED     3.0


SKY COVER
  POSSIBLE SUNSHINE  MM
  AVERAGE SKY COVER 0.1


WEATHER CONDITIONS
 THE FOLLOWING WEATHER WAS RECORDED TODAY.
  FOG
  FOG W/VISIBILITY <= 1/4 MILE
  HAZE


RELATIVE HUMIDITY (PERCENT)
 HIGHEST   100           400 AM
 LOWEST     41           100 PM
 AVERAGE    71

..........................................................


THE DE QUEEN CLIMATE NORMALS FOR TOMORROW
                         NORMAL    RECORD    YEAR
 MAXIMUM TEMPERATURE (F)   92       108      2000
 MINIMUM TEMPERATURE (F)   66        52      1967


SUNRISE AND SUNSET
AUGUST 31 2015........SUNRISE   650 AM CDT   SUNSET   745 PM CDT
SEPTEMBER  1 2015.....SUNRISE   651 AM CDT   SUNSET   744 PM CDT


-  INDICATES NEGATIVE NUMBERS.
R  INDICATES RECORD WAS SET OR TIED.
MM INDICATES DATA IS MISSING.
T  INDICATES TRACE AMOUNT.




$$
