000
CDUS44 KSHV 020737
CLIDEQ


CLIMATE REPORT
NATIONAL WEATHER SERVICE SHREVEPORT, LA
236 AM CDT SUN AUG 2 2015


...................................

...THE DE QUEEN CLIMATE SUMMARY FOR AUGUST 1 2015...

CLIMATE NORMAL PERIOD 1981 TO 2010
CLIMATE RECORD PERIOD 1902 TO 2015


WEATHER ITEM   OBSERVED TIME   RECORD YEAR NORMAL DEPARTURE LAST
                VALUE   (LST)  VALUE       VALUE  FROM      YEAR
                                                  NORMAL
..................................................................
TEMPERATURE (F)
 YESTERDAY
  MAXIMUM         95    400 PM 108    2011  93      2       77
                                      1986
  MINIMUM         64    520 AM  57    1971  70     -6       65
  AVERAGE         80                        81     -1       71

PRECIPITATION (IN)
  YESTERDAY        0.00          2.47 2009   0.07  -0.07     0.03
  MONTH TO DATE    0.00                      0.07  -0.07     0.03
  SINCE DEC 1     37.53                     33.85   3.68    26.78
  SINCE JAN 1     35.81                     29.49   6.32    24.85

SNOWFALL (IN)
  YESTERDAY        0.0
  MONTH TO DATE    0.0
  SINCE JUN 1      0.0
  SINCE JUL 1      0.0
  SNOW DEPTH       0

DEGREE DAYS
 HEATING
  YESTERDAY        0                         0      0        0
  MONTH TO DATE    0                         0      0        0
  SINCE JUN 1      0                         0      0        0
  SINCE JUL 1      0                         0      0        0

 COOLING
  YESTERDAY       15                        16     -1        6
  MONTH TO DATE   15                        16     -1        6
  SINCE JUN 1    992                       891    101      685
  SINCE JAN 1   1226                      1108    118      892
..................................................................


WIND (MPH)
  HIGHEST WIND SPEED     9   HIGHEST WIND DIRECTION    SE (120)
  HIGHEST GUST SPEED    14   HIGHEST GUST DIRECTION     S (160)
  AVERAGE WIND SPEED     2.8


SKY COVER
  POSSIBLE SUNSHINE  MM
  AVERAGE SKY COVER 0.0


WEATHER CONDITIONS
 THE FOLLOWING WEATHER WAS RECORDED YESTERDAY.
  FOG
  FOG W/VISIBILITY <= 1/4 MILE


RELATIVE HUMIDITY (PERCENT)
 HIGHEST   100          1200 AM
 LOWEST     32           200 PM
 AVERAGE    66

..........................................................


THE DE QUEEN CLIMATE NORMALS FOR TODAY
                         NORMAL    RECORD    YEAR
 MAXIMUM TEMPERATURE (F)   93       110      2011
 MINIMUM TEMPERATURE (F)   70        58      1965


SUNRISE AND SUNSET
AUGUST  2 2015........SUNRISE   630 AM CDT   SUNSET   818 PM CDT
AUGUST  3 2015........SUNRISE   630 AM CDT   SUNSET   817 PM CDT


-  INDICATES NEGATIVE NUMBERS.
R  INDICATES RECORD WAS SET OR TIED.
MM INDICATES DATA IS MISSING.
T  INDICATES TRACE AMOUNT.




$$
