576
CDUS44 KSHV 240734
CLIDEQ


CLIMATE REPORT
NATIONAL WEATHER SERVICE SHREVEPORT, LA
234 AM CDT MON APR 24 2017


...................................

...THE DE QUEEN CLIMATE SUMMARY FOR APRIL 23 2017...

CLIMATE NORMAL PERIOD 1981 TO 2010
CLIMATE RECORD PERIOD 1902 TO 2017


WEATHER ITEM   OBSERVED TIME   RECORD YEAR NORMAL DEPARTURE LAST
                VALUE   (LST)  VALUE       VALUE  FROM      YEAR
                                                  NORMAL
..................................................................
TEMPERATURE (F)
 YESTERDAY
  MAXIMUM         73    455 PM  89    2009  76     -3       82
                                      1976
  MINIMUM         44    541 AM  35    1993  51     -7       49
  AVERAGE         59                        63     -4       66

PRECIPITATION (IN)
  YESTERDAY        0.00          2.95 1964   0.14  -0.14     0.00
  MONTH TO DATE    6.58                      2.73   3.85     4.23
  SINCE DEC 1     17.36                     18.73  -1.37    21.07
  SINCE JAN 1     14.65                     14.37   0.28    10.79

SNOWFALL (IN)
  YESTERDAY        0.0
  MONTH TO DATE    0.0
  SINCE MAR 1      0.0
  SINCE JUL 1      0.3
  SNOW DEPTH       0

DEGREE DAYS
 HEATING
  YESTERDAY        6                         3      3        0
  MONTH TO DATE   51                       135    -84       89
  SINCE MAR 1    284                       512   -228      343
  SINCE JUL 1   2053                      3003   -950     2295

 COOLING
  YESTERDAY        0                         2     -2        1
  MONTH TO DATE   54                        24     30        8
  SINCE MAR 1     81                        33     48       16
  SINCE JAN 1     91                        35     56       16
..................................................................


WIND (MPH)
  HIGHEST WIND SPEED    13   HIGHEST WIND DIRECTION    NE (40)
  HIGHEST GUST SPEED    17   HIGHEST GUST DIRECTION     N (350)
  AVERAGE WIND SPEED     4.3


SKY COVER
  POSSIBLE SUNSHINE  MM
  AVERAGE SKY COVER 0.1


WEATHER CONDITIONS
 THE FOLLOWING WEATHER WAS RECORDED YESTERDAY.
  FOG


RELATIVE HUMIDITY (PERCENT)
 HIGHEST   100           600 AM
 LOWEST     29           300 PM
 AVERAGE    65

..........................................................


THE DE QUEEN CLIMATE NORMALS FOR TODAY
                         NORMAL    RECORD    YEAR
 MAXIMUM TEMPERATURE (F)   76        88      1987
 MINIMUM TEMPERATURE (F)   51        35      2005


SUNRISE AND SUNSET
APRIL 24 2017.........SUNRISE   636 AM CDT   SUNSET   756 PM CDT
APRIL 25 2017.........SUNRISE   634 AM CDT   SUNSET   757 PM CDT


-  INDICATES NEGATIVE NUMBERS.
R  INDICATES RECORD WAS SET OR TIED.
MM INDICATES DATA IS MISSING.
T  INDICATES TRACE AMOUNT.




$$
