000
CDUS44 KSHV 170836
CLIDEQ


CLIMATE REPORT
NATIONAL WEATHER SERVICE SHREVEPORT, LA
335 AM CDT WED SEP 17 2014


...................................

...THE DE QUEEN CLIMATE SUMMARY FOR SEPTEMBER 16 2014...

CLIMATE NORMAL PERIOD 1981 TO 2010
CLIMATE RECORD PERIOD 1902 TO 2014


WEATHER ITEM   OBSERVED TIME   RECORD YEAR NORMAL DEPARTURE LAST
                VALUE   (LST)  VALUE       VALUE  FROM      YEAR
                                                  NORMAL
..................................................................
TEMPERATURE (F)
 YESTERDAY
  MAXIMUM         88    325 PM 105    1980  86      2       97
  MINIMUM         68    609 AM  42    1961  61      7       62
  AVERAGE         78                        74      4       80

PRECIPITATION (IN)
  YESTERDAY        0.00          2.82 1950   0.13  -0.13     0.00
  MONTH TO DATE    6.96                      1.97   4.99     0.56
  SINCE DEC 1     35.24                     37.92  -2.68    24.91
  SINCE JAN 1     33.31                     33.56  -0.25    20.86

SNOWFALL (IN)
  YESTERDAY        0.0
  MONTH TO DATE    0.0
  SINCE SEP 1      0.0
  SINCE JUL 1      0.0
  SNOW DEPTH       0

DEGREE DAYS
 HEATING
  YESTERDAY        0                         0      0        0
  MONTH TO DATE    1                         0      1        0
  SINCE SEP 1      1                         0      1        0
  SINCE JUL 1      1                         0      1        0

 COOLING
  YESTERDAY       13                         9      4       15
  MONTH TO DATE  198                       187     11      248
  SINCE SEP 1    198                       187     11      248
  SINCE JAN 1   1528                      1779   -251     1811
..................................................................


WIND (MPH)
  HIGHEST WIND SPEED     7   HIGHEST WIND DIRECTION    SW (210)
  HIGHEST GUST SPEED    10   HIGHEST GUST DIRECTION    SW (220)
  AVERAGE WIND SPEED     0.8


SKY COVER
  POSSIBLE SUNSHINE  MM
  AVERAGE SKY COVER 0.1


WEATHER CONDITIONS
 THE FOLLOWING WEATHER WAS RECORDED YESTERDAY.
  FOG


RELATIVE HUMIDITY (PERCENT)
 HIGHEST   100          1200 AM
 LOWEST     55           100 PM
 AVERAGE    78

..........................................................


THE DE QUEEN CLIMATE NORMALS FOR TODAY
                         NORMAL    RECORD    YEAR
 MAXIMUM TEMPERATURE (F)   86       102      1980
 MINIMUM TEMPERATURE (F)   61        43      1903


SUNRISE AND SUNSET
SEPTEMBER 17 2014.....SUNRISE   702 AM CDT   SUNSET   721 PM CDT
SEPTEMBER 18 2014.....SUNRISE   703 AM CDT   SUNSET   720 PM CDT


-  INDICATES NEGATIVE NUMBERS.
R  INDICATES RECORD WAS SET OR TIED.
MM INDICATES DATA IS MISSING.
T  INDICATES TRACE AMOUNT.




$$
