000
CDUS46 KOTX 100836
CLIDEW


CLIMATE REPORT
NATIONAL WEATHER SERVICE SPOKANE, WA
1236 AM PST SAT DEC 10 2016


...................................

...THE DEER_PARK WA AIRPORT CLIMATE SUMMARY FOR DECEMBER 9 2016...

CLIMATE NORMAL PERIOD 1981 TO 2010
CLIMATE RECORD PERIOD 9999 TO 9999


WEATHER ITEM   OBSERVED TIME   RECORD YEAR NORMAL DEPARTURE LAST
                VALUE   (LST)  VALUE       VALUE  FROM      YEAR
                                                  NORMAL
..................................................................
TEMPERATURE (F)
 YESTERDAY
  MAXIMUM         21    130 PM  MM      MM  32    -11       52
  MINIMUM         17    637 AM  MM      MM  20     -3       29
  AVERAGE         19                        26     -7       41

PRECIPITATION (IN)
  YESTERDAY        0.04         MM      MM   0.10  -0.06     0.32
  MONTH TO DATE    0.22                      0.80  -0.58     3.37
  SINCE OCT 1     10.05                      5.75   4.30     6.56
  SINCE JAN 1     24.62                     20.19   4.43    17.53

SNOWFALL (IN)
  YESTERDAY       MM

DEGREE DAYS
 HEATING
  YESTERDAY       46                        39      7       24
  MONTH TO DATE  342                       341      1      257
  SINCE DEC 1    342                       341      1      257
  SINCE JUL 1   1983                      2344   -361     1928

 COOLING
  YESTERDAY        0                         0      0        0
  MONTH TO DATE    0                         0      0        0
  SINCE DEC 1      0                         0      0        0
  SINCE JAN 1    212                       187     25      391
..................................................................


WIND (MPH)
  HIGHEST WIND SPEED    18   HIGHEST WIND DIRECTION    NE (30)
  HIGHEST GUST SPEED    22   HIGHEST GUST DIRECTION    NE (30)
  AVERAGE WIND SPEED    10.9


SKY COVER
  POSSIBLE SUNSHINE  MM
  AVERAGE SKY COVER 1.0


WEATHER CONDITIONS
 THE FOLLOWING WEATHER WAS RECORDED YESTERDAY.
  LIGHT SNOW
  FOG
  HAZE


RELATIVE HUMIDITY (PERCENT)
 HIGHEST    84           900 PM
 LOWEST     43          1200 AM
 AVERAGE    64

..........................................................


THE DEER_PARK WA AIRPORT CLIMATE NORMALS FOR TODAY
                         NORMAL    RECORD    YEAR
 MAXIMUM TEMPERATURE (F)   32        MM        MM
 MINIMUM TEMPERATURE (F)   19        MM        MM


SUNRISE AND SUNSET
DECEMBER 10 2016......SUNRISE   729 AM PST   SUNSET   357 PM PST
DECEMBER 11 2016......SUNRISE   730 AM PST   SUNSET   357 PM PST


-  INDICATES NEGATIVE NUMBERS.
R  INDICATES RECORD WAS SET OR TIED.
MM INDICATES DATA IS MISSING.
T  INDICATES TRACE AMOUNT.




$$
