000
CDUS44 KFWD 070648
CLIDFW


CLIMATE REPORT
NATIONAL WEATHER SERVICE FORT WORTH TX
1244 AM CST SUN FEB 7 2016


...................................

...THE DALLAS FORT WORTH CLIMATE SUMMARY FOR FEBRUARY 6 2016...

CLIMATE NORMAL PERIOD 1981 TO 2010
CLIMATE RECORD PERIOD 1898 TO 2016


WEATHER ITEM   OBSERVED TIME   RECORD YEAR NORMAL DEPARTURE LAST
                VALUE   (LST)  VALUE       VALUE  FROM      YEAR
                                                  NORMAL
..................................................................
TEMPERATURE (F)
 YESTERDAY
  MAXIMUM         54    434 PM  83    1925  59     -5       58
  MINIMUM         35    645 AM  14    1982  37     -2       32
  AVERAGE         45                        48     -3       45

PRECIPITATION (IN)
  YESTERDAY        T             0.94 1997   0.08  -0.08     0.00
  MONTH TO DATE    T                         0.48  -0.48     0.10
  SINCE DEC 1      4.87                      5.16  -0.29     4.85
  SINCE JAN 1      1.04                      2.61  -1.57     3.72

SNOWFALL (IN)
  YESTERDAY        0.0             2.6  1961 0.0    0.0      0.0
  MONTH TO DATE    0.0                       0.2   -0.2      0.0
  SINCE DEC 1      T                         0.7   -0.7       T
  SINCE JUL 1      T                         0.7   -0.7       T
  SNOW DEPTH       0

DEGREE DAYS
 HEATING
  YESTERDAY       20                        17      3       20
  MONTH TO DATE   98                       105     -7      143
  SINCE DEC 1   1004                      1256   -252     1224
  SINCE JUL 1   1219                      1610   -391     1642

 COOLING
  YESTERDAY        0                         0      0        0
  MONTH TO DATE    0                         0      0        0
  SINCE DEC 1      9                         6      3        1
  SINCE JAN 1      0                         2     -2        0
..................................................................


WIND (MPH)
  HIGHEST WIND SPEED    20   HIGHEST WIND DIRECTION    NE (30)
  HIGHEST GUST SPEED    24   HIGHEST GUST DIRECTION     N (20)
  AVERAGE WIND SPEED     7.7


SKY COVER
  POSSIBLE SUNSHINE  MM
  AVERAGE SKY COVER 0.6


WEATHER CONDITIONS
 THE FOLLOWING WEATHER WAS RECORDED YESTERDAY.
  LIGHT RAIN


RELATIVE HUMIDITY (PERCENT)
 HIGHEST    85           700 AM
 LOWEST     34          1200 AM
 AVERAGE    60

..........................................................


THE DALLAS FORT WORTH CLIMATE NORMALS FOR TODAY
                         NORMAL    RECORD    YEAR
 MAXIMUM TEMPERATURE (F)   59        88      1932
 MINIMUM TEMPERATURE (F)   38         7      1933


SUNRISE AND SUNSET
FEBRUARY  7 2016......SUNRISE   719 AM CST   SUNSET   606 PM CST
FEBRUARY  8 2016......SUNRISE   718 AM CST   SUNSET   607 PM CST


-  INDICATES NEGATIVE NUMBERS.
R  INDICATES RECORD WAS SET OR TIED.
MM INDICATES DATA IS MISSING.
T  INDICATES TRACE AMOUNT.




$$
