000
CDUS44 KFWD 200028
CLIDFW

FTWCLIDFW
TTAA00 KFWD 200027

CLIMATE REPORT
NATIONAL WEATHER SERVICE FORT WORTH TX
626 PM CST FRI DEC 19 2014


...................................

...THE DALLAS FORT WORTH CLIMATE SUMMARY FOR DECEMBER 19 2014...
VALID TODAY AS OF 0600 PM LOCAL TIME.

CLIMATE NORMAL PERIOD 1981 TO 2010
CLIMATE RECORD PERIOD 1898 TO 2014


WEATHER ITEM   OBSERVED TIME   RECORD YEAR NORMAL DEPARTURE LAST
                VALUE   (LST)  VALUE       VALUE  FROM      YEAR
                                                  NORMAL
..................................................................
TEMPERATURE (F)
 TODAY
  MAXIMUM         49    408 PM  78    2012  56     -7       72
  MINIMUM         45    802 AM   7    1924  36      9       54
  AVERAGE         47

PRECIPITATION (IN)
  TODAY            0.13          1.56 1911   0.08   0.05     0.00
  MONTH TO DATE    0.65                      1.60  -0.95     1.26
  SINCE DEC 1      0.65                      1.60  -0.95     1.26
  SINCE JAN 1     20.84                     35.19 -14.35    27.90

SNOWFALL (IN)
  TODAY           MM             1.0  1909   0.1   MM        0.0
  MONTH TO DATE    0.0                       0.2   -0.2      2.1
  SINCE DEC 1      0.0                       0.2   -0.2      2.1
  SINCE JUL 1      T                         0.2   -0.2      2.1
  SNOW DEPTH       0

..................................................................


WIND (MPH)
  HIGHEST WIND SPEED    16   HIGHEST WIND DIRECTION     N (10)
  HIGHEST GUST SPEED    19   HIGHEST GUST DIRECTION     N (10)
  AVERAGE WIND SPEED     8.3




..........................................................


THE DALLAS FORT WORTH CLIMATE NORMALS FOR TOMORROW
                         NORMAL    RECORD    YEAR
 MAXIMUM TEMPERATURE (F)   56        79      2010
 MINIMUM TEMPERATURE (F)   36         8      1924


SUNRISE AND SUNSET
DECEMBER 19 2014......SUNRISE   726 AM CST   SUNSET   525 PM CST
DECEMBER 20 2014......SUNRISE   726 AM CST   SUNSET   525 PM CST


-  INDICATES NEGATIVE NUMBERS.
R  INDICATES RECORD WAS SET OR TIED.
MM INDICATES DATA IS MISSING.
T  INDICATES TRACE AMOUNT.




$$
