492
CDUS44 KFWD 210647
CLIDFW


CLIMATE REPORT
NATIONAL WEATHER SERVICE FORT WORTH TX
1247 AM CST WED FEB 21 2018


...................................

...THE DALLAS FORT WORTH CLIMATE SUMMARY FOR FEBRUARY 20 2018...

CLIMATE NORMAL PERIOD 1981 TO 2010
CLIMATE RECORD PERIOD 1898 TO 2018


WEATHER ITEM   OBSERVED TIME   RECORD YEAR NORMAL DEPARTURE LAST
                VALUE   (LST)  VALUE       VALUE  FROM      YEAR
                                                  NORMAL
..................................................................
TEMPERATURE (F)
 YESTERDAY
  MAXIMUM         74    253 AM  86    1980  61     13       71
  MINIMUM         39   1159 PM  19    1939  41     -2       56
  AVERAGE         57                        51      6       64

PRECIPITATION (IN)
  YESTERDAY        2.08          2.42 1945   0.09   1.99     0.51
  MONTH TO DATE    2.67                      1.84   0.83     2.02
  SINCE DEC 1      8.08                      6.52   1.56     7.01
  SINCE JAN 1      3.52                      3.97  -0.45     6.41

SNOWFALL (IN)
  YESTERDAY        0.0           1.0  1929   0.0    0.0      0.0
  MONTH TO DATE    T                         0.7   -0.7      0.0
  SINCE DEC 1      T                         1.2   -1.2      0.1
  SINCE JUL 1      T                         1.2   -1.2      0.1
  SNOW DEPTH       0

DEGREE DAYS
 HEATING
  YESTERDAY        8                        14     -6        1
  MONTH TO DATE  292                       323    -31      135
  SINCE DEC 1   1356                      1474   -118     1046
  SINCE JUL 1   1559                      1828   -269     1148

 COOLING
  YESTERDAY        0                         0      0        0
  MONTH TO DATE   17                         0     17       37
  SINCE DEC 1     32                         6     26       59
  SINCE JAN 1     20                         2     18       43
..................................................................


WIND (MPH)
  HIGHEST WIND SPEED    29   HIGHEST WIND DIRECTION    NW (310)
  HIGHEST GUST SPEED    37   HIGHEST GUST DIRECTION     S (170)
  AVERAGE WIND SPEED    17.5


SKY COVER
  POSSIBLE SUNSHINE  MM
  AVERAGE SKY COVER 1.0


WEATHER CONDITIONS
 THE FOLLOWING WEATHER WAS RECORDED YESTERDAY.
  THUNDERSTORM
  HEAVY RAIN
  RAIN
  LIGHT RAIN
  FOG


RELATIVE HUMIDITY (PERCENT)
 HIGHEST    96           800 PM
 LOWEST     73          1200 AM
 AVERAGE    85

..........................................................


THE DALLAS FORT WORTH CLIMATE NORMALS FOR TODAY
                         NORMAL    RECORD    YEAR
 MAXIMUM TEMPERATURE (F)   62        95      1996
 MINIMUM TEMPERATURE (F)   41        18      1939


SUNRISE AND SUNSET
FEBRUARY 21 2018......SUNRISE   705 AM CST   SUNSET   619 PM CST
FEBRUARY 22 2018......SUNRISE   704 AM CST   SUNSET   620 PM CST


-  INDICATES NEGATIVE NUMBERS.
R  INDICATES RECORD WAS SET OR TIED.
MM INDICATES DATA IS MISSING.
T  INDICATES TRACE AMOUNT.




$$
