000
CDUS44 KFWD 270642
CLIDFW

CLIMATE REPORT
NATIONAL WEATHER SERVICE FORT WORTH TX
1240 AM CST MON FEB 27 2017

...................................

...THE DALLAS FORT WORTH CLIMATE SUMMARY FOR FEBRUARY 26 2017...

CLIMATE NORMAL PERIOD 1981 TO 2010
CLIMATE RECORD PERIOD 1898 TO 2017


WEATHER ITEM   OBSERVED TIME   RECORD YEAR NORMAL DEPARTURE LAST
                VALUE   (LST)  VALUE       VALUE  FROM      YEAR
                                                  NORMAL
..................................................................
TEMPERATURE (F)
 YESTERDAY
  MAXIMUM         63    938 PM  90    1917  63      0       61
  MINIMUM         40    604 AM  21    1960  42     -2       32
                                      1934
  AVERAGE         52                        53     -1       47

PRECIPITATION (IN)
  YESTERDAY        0.31          2.27 1903   0.11   0.20     0.00
  MONTH TO DATE    2.33                      2.44  -0.11     2.20
  SINCE DEC 1      7.32                      7.12   0.20     7.07
  SINCE JAN 1      6.72                      4.57   2.15     3.24

SNOWFALL (IN)
  YESTERDAY       MM             T    2015   0.0   MM        0.0
                                      1982
                                      1937
  MONTH TO DATE    0.0                       0.9   -0.9      0.0
  SINCE DEC 1      0.1                       1.4   -1.3       T
  SINCE JUL 1      0.1                       1.4   -1.3       T
  SNOW DEPTH       0

DEGREE DAYS
 HEATING
  YESTERDAY       13                        13      0       18
  MONTH TO DATE  175                       403   -228      281
  SINCE DEC 1   1086                      1554   -468     1187
  SINCE JUL 1   1188                      1908   -720     1402

 COOLING
  YESTERDAY        0                         0      0        0
  MONTH TO DATE   46                         0     46       11
  SINCE DEC 1     68                         6     62       20
  SINCE JAN 1     52                         2     50       11
..................................................................


WIND (MPH)
  HIGHEST WIND SPEED    23   HIGHEST WIND DIRECTION     S (190)
  HIGHEST GUST SPEED    28   HIGHEST GUST DIRECTION     S (190)
  AVERAGE WIND SPEED    10.0


SKY COVER
  POSSIBLE SUNSHINE  MM
  AVERAGE SKY COVER 0.8


WEATHER CONDITIONS
 THE FOLLOWING WEATHER WAS RECORDED YESTERDAY.
  THUNDERSTORM
  HEAVY RAIN
  LIGHT RAIN
  FOG


RELATIVE HUMIDITY (PERCENT)
 HIGHEST    87          1000 PM
 LOWEST     47          1000 AM
 AVERAGE    67

..........................................................


THE DALLAS FORT WORTH CLIMATE NORMALS FOR TODAY
                         NORMAL    RECORD    YEAR
 MAXIMUM TEMPERATURE (F)   63        85      1918
 MINIMUM TEMPERATURE (F)   43        19      2002


SUNRISE AND SUNSET
FEBRUARY 27 2017......SUNRISE   658 AM CST   SUNSET   624 PM CST
FEBRUARY 28 2017......SUNRISE   657 AM CST   SUNSET   625 PM CST


-  INDICATES NEGATIVE NUMBERS.
R  INDICATES RECORD WAS SET OR TIED.
MM INDICATES DATA IS MISSING.
T  INDICATES TRACE AMOUNT.

$$
