000
CDUS44 KFWD 230639
CLIDFW

CLIMATE REPORT
NATIONAL WEATHER SERVICE FORT WORTH TX
138 AM CDT WED JUL 23 2014


...................................

...THE DALLAS FORT WORTH CLIMATE SUMMARY FOR JULY 22 2014...

CLIMATE NORMAL PERIOD 1981 TO 2010
CLIMATE RECORD PERIOD 1898 TO 2014


WEATHER ITEM   OBSERVED TIME   RECORD YEAR NORMAL DEPARTURE LAST
                VALUE   (LST)  VALUE       VALUE  FROM      YEAR
                                                  NORMAL
..................................................................
TEMPERATURE (F)
 YESTERDAY
  MAXIMUM         98    337 PM 106    1974  96      2       98
  MINIMUM         77    616 AM  63    1970  76      1       77
                                      1915
  AVERAGE         88                        86      2       88

PRECIPITATION (IN)
  YESTERDAY        0.00          1.94 1944   0.05  -0.05     0.00
  MONTH TO DATE    0.81                      1.68  -0.87     1.96
  SINCE JUN 1      4.07                      5.47  -1.40     4.10
  SINCE JAN 1     11.40                     21.72 -10.32    17.26

DEGREE DAYS
 HEATING
  YESTERDAY        0                         0      0        0
  MONTH TO DATE    0                         0      0        0
  SINCE JUN 1      0                         0      0        0
  SINCE JUL 1      0                         0      0        0

 COOLING
  YESTERDAY       23                        21      2       23
  MONTH TO DATE  408                       441    -33      415
  SINCE JUN 1    935                       932      3      953
  SINCE JAN 1   1411                      1354     57     1342
..................................................................


WIND (MPH)
  HIGHEST WIND SPEED    15   HIGHEST WIND DIRECTION     E (70)
  HIGHEST GUST SPEED    17   HIGHEST GUST DIRECTION     E (110)
  AVERAGE WIND SPEED     7.1


SKY COVER
  POSSIBLE SUNSHINE  MM
  AVERAGE SKY COVER 0.6


WEATHER CONDITIONS
 THE FOLLOWING WEATHER WAS RECORDED YESTERDAY.
  HAZE


RELATIVE HUMIDITY (PERCENT)
 HIGHEST    82           600 AM
 LOWEST     38           300 PM
 AVERAGE    60

..........................................................


THE DALLAS FORT WORTH CLIMATE NORMALS FOR TODAY
                         NORMAL    RECORD    YEAR
 MAXIMUM TEMPERATURE (F)   96       105      1974
 MINIMUM TEMPERATURE (F)   76        59      1970


SUNRISE AND SUNSET
JULY 23 2014..........SUNRISE   636 AM CDT   SUNSET   833 PM CDT
JULY 24 2014..........SUNRISE   636 AM CDT   SUNSET   833 PM CDT


-  INDICATES NEGATIVE NUMBERS.
R  INDICATES RECORD WAS SET OR TIED.
MM INDICATES DATA IS MISSING.
T  INDICATES TRACE AMOUNT.




$$
