000
CDUS44 KFWD 050646
CLIDFW


CLIMATE REPORT
NATIONAL WEATHER SERVICE FORT WORTH TX
1246 AM CST MON DEC 5 2016

...THE DALLAS FORT WORTH CLIMATE SUMMARY FOR DECEMBER 4 2016...

CLIMATE NORMAL PERIOD 1981 TO 2010
CLIMATE RECORD PERIOD 1898 TO 2016


WEATHER ITEM   OBSERVED TIME   RECORD YEAR NORMAL DEPARTURE LAST
                VALUE   (LST)  VALUE       VALUE  FROM      YEAR
                                                  NORMAL
..................................................................
TEMPERATURE (F)
 YESTERDAY
  MAXIMUM         53    217 PM  83    1977  60     -7       60
  MINIMUM         48   1158 PM  22    2006  39      9       39
  AVERAGE         51                        49      2       50

PRECIPITATION (IN)
  YESTERDAY        0.02          1.69 1930   0.08  -0.06     0.00
  MONTH TO DATE    0.40                      0.33   0.07     0.00
  SINCE DEC 1      0.40                      0.33   0.07     0.00
  SINCE JAN 1     35.28                     33.92   1.36    58.78

SNOWFALL (IN)
  YESTERDAY       MM             0.5  1902   0.0   MM        0.0
  MONTH TO DATE    0.0                       0.0    0.0      0.0
  SINCE DEC 1      0.0                       0.0    0.0      0.0
  SINCE JUL 1      0.0                       T      0.0      0.0
  SNOW DEPTH       0

DEGREE DAYS
 HEATING
  YESTERDAY       14                        16     -2       15
  MONTH TO DATE   50                        61    -11       68
  SINCE DEC 1     50                        61    -11       68
  SINCE JUL 1    152                       415   -263      283

 COOLING
  YESTERDAY        0                         0      0        0
  MONTH TO DATE    0                         0      0        0
  SINCE DEC 1      0                         0      0        0
  SINCE JAN 1   3207                      2752    455     3001
..................................................................


WIND (MPH)
  HIGHEST WIND SPEED    18   HIGHEST WIND DIRECTION    NE (30)
  HIGHEST GUST SPEED    23   HIGHEST GUST DIRECTION    NE (30)
  AVERAGE WIND SPEED     8.5


SKY COVER
  POSSIBLE SUNSHINE  MM
  AVERAGE SKY COVER 1.0


WEATHER CONDITIONS
 THE FOLLOWING WEATHER WAS RECORDED YESTERDAY.
  LIGHT RAIN
  FOG


RELATIVE HUMIDITY (PERCENT)
 HIGHEST    93           500 AM
 LOWEST     68           700 PM
 AVERAGE    81

..........................................................


THE DALLAS FORT WORTH CLIMATE NORMALS FOR TODAY
                         NORMAL    RECORD    YEAR
 MAXIMUM TEMPERATURE (F)   59        81      1951
 MINIMUM TEMPERATURE (F)   39        18      1950


SUNRISE AND SUNSET
DECEMBER  5 2016......SUNRISE   716 AM CST   SUNSET   521 PM CST
DECEMBER  6 2016......SUNRISE   717 AM CST   SUNSET   521 PM CST


-  INDICATES NEGATIVE NUMBERS.
R  INDICATES RECORD WAS SET OR TIED.
MM INDICATES DATA IS MISSING.
T  INDICATES TRACE AMOUNT.




$$
