000
CDUS44 KFWD 280636
CLIDFW


CLIMATE REPORT
NATIONAL WEATHER SERVICE FORT WORTH TX
136 AM CDT FRI AUG 28 2015


...................................

...THE DALLAS FORT WORTH CLIMATE SUMMARY FOR AUGUST 27 2015...

CLIMATE NORMAL PERIOD 1981 TO 2010
CLIMATE RECORD PERIOD 1898 TO 2015


WEATHER ITEM   OBSERVED TIME   RECORD YEAR NORMAL DEPARTURE LAST
                VALUE   (LST)  VALUE       VALUE  FROM      YEAR
                                                  NORMAL
..................................................................
TEMPERATURE (F)
 YESTERDAY
  MAXIMUM         97    324 PM 107    1901  95      2       95
  MINIMUM         72    633 AM  61    1906  74     -2       77
  AVERAGE         85                        84      1       86

PRECIPITATION (IN)
  YESTERDAY        0.00          0.81 1920   0.08  -0.08     0.00
  MONTH TO DATE    0.46                      1.58  -1.12     3.94
  SINCE JUN 1      5.33                      7.53  -2.20     8.18
  SINCE JAN 1     36.96                     23.78  13.18    15.51

DEGREE DAYS
 HEATING
  YESTERDAY        0                         0      0        0
  MONTH TO DATE    0                         0      0        0
  SINCE JUN 1      0                         0      0        0
  SINCE JUL 1      0                         0      0        0

 COOLING
  YESTERDAY       20                        19      1       21
  MONTH TO DATE  616                       558     58      585
  SINCE JUN 1   1830                      1680    150     1701
  SINCE JAN 1   2149                      2102     47     2177
..................................................................


WIND (MPH)
  HIGHEST WIND SPEED    17   HIGHEST WIND DIRECTION    SE (120)
  HIGHEST GUST SPEED    22   HIGHEST GUST DIRECTION    SE (130)
  AVERAGE WIND SPEED     7.3


SKY COVER
  POSSIBLE SUNSHINE  MM
  AVERAGE SKY COVER 0.6


WEATHER CONDITIONS
 THE FOLLOWING WEATHER WAS RECORDED YESTERDAY.
  NO SIGNIFICANT WEATHER WAS OBSERVED.


RELATIVE HUMIDITY (PERCENT)
 HIGHEST    64           400 AM
 LOWEST     31           300 PM
 AVERAGE    48

..........................................................


THE DALLAS FORT WORTH CLIMATE NORMALS FOR TODAY
                         NORMAL    RECORD    YEAR
 MAXIMUM TEMPERATURE (F)   94       108      1901
 MINIMUM TEMPERATURE (F)   74        56      1906


SUNRISE AND SUNSET
AUGUST 28 2015........SUNRISE   700 AM CDT   SUNSET   758 PM CDT
AUGUST 29 2015........SUNRISE   701 AM CDT   SUNSET   757 PM CDT


-  INDICATES NEGATIVE NUMBERS.
R  INDICATES RECORD WAS SET OR TIED.
MM INDICATES DATA IS MISSING.
T  INDICATES TRACE AMOUNT.




$$
