000
CDUS44 KFWD 300638
CLIDFW


CLIMATE REPORT
NATIONAL WEATHER SERVICE FORT WORTH TX
138 AM CDT THU MAR 30 2017


...................................

...THE DALLAS FORT WORTH CLIMATE SUMMARY FOR MARCH 29 2017...

CLIMATE NORMAL PERIOD 1981 TO 2010
CLIMATE RECORD PERIOD 1898 TO 2017


WEATHER ITEM   OBSERVED TIME   RECORD YEAR NORMAL DEPARTURE LAST
                VALUE   (LST)  VALUE       VALUE  FROM      YEAR
                                                  NORMAL
..................................................................
TEMPERATURE (F)
 YESTERDAY
  MAXIMUM         83    152 PM  88    1967  72     11       75
                                      1946
  MINIMUM         58   1159 PM  28    1944  50      8       52
  AVERAGE         71                        61     10       64

PRECIPITATION (IN)
  YESTERDAY        0.55          2.99 1958   0.11   0.44     0.00
  MONTH TO DATE    1.06                      3.28  -2.22     2.51
  SINCE MAR 1      1.06                      3.28  -2.22     2.51
  SINCE JAN 1      7.78                      8.07  -0.29     5.75

SNOWFALL (IN)
  YESTERDAY        0.0           2.0  1937   0.0    0.0      0.0
  MONTH TO DATE    0.0                       0.2   -0.2      0.0
  SINCE MAR 1      0.0                       0.2   -0.2      0.0
  SINCE JUL 1      0.1                       1.6   -1.5       T
  SNOW DEPTH       0

DEGREE DAYS
 HEATING
  YESTERDAY        0                         6     -6        1
  MONTH TO DATE   93                       251   -158      142
  SINCE MAR 1     93                       251   -158      142
  SINCE JUL 1   1281                      2183   -902     1553

 COOLING
  YESTERDAY        6                         2      4        0
  MONTH TO DATE  116                        31     85       22
  SINCE MAR 1    116                        31     85       22
  SINCE JAN 1    184                        38    146       33
..................................................................


WIND (MPH)
  HIGHEST WIND SPEED    31   HIGHEST WIND DIRECTION     W (270)
  HIGHEST GUST SPEED    41   HIGHEST GUST DIRECTION     W (260)
  AVERAGE WIND SPEED    16.2


SKY COVER
  POSSIBLE SUNSHINE  MM
  AVERAGE SKY COVER 0.5


WEATHER CONDITIONS
 THE FOLLOWING WEATHER WAS RECORDED YESTERDAY.
  THUNDERSTORM
  HEAVY RAIN
  RAIN
  LIGHT RAIN
  FOG


RELATIVE HUMIDITY (PERCENT)
 HIGHEST    97           600 AM
 LOWEST     24           200 PM
 AVERAGE    61

..........................................................


THE DALLAS FORT WORTH CLIMATE NORMALS FOR TODAY
                         NORMAL    RECORD    YEAR
 MAXIMUM TEMPERATURE (F)   72        95      1946
 MINIMUM TEMPERATURE (F)   50        29      1987


SUNRISE AND SUNSET
MARCH 30 2017.........SUNRISE   718 AM CDT   SUNSET   747 PM CDT
MARCH 31 2017.........SUNRISE   717 AM CDT   SUNSET   748 PM CDT


-  INDICATES NEGATIVE NUMBERS.
R  INDICATES RECORD WAS SET OR TIED.
MM INDICATES DATA IS MISSING.
T  INDICATES TRACE AMOUNT.




$$
