000
CDUS44 KFWD 290637
CLIDFW


CLIMATE REPORT
NATIONAL WEATHER SERVICE FORT WORTH TX
136 AM CDT WED JUL 29 2015

...................................

...THE DALLAS FORT WORTH CLIMATE SUMMARY FOR JULY 28 2015...

CLIMATE NORMAL PERIOD 1981 TO 2010
CLIMATE RECORD PERIOD 1898 TO 2015


WEATHER ITEM   OBSERVED TIME   RECORD YEAR NORMAL DEPARTURE LAST
                VALUE   (LST)  VALUE       VALUE  FROM      YEAR
                                                  NORMAL
..................................................................
TEMPERATURE (F)
 YESTERDAY
  MAXIMUM         99    451 PM 105    2008  97      2       96
                                      1995
  MINIMUM         80    538 AM  66    1994  76      4       78
  AVERAGE         90                        86      4       87

PRECIPITATION (IN)
  YESTERDAY        0.00          2.43 2004   0.06  -0.06     0.00
  MONTH TO DATE    0.92                      2.00  -1.08     0.81
  SINCE JUN 1      4.87                      5.79  -0.92     4.07
  SINCE JAN 1     36.50                     22.04  14.46    11.40

DEGREE DAYS
 HEATING
  YESTERDAY        0                         0      0        0
  MONTH TO DATE    0                         0      0        0
  SINCE JUN 1      0                         0      0        0
  SINCE JUL 1      0                         0      0        0

 COOLING
  YESTERDAY       25                        21      4       22
  MONTH TO DATE  616                       567     49      547
  SINCE JUN 1   1136                      1058     78     1074
  SINCE JAN 1   1455                      1480    -25     1550
..................................................................


WIND (MPH)
  HIGHEST WIND SPEED    20   HIGHEST WIND DIRECTION     S (190)
  HIGHEST GUST SPEED    26   HIGHEST GUST DIRECTION     S (200)
  AVERAGE WIND SPEED    12.9


SKY COVER
  POSSIBLE SUNSHINE  MM
  AVERAGE SKY COVER 0.1


WEATHER CONDITIONS
 THE FOLLOWING WEATHER WAS RECORDED YESTERDAY.
  NO SIGNIFICANT WEATHER WAS OBSERVED.


RELATIVE HUMIDITY (PERCENT)
 HIGHEST    69           500 AM
 LOWEST     29           300 PM
 AVERAGE    49

..........................................................


THE DALLAS FORT WORTH CLIMATE NORMALS FOR TODAY
                         NORMAL    RECORD    YEAR
 MAXIMUM TEMPERATURE (F)   97       109      1912
 MINIMUM TEMPERATURE (F)   76        67      1984


SUNRISE AND SUNSET
JULY 29 2015..........SUNRISE   640 AM CDT   SUNSET   829 PM CDT
JULY 30 2015..........SUNRISE   640 AM CDT   SUNSET   828 PM CDT


-  INDICATES NEGATIVE NUMBERS.
R  INDICATES RECORD WAS SET OR TIED.
MM INDICATES DATA IS MISSING.
T  INDICATES TRACE AMOUNT.

$$
