000
CDUS44 KFWD 252133
CLIDFW

CLIMATE REPORT
NATIONAL WEATHER SERVICE FORT WORTH TX
432 PM CDT SAT OCT 25 2014


...................................

...THE DALLAS FORT WORTH CLIMATE SUMMARY FOR OCTOBER 25 2014...
VALID AS OF 0400 PM LOCAL TIME.

CLIMATE NORMAL PERIOD 1981 TO 2010
CLIMATE RECORD PERIOD 1898 TO 2014


WEATHER ITEM   OBSERVED TIME   RECORD YEAR NORMAL DEPARTURE LAST
                VALUE   (LST)  VALUE       VALUE  FROM      YEAR
                                                  NORMAL
..................................................................
TEMPERATURE (F)
 TODAY
  MAXIMUM         88    259 PM  89    1992  76     12       70
                                      1950
                                      1927
  MINIMUM         64    707 AM  35    1980  54     10       50
                                      1955
  AVERAGE         76

PRECIPITATION (IN)
  TODAY            0.00          3.29 1904   0.15  -0.15     0.00
  MONTH TO DATE    2.09                      3.35  -1.26     1.77
  SINCE SEP 1      2.15                      5.90  -3.75     4.49
  SINCE JAN 1     18.06                     30.01 -11.95    23.16

SNOWFALL (IN)
  TODAY            0.0           0.0    MM   0.0    0.0      0.0
  MONTH TO DATE    0.0                       0.0    0.0      0.0
  SINCE SEP 1      0.0                       0.0    0.0      0.0
  SINCE JUL 1      0.0                       0.0    0.0      0.0
  SNOW DEPTH       0

..................................................................


WIND (MPH)
  HIGHEST WIND SPEED    13   HIGHEST WIND DIRECTION    SW (220)
  HIGHEST GUST SPEED    16   HIGHEST GUST DIRECTION     S (200)
  AVERAGE WIND SPEED     8.6




..........................................................


THE DALLAS FORT WORTH CLIMATE NORMALS FOR TOMORROW
                         NORMAL    RECORD    YEAR
 MAXIMUM TEMPERATURE (F)   75        92      1950
 MINIMUM TEMPERATURE (F)   54        33      1898


SUNRISE AND SUNSET
OCTOBER 25 2014.......SUNRISE   740 AM CDT   SUNSET   644 PM CDT
OCTOBER 26 2014.......SUNRISE   741 AM CDT   SUNSET   643 PM CDT


-  INDICATES NEGATIVE NUMBERS.
R  INDICATES RECORD WAS SET OR TIED.
MM INDICATES DATA IS MISSING.
T  INDICATES TRACE AMOUNT.




$$
