000
CDUS43 KDDC 250719
CLIDGC


CLIMATE REPORT
NATIONAL WEATHER SERVICE DODGE CITY KS
219 AM CDT SUN SEP 25 2016


...................................

...THE DODGE CITY KS CLIMATE SUMMARY FOR SEPTEMBER 24 2016...

CLIMATE NORMAL PERIOD 1981 TO 2010
CLIMATE RECORD PERIOD 1875 TO 2016


WEATHER ITEM   OBSERVED TIME   RECORD YEAR NORMAL DEPARTURE LAST
                VALUE   (LST)  VALUE       VALUE  FROM      YEAR
                                                  NORMAL
..................................................................
TEMPERATURE (F)
 YESTERDAY
  MAXIMUM         80    300 PM  97    1933  79      1       86
  MINIMUM         56   1149 PM  33    2000  52      4       58
                                      1989
  AVERAGE         68                        66      2       72

PRECIPITATION (IN)
  YESTERDAY        0.02          2.52 1959   0.05  -0.03     0.00
  MONTH TO DATE    0.31                      1.40  -1.09     0.88
  SINCE SEP 1      0.31                      1.40  -1.09     0.88
  SINCE JAN 1     22.32                     17.99   4.33    20.57

SNOWFALL (IN)
  YESTERDAY        0.0           0.0  2002   0.0    0.0      0.0
                                      2001
  MONTH TO DATE    0.0                       0.0    0.0      0.0
  SINCE SEP 1      0.0                       0.0    0.0      0.0
  SINCE JUL 1      0.0                       0.0    0.0      0.0
  SNOW DEPTH       0

DEGREE DAYS
 HEATING
  YESTERDAY        0                         3     -3        0
  MONTH TO DATE    6                        35    -29        6
  SINCE SEP 1      6                        35    -29        6
  SINCE JUL 1      6                        39    -33        8

 COOLING
  YESTERDAY        3                         4     -1        7
  MONTH TO DATE  235                       167     68      269
  SINCE SEP 1    235                       167     68      269
  SINCE JAN 1   1489                      1413     76     1467
..................................................................


WIND (MPH)
  HIGHEST WIND SPEED    24   HIGHEST WIND DIRECTION     S (160)
  HIGHEST GUST SPEED    29   HIGHEST GUST DIRECTION     S (160)
  AVERAGE WIND SPEED     7.3


SKY COVER
  POSSIBLE SUNSHINE  MM
  AVERAGE SKY COVER 0.6


WEATHER CONDITIONS
 THE FOLLOWING WEATHER WAS RECORDED YESTERDAY.
  THUNDERSTORM
  RAIN
  LIGHT RAIN
  FOG
  FOG W/VISIBILITY <= 1/4 MILE
  HAZE


RELATIVE HUMIDITY (PERCENT)
 HIGHEST    93          1000 PM
 LOWEST     57          1200 PM
 AVERAGE    75

..........................................................


THE DODGE CITY KS CLIMATE NORMALS FOR TODAY
                         NORMAL    RECORD    YEAR
 MAXIMUM TEMPERATURE (F)   78        98      1998
 MINIMUM TEMPERATURE (F)   52        31      2000


SUNRISE AND SUNSET
SEPTEMBER 25 2016.....SUNRISE   731 AM CDT   SUNSET   731 PM CDT
SEPTEMBER 26 2016.....SUNRISE   732 AM CDT   SUNSET   730 PM CDT


-  INDICATES NEGATIVE NUMBERS.
R  INDICATES RECORD WAS SET OR TIED.
MM INDICATES DATA IS MISSING.
T  INDICATES TRACE AMOUNT.




$$
