000
CDUS43 KDDC 211006
CLIDGC


CLIMATE REPORT
NATIONAL WEATHER SERVICE DODGE CITY KS
406 AM CST SUN DEC 21 2014


...................................

...THE DODGE CITY KS CLIMATE SUMMARY FOR DECEMBER 20 2014...

CLIMATE NORMAL PERIOD 1981 TO 2010
CLIMATE RECORD PERIOD 1875 TO 2014


WEATHER ITEM   OBSERVED TIME   RECORD YEAR NORMAL DEPARTURE LAST
                VALUE   (LST)  VALUE       VALUE  FROM      YEAR
                                                  NORMAL
..................................................................
TEMPERATURE (F)
 YESTERDAY
  MAXIMUM         43    209 PM  79    1894  43      0       27
  MINIMUM         30    925 AM  -8    1924  20     10       16
  AVERAGE         37                        32      5       22

PRECIPITATION (IN)
  YESTERDAY        0.00          0.79 2006   0.03  -0.03     0.00
  MONTH TO DATE    0.92                      0.54   0.38     0.05
  SINCE DEC 1      0.92                      0.54   0.38     0.05
  SINCE JAN 1     23.10                     21.30   1.80    20.29

SNOWFALL (IN)
  YESTERDAY        0.0           4.7  1911   0.1   -0.1      0.0
  MONTH TO DATE    1.2                       2.6   -1.4      1.9
  SINCE DEC 1      1.2                       2.6   -1.4      1.9
  SINCE JUL 1      3.4                       4.8   -1.4      6.9
  SNOW DEPTH       0

DEGREE DAYS
 HEATING
  YESTERDAY       28                        33     -5       43
  MONTH TO DATE  522                       632   -110      693
  SINCE DEC 1    522                       632   -110      693
  SINCE JUL 1   1520                      1646   -126     1721

 COOLING
  YESTERDAY        0                         0      0        0
  MONTH TO DATE    0                         0      0        0
  SINCE DEC 1      0                         0      0        0
  SINCE JAN 1   1475                      1463     12     1641
..................................................................


WIND (MPH)
  HIGHEST WIND SPEED    17   HIGHEST WIND DIRECTION     S (200)
  HIGHEST GUST SPEED    20   HIGHEST GUST DIRECTION     S (190)
  AVERAGE WIND SPEED    11.1


SKY COVER
  POSSIBLE SUNSHINE  MM
  AVERAGE SKY COVER 0.2


WEATHER CONDITIONS
 THE FOLLOWING WEATHER WAS RECORDED YESTERDAY.
  FOG
  FOG W/VISIBILITY <= 1/4 MILE
  HAZE


RELATIVE HUMIDITY (PERCENT)
 HIGHEST   100           800 PM
 LOWEST     76           200 PM
 AVERAGE    88

..........................................................


THE DODGE CITY KS CLIMATE NORMALS FOR TODAY
                         NORMAL    RECORD    YEAR
 MAXIMUM TEMPERATURE (F)   43        69      1879
 MINIMUM TEMPERATURE (F)   20        -9      1887


SUNRISE AND SUNSET
DECEMBER 21 2014......SUNRISE   752 AM CST   SUNSET   525 PM CST
DECEMBER 22 2014......SUNRISE   752 AM CST   SUNSET   525 PM CST


-  INDICATES NEGATIVE NUMBERS.
R  INDICATES RECORD WAS SET OR TIED.
MM INDICATES DATA IS MISSING.
T  INDICATES TRACE AMOUNT.




$$
