000
CDUS43 KDDC 281425
CLIDGC


CLIMATE REPORT
NATIONAL WEATHER SERVICE DODGE CITY KS
925 AM CDT SUN AUG 28 2016


...................................

...THE DODGE CITY KS CLIMATE SUMMARY FOR AUGUST 28 2016...
VALID AS OF 0800 AM LOCAL TIME.

CLIMATE NORMAL PERIOD 1981 TO 2010
CLIMATE RECORD PERIOD 1875 TO 2016


WEATHER ITEM   OBSERVED TIME   RECORD YEAR NORMAL DEPARTURE LAST
                VALUE   (LST)  VALUE       VALUE  FROM      YEAR
                                                  NORMAL
..................................................................
TEMPERATURE (F)
 TODAY
  MAXIMUM         71    759 AM 105    2011  89    -18       93
                                      1984
  MINIMUM         63    239 AM  50    1976  63      0       63
                                      1917
  AVERAGE         67                        76     -9       78

PRECIPITATION (IN)
  TODAY            0.00          3.07 1968   0.08  -0.08     0.00
  MONTH TO DATE    2.43                      2.50  -0.07     1.75
  SINCE JUN 1     10.44                      8.82   1.62     5.97
  SINCE JAN 1     21.56                     16.34   5.22    19.69

SNOWFALL (IN)
  TODAY            0.0           0.0  2002   0.0    0.0      0.0
                                      2001
  MONTH TO DATE    0.0                       0.0    0.0      0.0
  SINCE JUN 1      0.0                       0.0    0.0      0.0
  SINCE JUL 1      0.0                       0.0    0.0      0.0
  SNOW DEPTH       0

..................................................................


WIND (MPH)
  HIGHEST WIND SPEED    13   HIGHEST WIND DIRECTION     S (180)
  HIGHEST GUST SPEED    15   HIGHEST GUST DIRECTION     S (160)
  AVERAGE WIND SPEED     7.7



WEATHER CONDITIONS
 THE FOLLOWING WEATHER WAS RECORDED TODAY.
  NO SIGNIFICANT WEATHER WAS OBSERVED.


RELATIVE HUMIDITY (PERCENT)
 HIGHEST    93          1200 AM
 LOWEST     78           800 AM

..........................................................


THE DODGE CITY KS CLIMATE NORMALS FOR TOMORROW
                         NORMAL    RECORD    YEAR
 MAXIMUM TEMPERATURE (F)   89       106      1984
 MINIMUM TEMPERATURE (F)   63        45      1917


SUNRISE AND SUNSET
AUGUST 28 2016........SUNRISE   707 AM CDT   SUNSET   814 PM CDT
AUGUST 29 2016........SUNRISE   708 AM CDT   SUNSET   813 PM CDT


-  INDICATES NEGATIVE NUMBERS.
R  INDICATES RECORD WAS SET OR TIED.
MM INDICATES DATA IS MISSING.
T  INDICATES TRACE AMOUNT.




$$
