000
CDUS45 KCYS 130731
CLIDGW


CLIMATE REPORT
NATIONAL WEATHER SERVICE CHEYENNE WY
1229 AM MST SAT FEB 13 2016


...................................

...THE DOUGLAS WY AIRPORT CLIMATE SUMMARY FOR FEBRUARY 12 2016...

CLIMATE NORMAL PERIOD 1981 TO 2010
CLIMATE RECORD PERIOD 1998 TO 2016


WEATHER ITEM   OBSERVED TIME   RECORD YEAR NORMAL DEPARTURE LAST
                VALUE   (LST)  VALUE       VALUE  FROM      YEAR
                                                  NORMAL
..................................................................
TEMPERATURE (F)
 YESTERDAY
  MAXIMUM         48    316 PM  59    2015  39      9       59
  MINIMUM         27    200 AM -12    2004  13     14       26
  AVERAGE         38                        26     12       43

PRECIPITATION (IN)
  YESTERDAY        0.00          0.11 2009   0.01  -0.01     0.00
  MONTH TO DATE    0.01                      0.18  -0.17     0.23
  SINCE JAN 1      0.46                      0.56  -0.10     0.57

DEGREE DAYS
 HEATING
  YESTERDAY       27                        39    -12       22
  MONTH TO DATE  422                       476    -54      306
  SINCE DEC 1   2880                      2985   -105     2644
  SINCE JUL 1   4342                      4807   -465     4368

 COOLING
  YESTERDAY        0                         0      0        0
  MONTH TO DATE    0                         0      0        0
  SINCE DEC 1      0                         0      0        0
  SINCE JAN 1      0                         0      0        0
..................................................................


WIND (MPH)
  HIGHEST WIND SPEED    15   HIGHEST WIND DIRECTION    SE (150)
  HIGHEST GUST SPEED    19   HIGHEST GUST DIRECTION    SE (130)
  AVERAGE WIND SPEED     7.8


SKY COVER
  AVERAGE SKY COVER 0.5


WEATHER CONDITIONS
 THE FOLLOWING WEATHER WAS RECORDED YESTERDAY.
  FOG


RELATIVE HUMIDITY (PERCENT)
 HIGHEST    92          1200 AM
 LOWEST     49           100 PM
 AVERAGE    71

..........................................................


THE DOUGLAS WY AIRPORT CLIMATE NORMALS FOR TODAY
                         NORMAL    RECORD    YEAR
 MAXIMUM TEMPERATURE (F)   39        61      2015
 MINIMUM TEMPERATURE (F)   13         1      2002


SUNRISE AND SUNSET
FEBRUARY 13 2016......SUNRISE   702 AM MST   SUNSET   530 PM MST
FEBRUARY 14 2016......SUNRISE   701 AM MST   SUNSET   531 PM MST


-  INDICATES NEGATIVE NUMBERS.
R  INDICATES RECORD WAS SET OR TIED.
MM INDICATES DATA IS MISSING.
T  INDICATES TRACE AMOUNT.




$$
