000
CDUS45 KCYS 240727
CLIDGW


CLIMATE REPORT
NATIONAL WEATHER SERVICE CHEYENNE WY
126 AM MDT WED AUG 24 2016


...................................

...THE DOUGLAS WY AIRPORT CLIMATE SUMMARY FOR AUGUST 23 2016...

CLIMATE NORMAL PERIOD 1981 TO 2010
CLIMATE RECORD PERIOD 1998 TO 2016


WEATHER ITEM   OBSERVED TIME   RECORD YEAR NORMAL DEPARTURE LAST
                VALUE   (LST)  VALUE       VALUE  FROM      YEAR
                                                  NORMAL
..................................................................
TEMPERATURE (F)
 YESTERDAY
  MAXIMUM         85    211 PM  97    2011  86     -1       78
                                      2006
  MINIMUM         51    546 AM  31    2015  52     -1       31
  AVERAGE         68                        68      0       55

PRECIPITATION (IN)
  YESTERDAY        0.00          0.06 2009   0.03  -0.03     0.00
  MONTH TO DATE    0.61                      0.83  -0.22     0.51
  SINCE JAN 1      7.81                      9.74  -1.93    11.86

DEGREE DAYS
 HEATING
  YESTERDAY        0                         1     -1       10
  MONTH TO DATE   25                        14     11       35
  SINCE JUN 1     25                       139   -114       70
  SINCE JUL 1     25                        29     -4       48

 COOLING
  YESTERDAY        3                         4     -1        0
  MONTH TO DATE  136                       146    -10      130
  SINCE JUN 1    170                       422   -252      368
  SINCE JAN 1    170                       428   -258      369
..................................................................


WIND (MPH)
  HIGHEST WIND SPEED    20   HIGHEST WIND DIRECTION     W (260)
  HIGHEST GUST SPEED    25   HIGHEST GUST DIRECTION    NW (310)
  AVERAGE WIND SPEED    10.6


SKY COVER
  AVERAGE SKY COVER 0.0


WEATHER CONDITIONS
 THE FOLLOWING WEATHER WAS RECORDED YESTERDAY.
  NO SIGNIFICANT WEATHER WAS OBSERVED.


RELATIVE HUMIDITY (PERCENT)
 HIGHEST    41           500 AM
 LOWEST      9           300 PM
 AVERAGE    25

..........................................................


THE DOUGLAS WY AIRPORT CLIMATE NORMALS FOR TODAY
                         NORMAL    RECORD    YEAR
 MAXIMUM TEMPERATURE (F)   85        94      2012
                                             2005
                                             1999
 MINIMUM TEMPERATURE (F)   51        40      2010


SUNRISE AND SUNSET
AUGUST 24 2016........SUNRISE   618 AM MDT   SUNSET   748 PM MDT
AUGUST 25 2016........SUNRISE   619 AM MDT   SUNSET   747 PM MDT


-  INDICATES NEGATIVE NUMBERS.
R  INDICATES RECORD WAS SET OR TIED.
MM INDICATES DATA IS MISSING.
T  INDICATES TRACE AMOUNT.




$$
