000
CDUS45 KCYS 300732
CLIDGW


CLIMATE REPORT
NATIONAL WEATHER SERVICE CHEYENNE WY
130 AM MDT SAT JUL 30 2016


...................................

...THE DOUGLAS WY AIRPORT CLIMATE SUMMARY FOR JULY 29 2016...

CLIMATE NORMAL PERIOD 1981 TO 2010
CLIMATE RECORD PERIOD 1998 TO 2016


WEATHER ITEM   OBSERVED TIME   RECORD YEAR NORMAL DEPARTURE LAST
                VALUE   (LST)  VALUE       VALUE  FROM      YEAR
                                                  NORMAL
..................................................................
TEMPERATURE (F)
 YESTERDAY
  MAXIMUM         89        MM 105    2006  89      0       84
  MINIMUM         60        MM  41    2015  55      5       41
  AVERAGE         75                        72      3       63

PRECIPITATION (IN)
  YESTERDAY        0.02          0.37 2010   0.04  -0.02     0.00
  MONTH TO DATE    0.02                      1.29  -1.27     0.82
  SINCE JAN 1      7.17                      8.84  -1.67    11.35

DEGREE DAYS
 HEATING
  YESTERDAY        0                         0      0        2
  MONTH TO DATE    0                         9     -9       13
  SINCE JUN 1      0                       119   -119       35
  SINCE JUL 1      0                         9     -9       13

 COOLING
  YESTERDAY       10                         8      2        0
  MONTH TO DATE   10                       191   -181      144
  SINCE JUN 1     10                       262   -252      228
  SINCE JAN 1     10                       268   -258      229
..................................................................


WIND (MPH)
  HIGHEST WIND SPEED    16   HIGHEST WIND DIRECTION    SE (150)
  HIGHEST GUST SPEED    MM   HIGHEST GUST DIRECTION    MM
  AVERAGE WIND SPEED     9.9


SKY COVER
  AVERAGE SKY COVER 0.1


WEATHER CONDITIONS
 THE FOLLOWING WEATHER WAS RECORDED YESTERDAY.
  THUNDERSTORM
  LIGHT RAIN


RELATIVE HUMIDITY (PERCENT)
 HIGHEST    90          1100 PM
 LOWEST     22           100 PM
 AVERAGE    56

..........................................................


THE DOUGLAS WY AIRPORT CLIMATE NORMALS FOR TODAY
                         NORMAL    RECORD    YEAR
 MAXIMUM TEMPERATURE (F)   89       103      2006
 MINIMUM TEMPERATURE (F)   55        42      2009


SUNRISE AND SUNSET
JULY 30 2016..........SUNRISE   551 AM MDT   SUNSET   824 PM MDT
JULY 31 2016..........SUNRISE   552 AM MDT   SUNSET   822 PM MDT


-  INDICATES NEGATIVE NUMBERS.
R  INDICATES RECORD WAS SET OR TIED.
MM INDICATES DATA IS MISSING.
T  INDICATES TRACE AMOUNT.




$$
