000
CDUS44 KTAE 292133
CLIDHN


CLIMATE REPORT
NATIONAL WEATHER SERVICE TALLAHASSEE FL
533 PM EDT FRI MAY 29 2015


...................................

...THE DOTHAN CLIMATE SUMMARY FOR MAY 29 2015...
VALID TODAY AS OF 0500 PM LOCAL TIME.

CLIMATE NORMAL PERIOD 1981 TO 2010
CLIMATE RECORD PERIOD 1965 TO 2015


WEATHER ITEM   OBSERVED TIME   NORMAL DEPARTURE LAST
                VALUE   (LST)  VALUE  FROM      YEAR
                                      NORMAL
......................................................
TEMPERATURE (F)
 TODAY
  MAXIMUM         86    242 PM  88     -2       80
  MINIMUM         67    440 AM  66      1       69
  AVERAGE         77            77      0       75

PRECIPITATION (IN)
  TODAY            0.00          0.18  -0.18     0.04
  MONTH TO DATE    5.42          3.19   2.23     3.44
  SINCE MAR 1     17.58         12.59   4.99    22.09
  SINCE JAN 1     24.25         21.99   2.26    29.82

......................................................










-  INDICATES NEGATIVE NUMBERS.
R  INDICATES RECORD WAS SET OR TIED.
MM INDICATES DATA IS MISSING.
T  INDICATES TRACE AMOUNT.




$$
