000
CDUS44 KTAE 230642
CLIDHN


CLIMATE REPORT
NATIONAL WEATHER SERVICE TALLAHASSEE FL
241 AM EDT SAT JUL 23 2016


...................................

...THE DOTHAN CLIMATE SUMMARY FOR JULY 22 2016...

CLIMATE NORMAL PERIOD 1981 TO 2010
CLIMATE RECORD PERIOD 1965 TO 2016


WEATHER ITEM   OBSERVED TIME   NORMAL DEPARTURE LAST
                VALUE   (LST)  VALUE  FROM      YEAR
                                      NORMAL
......................................................
TEMPERATURE (F)
 YESTERDAY
  MAXIMUM         92    341 PM  92      0       95
  MINIMUM         71    134 AM  72     -1       74
  AVERAGE         82            82      0       85

PRECIPITATION (IN)
  YESTERDAY        0.00          0.19  -0.19     0.03
  MONTH TO DATE    6.66          4.22   2.44     3.56
  SINCE JUN 1     11.75          9.82   1.93     6.76
  SINCE JAN 1     36.17         32.18   3.99    31.01

SNOWFALL (IN)
  YESTERDAY        0.0

DEGREE DAYS
 COOLING
  YESTERDAY       17            17      0       20
  MONTH TO DATE  403           373     30      406
  SINCE JUN 1    894           817     77      900
  SINCE JAN 1   1347          1230    117     1488
......................................................


WIND (MPH)
  HIGHEST WIND SPEED    22   HIGHEST WIND DIRECTION     S (190)
  HIGHEST GUST SPEED    27   HIGHEST GUST DIRECTION     S (190)
  AVERAGE WIND SPEED     3.3








-  INDICATES NEGATIVE NUMBERS.
R  INDICATES RECORD WAS SET OR TIED.
MM INDICATES DATA IS MISSING.
T  INDICATES TRACE AMOUNT.




$$
