000
CDUS44 KTAE 180634
CLIDHN


CLIMATE REPORT
NATIONAL WEATHER SERVICE TALLAHASSEE FL
134 AM EST WED JAN 18 2017


...................................

...THE DOTHAN CLIMATE SUMMARY FOR JANUARY 17 2017...

CLIMATE NORMAL PERIOD 1981 TO 2010
CLIMATE RECORD PERIOD 1965 TO 2017


WEATHER ITEM   OBSERVED TIME   NORMAL DEPARTURE LAST
                VALUE   (LST)  VALUE  FROM      YEAR
                                      NORMAL
......................................................
TEMPERATURE (F)
 YESTERDAY
  MAXIMUM         76    316 PM  60     16       55
  MINIMUM         51    646 AM  37     14       37
  AVERAGE         64            49     15       46

PRECIPITATION (IN)
  YESTERDAY        T             0.12  -0.12     0.09
  MONTH TO DATE    8.36          2.28   6.08     1.97
  SINCE DEC 1     18.72          6.67  12.05    12.10
  SINCE JAN 1      8.36          2.28   6.08     1.97

SNOWFALL (IN)
  YESTERDAY        0.0

DEGREE DAYS
 HEATING
  YESTERDAY        1            16    -15       19
  MONTH TO DATE  165           283   -118      292
  SINCE DEC 1    446           719   -273      473
  SINCE JUL 1    607           996   -389      608
......................................................


WIND (MPH)
  HIGHEST WIND SPEED    14   HIGHEST WIND DIRECTION    SW (230)
  HIGHEST GUST SPEED    20   HIGHEST GUST DIRECTION    SW (210)
  AVERAGE WIND SPEED     6.2








-  INDICATES NEGATIVE NUMBERS.
R  INDICATES RECORD WAS SET OR TIED.
MM INDICATES DATA IS MISSING.
T  INDICATES TRACE AMOUNT.




$$
