000
CDUS44 KTAE 230642
CLIDHN


CLIMATE REPORT
NATIONAL WEATHER SERVICE TALLAHASSEE FL
240 AM EDT TUE SEP 23 2014


...................................

...THE DOTHAN CLIMATE SUMMARY FOR SEPTEMBER 22 2014...

CLIMATE NORMAL PERIOD 1981 TO 2010
CLIMATE RECORD PERIOD 1965 TO 2014


WEATHER ITEM   OBSERVED TIME   NORMAL DEPARTURE LAST
                VALUE   (LST)  VALUE  FROM      YEAR
                                      NORMAL
......................................................
TEMPERATURE (F)
 YESTERDAY
  MAXIMUM         88   1103 AM  86      2       79
  MINIMUM         62   1159 PM  64     -2       67
  AVERAGE         75            75      0       73

PRECIPITATION (IN)
  YESTERDAY        T             0.09  -0.09     0.07
  MONTH TO DATE    2.33          2.86  -0.53     3.70
  SINCE SEP 1      2.33          2.86  -0.53     3.70
  SINCE JAN 1     42.27         41.25   1.02    61.54

SNOWFALL (IN)
  YESTERDAY        0.0

DEGREE DAYS
 HEATING
  YESTERDAY        0             0      0        0
  MONTH TO DATE    0             0      0        0
  SINCE SEP 1      0             0      0        0
  SINCE JUL 1      0             0      0        0

 COOLING
  YESTERDAY       10            10      0        8
  MONTH TO DATE  334           278     56      319
  SINCE SEP 1    334           278     56      319
  SINCE JAN 1   2219          2158     61     2073
......................................................


WIND (MPH)
  HIGHEST WIND SPEED    23   HIGHEST WIND DIRECTION     N (360)
  HIGHEST GUST SPEED    28   HIGHEST GUST DIRECTION     N (10)
  AVERAGE WIND SPEED     5.3








-  INDICATES NEGATIVE NUMBERS.
R  INDICATES RECORD WAS SET OR TIED.
MM INDICATES DATA IS MISSING.
T  INDICATES TRACE AMOUNT.




$$
