000
CDUS44 KTAE 280632
CLIDHN


CLIMATE REPORT
NATIONAL WEATHER SERVICE TALLAHASSEE FL
231 AM EDT TUE MAR 28 2017

...................................

...THE DOTHAN CLIMATE SUMMARY FOR MARCH 27 2017...

CLIMATE NORMAL PERIOD 1981 TO 2010
CLIMATE RECORD PERIOD 1965 TO 2017


WEATHER ITEM   OBSERVED TIME   NORMAL DEPARTURE LAST
                VALUE   (LST)  VALUE  FROM      YEAR
                                      NORMAL
......................................................
TEMPERATURE (F)
 YESTERDAY
  MAXIMUM         83    352 PM  73     10       65
  MINIMUM         60    511 AM  49     11       59
  AVERAGE         72            61     11       62

PRECIPITATION (IN)
  YESTERDAY        0.00          0.24  -0.24     0.76
  MONTH TO DATE    1.12          4.90  -3.78     5.13
  SINCE MAR 1      1.12          4.90  -3.78     5.13
  SINCE JAN 1     20.71         14.30   6.41    15.98

SNOWFALL (IN)
  YESTERDAY        0.0

DEGREE DAYS
 HEATING
  YESTERDAY        0             5     -5        3
  MONTH TO DATE  171           192    -21      119
  SINCE MAR 1    171           192    -21      119
  SINCE JUL 1   1030          1751   -721     1297

 COOLING
  YESTERDAY        7             1      6        0
  MONTH TO DATE   46            26     20       65
  SINCE MAR 1     46            26     20       65
  SINCE JAN 1     84            36     48       71
......................................................


WIND (MPH)
  HIGHEST WIND SPEED    16   HIGHEST WIND DIRECTION    SW (220)
  HIGHEST GUST SPEED    23   HIGHEST GUST DIRECTION    SW (220)
  AVERAGE WIND SPEED     7.6





-  INDICATES NEGATIVE NUMBERS.
R  INDICATES RECORD WAS SET OR TIED.
MM INDICATES DATA IS MISSING.
T  INDICATES TRACE AMOUNT.

$$
