000
CDUS44 KAMA 140729
CLIDHT


CLIMATE REPORT
NATIONAL WEATHER SERVICE AMARILLO TX
128 AM CST SUN FEB 14 2016


...................................

...THE DALHART CLIMATE SUMMARY FOR FEBRUARY 13 2016...

CLIMATE NORMAL PERIOD 1981 TO 2010
CLIMATE RECORD PERIOD 1948 TO 2016


WEATHER ITEM   OBSERVED TIME   RECORD YEAR NORMAL DEPARTURE LAST
                VALUE   (LST)  VALUE       VALUE  FROM      YEAR
                                                  NORMAL
..................................................................
TEMPERATURE (F)
 YESTERDAY
  MAXIMUM         78    428 PM  79    1954  52     26       68
  MINIMUM         30    239 AM   2    1978  22      8       27
  AVERAGE         54                        37     17       48

PRECIPITATION (IN)
  YESTERDAY        0.00          0.47 1969   0.01  -0.01     0.00
  MONTH TO DATE    0.03                      0.19  -0.16     0.07
  SINCE DEC 1      0.55                      1.25  -0.70     2.12
  SINCE JAN 1      0.14                      0.71  -0.57     1.79

SNOWFALL (IN)
  YESTERDAY        0.0           1.2  1997   0.1   -0.1      0.0
  MONTH TO DATE    0.5                       1.7   -1.2      0.5
  SINCE DEC 1      3.5                      10.3   -6.8     18.2
  SINCE JUL 1      4.0                      12.2   -8.2     19.7
  SNOW DEPTH       0

DEGREE DAYS
 HEATING
  YESTERDAY       11                        28    -17       17
  MONTH TO DATE  317                       372    -55      233
  SINCE DEC 1   1971                      2259   -288     1968
  SINCE JUL 1   2681                      3254   -573     2821

 COOLING
  YESTERDAY        0                         0      0        0
  MONTH TO DATE    0                         0      0        0
  SINCE DEC 1      0                         0      0        0
  SINCE JAN 1      0                         0      0        0
..................................................................


WIND (MPH)
  RESULTANT WIND SPEED  13   RESULTANT WIND DIRECTION  SW (210)
  HIGHEST WIND SPEED    30   HIGHEST WIND DIRECTION    SW (220)
  HIGHEST GUST SPEED    39   HIGHEST GUST DIRECTION    SW (210)
  AVERAGE WIND SPEED    14.5


SKY COVER
  AVERAGE SKY COVER 0.0


WEATHER CONDITIONS
 THE FOLLOWING WEATHER WAS RECORDED YESTERDAY.
  NO SIGNIFICANT WEATHER WAS OBSERVED.


RELATIVE HUMIDITY (PERCENT)
 HIGHEST    85           500 AM
 LOWEST     10           400 PM
 AVERAGE    48

..........................................................


THE DALHART CLIMATE NORMALS FOR TODAY
                         NORMAL    RECORD    YEAR
 MAXIMUM TEMPERATURE (F)   53        84      1979
 MINIMUM TEMPERATURE (F)   22         6      1978


SUNRISE AND SUNSET
FEBRUARY 14 2016......SUNRISE   739 AM CST   SUNSET   630 PM CST
FEBRUARY 15 2016......SUNRISE   738 AM CST   SUNSET   631 PM CST


-  INDICATES NEGATIVE NUMBERS.
R  INDICATES RECORD WAS SET OR TIED.
MM INDICATES DATA IS MISSING.
T  INDICATES TRACE AMOUNT.




$$
