000
CDUS44 KAMA 010634
CLIDHT


CLIMATE REPORT
NATIONAL WEATHER SERVICE AMARILLO TX
131 AM CDT WED JUN 1 2016


...................................

...THE DALHART CLIMATE SUMMARY FOR MAY 31 2016...

CLIMATE NORMAL PERIOD 1981 TO 2010
CLIMATE RECORD PERIOD 1948 TO 2016


WEATHER ITEM   OBSERVED TIME   RECORD YEAR NORMAL DEPARTURE LAST
                VALUE   (LST)  VALUE       VALUE  FROM      YEAR
                                                  NORMAL
..................................................................
TEMPERATURE (F)
 YESTERDAY
  MAXIMUM         78    502 PM  99    2002  83     -5       83
  MINIMUM         52    517 AM  40    2004  54     -2       48
  AVERAGE         65                        68     -3       66

PRECIPITATION (IN)
  YESTERDAY        0.00          1.25 1963   0.08  -0.08      T
  MONTH TO DATE    2.36                      2.24   0.12     2.02
  SINCE MAR 1      6.70                      4.49   2.21     3.40
  SINCE JAN 1      6.95                      5.41   1.54     6.71

SNOWFALL (IN)
  YESTERDAY        0.0           0.0    MM   0.0    0.0     MM
  MONTH TO DATE    0.0                       T      0.0      0.0
  SINCE MAR 1      0.0                       5.4   -5.4      0.8
  SINCE JUL 1      2.5                      18.9  -16.4     34.1
  SNOW DEPTH       0

DEGREE DAYS
 HEATING
  YESTERDAY        0                         1     -1        0
  MONTH TO DATE  145                       114     31      131
  SINCE MAR 1    906                      1074   -168      865
  SINCE JUL 1   3851                      4717   -866     4158

 COOLING
  YESTERDAY        0                         5     -5        1
  MONTH TO DATE   44                        66    -22       21
  SINCE MAR 1     46                        72    -26       22
  SINCE JAN 1     46                        72    -26       22
..................................................................


WIND (MPH)
  RESULTANT WIND SPEED   7   RESULTANT WIND DIRECTION  SE (120)
  HIGHEST WIND SPEED    20   HIGHEST WIND DIRECTION    SE (130)
  HIGHEST GUST SPEED    24   HIGHEST GUST DIRECTION     S (170)
  AVERAGE WIND SPEED     8.7


SKY COVER
  AVERAGE SKY COVER 0.3


WEATHER CONDITIONS
 THE FOLLOWING WEATHER WAS RECORDED YESTERDAY.
  HAZE


RELATIVE HUMIDITY (PERCENT)
 HIGHEST    86           500 AM
 LOWEST     40           500 PM
 AVERAGE    63

..........................................................


THE DALHART CLIMATE NORMALS FOR TODAY
                         NORMAL    RECORD    YEAR
 MAXIMUM TEMPERATURE (F)   83       103      1998
 MINIMUM TEMPERATURE (F)   54        42      1983


SUNRISE AND SUNSET
JUNE  1 2016..........SUNRISE   635 AM CDT   SUNSET   902 PM CDT
JUNE  2 2016..........SUNRISE   634 AM CDT   SUNSET   903 PM CDT


-  INDICATES NEGATIVE NUMBERS.
R  INDICATES RECORD WAS SET OR TIED.
MM INDICATES DATA IS MISSING.
T  INDICATES TRACE AMOUNT.




$$
