000
CDUS44 KAMA 200737
CLIDHT


CLIMATE REPORT
NATIONAL WEATHER SERVICE AMARILLO TX
136 AM CST SAT DEC 20 2014


...................................

...THE DALHART CLIMATE SUMMARY FOR DECEMBER 19 2014...

CLIMATE NORMAL PERIOD 1981 TO 2010
CLIMATE RECORD PERIOD 1894 TO 2014


WEATHER ITEM   OBSERVED TIME   RECORD YEAR NORMAL DEPARTURE LAST
                VALUE   (LST)  VALUE       VALUE  FROM      YEAR
                                                  NORMAL
..................................................................
TEMPERATURE (F)
 YESTERDAY
  MAXIMUM         46    224 PM  70    2013  48     -2       70
  MINIMUM         24   1159 PM  -3    1996  19      5       33
  AVERAGE         35                        34      1       52

PRECIPITATION (IN)
  YESTERDAY        0.00          0.62 2011   0.02  -0.02     0.00
  MONTH TO DATE    0.17                      0.34  -0.17      T
  SINCE DEC 1      0.17                      0.34  -0.17      T
  SINCE JAN 1     11.52                     17.39  -5.87     7.63

SNOWFALL (IN)
  YESTERDAY        0.0           7.0  2011   0.2   -0.2      0.0
  MONTH TO DATE    0.0                       2.7   -2.7      0.5
  SINCE DEC 1      0.0                       2.7   -2.7      0.5
  SINCE JUL 1      1.5                       4.6   -3.1      3.5
  SNOW DEPTH       0

DEGREE DAYS
 HEATING
  YESTERDAY       30                        31     -1       13
  MONTH TO DATE  442                       571   -129      577
  SINCE DEC 1    442                       571   -129      577
  SINCE JUL 1   1295                      1566   -271     1523

 COOLING
  YESTERDAY        0                         0      0        0
  MONTH TO DATE    0                         0      0        0
  SINCE DEC 1      0                         0      0        0
  SINCE JAN 1   1411                      1138    273     1576
..................................................................


WIND (MPH)
  RESULTANT WIND SPEED   5   RESULTANT WIND DIRECTION   S (200)
  HIGHEST WIND SPEED    15   HIGHEST WIND DIRECTION     S (180)
  HIGHEST GUST SPEED    19   HIGHEST GUST DIRECTION     S (180)
  AVERAGE WIND SPEED     6.5


SKY COVER
  AVERAGE SKY COVER 0.5


WEATHER CONDITIONS
 THE FOLLOWING WEATHER WAS RECORDED YESTERDAY.
  FOG
  FOG W/VISIBILITY <= 1/4 MILE
  HAZE


RELATIVE HUMIDITY (PERCENT)
 HIGHEST   100           100 AM
 LOWEST     65           100 PM
 AVERAGE    83

..........................................................


THE DALHART CLIMATE NORMALS FOR TODAY
                         NORMAL    RECORD    YEAR
 MAXIMUM TEMPERATURE (F)   48        73      1981
 MINIMUM TEMPERATURE (F)   19        -1      1990


SUNRISE AND SUNSET
DECEMBER 20 2014......SUNRISE   756 AM CST   SUNSET   539 PM CST
DECEMBER 21 2014......SUNRISE   757 AM CST   SUNSET   540 PM CST


-  INDICATES NEGATIVE NUMBERS.
R  INDICATES RECORD WAS SET OR TIED.
MM INDICATES DATA IS MISSING.
T  INDICATES TRACE AMOUNT.




$$
