000
CDUS44 KAMA 192230
CLIDHT


CLIMATE REPORT
NATIONAL WEATHER SERVICE AMARILLO TX
429 PM CST THU JAN 19 2017


...................................

...THE DALHART CLIMATE SUMMARY FOR JANUARY 19 2017...
VALID TODAY AS OF 0400 PM LOCAL TIME.

CLIMATE NORMAL PERIOD 1981 TO 2010
CLIMATE RECORD PERIOD 1948 TO 2017


WEATHER ITEM   OBSERVED TIME   RECORD YEAR NORMAL DEPARTURE LAST
                VALUE   (LST)  VALUE       VALUE  FROM      YEAR
                                                  NORMAL
..................................................................
TEMPERATURE (F)
 TODAY
  MAXIMUM         66    259 PM  78    1986  50     16       51
  MINIMUM         22    547 AM -14    1984  19      3       23
  AVERAGE         44                        35      9       37

PRECIPITATION (IN)
  TODAY            0.00          0.33 1993   0.01  -0.01     0.00
  MONTH TO DATE    0.90                      0.28   0.62     0.24
  SINCE DEC 1      1.10                      0.82   0.28     0.79
  SINCE JAN 1      0.90                      0.28   0.62     0.24

SNOWFALL (IN)
  TODAY            0.0           3.6  1993   0.2   -0.2      0.0
  MONTH TO DATE    0.0                       2.4   -2.4      4.0
  SINCE DEC 1      1.3                       6.7   -5.4      5.5
  SINCE JUL 1      1.3                       8.6   -7.3      6.0
  SNOW DEPTH       0

DEGREE DAYS
 HEATING
  TODAY           21                        30     -9       28
  MONTH TO DATE  533                       581    -48      590
  SINCE DEC 1   1425                      1529   -104     1387
  SINCE JUL 1   2001                      2524   -523     2097

 COOLING
  TODAY            0                         0      0        0
  MONTH TO DATE    0                         0      0        0
  SINCE DEC 1      0                         0      0        0
  SINCE JAN 1      0                         0      0        0
..................................................................


WIND (MPH)
  RESULTANT WIND SPEED   6   RESULTANT WIND DIRECTION   W (280)
  HIGHEST WIND SPEED    18   HIGHEST WIND DIRECTION     W (290)
  HIGHEST GUST SPEED    23   HIGHEST GUST DIRECTION     W (290)
  AVERAGE WIND SPEED     8.1


SKY COVER
  AVERAGE SKY COVER 0.0


WEATHER CONDITIONS
 THE FOLLOWING WEATHER WAS RECORDED TODAY.
  NO SIGNIFICANT WEATHER WAS OBSERVED.


RELATIVE HUMIDITY (PERCENT)
 HIGHEST   100           300 AM
 LOWEST     18           300 PM
 AVERAGE    59

..........................................................


THE DALHART CLIMATE NORMALS FOR TOMORROW
                         NORMAL    RECORD    YEAR
 MAXIMUM TEMPERATURE (F)   50        78      1986
 MINIMUM TEMPERATURE (F)   19        -6      1960


SUNRISE AND SUNSET
JANUARY 19 2017.......SUNRISE   759 AM CST   SUNSET   604 PM CST
JANUARY 20 2017.......SUNRISE   758 AM CST   SUNSET   605 PM CST


-  INDICATES NEGATIVE NUMBERS.
R  INDICATES RECORD WAS SET OR TIED.
MM INDICATES DATA IS MISSING.
T  INDICATES TRACE AMOUNT.




$$
