000
CDUS44 KAMA 240629
CLIDHT


CLIMATE REPORT
NATIONAL WEATHER SERVICE AMARILLO TX
128 AM CDT SAT JUN 24 2017


...................................

...THE DALHART CLIMATE SUMMARY FOR JUNE 23 2017...

CLIMATE NORMAL PERIOD 1981 TO 2010
CLIMATE RECORD PERIOD 1948 TO 2017


WEATHER ITEM   OBSERVED TIME   RECORD YEAR NORMAL DEPARTURE LAST
                VALUE   (LST)  VALUE       VALUE  FROM      YEAR
                                                  NORMAL
..................................................................
TEMPERATURE (F)
 YESTERDAY
  MAXIMUM         80    354 PM 105    2011  90    -10       96
  MINIMUM         64   1159 PM  50    1989  60      4       65
  AVERAGE         72                        75     -3       81

PRECIPITATION (IN)
  YESTERDAY        T             0.77 1957   0.07  -0.07     0.08
  MONTH TO DATE    0.09                      1.75  -1.66     1.74
  SINCE JUN 1      0.09                      1.75  -1.66     1.74
  SINCE JAN 1      9.23                      7.16   2.07     8.96

SNOWFALL (IN)
  YESTERDAY        0.0           0.0    MM   0.0    0.0      0.0
  MONTH TO DATE    0.0                       0.0    0.0      0.0
  SINCE JUN 1      0.0                       0.0    0.0      0.0
  SINCE JUL 1     11.3                      18.9   -7.6     12.7
  SNOW DEPTH       0

DEGREE DAYS
 HEATING
  YESTERDAY        0                         0      0        0
  MONTH TO DATE    0                         9     -9        0
  SINCE JUN 1      0                         9     -9        0
  SINCE JUL 1   3634                      4726  -1092     3851

 COOLING
  YESTERDAY        7                        10     -3       16
  MONTH TO DATE  273                       166    107      248
  SINCE JUN 1    273                       166    107      248
  SINCE JAN 1    350                       238    112      294
..................................................................


WIND (MPH)
  RESULTANT WIND SPEED  16   RESULTANT WIND DIRECTION  NE (40)
  HIGHEST WIND SPEED    32   HIGHEST WIND DIRECTION    NE (50)
  HIGHEST GUST SPEED    41   HIGHEST GUST DIRECTION    NE (30)
  AVERAGE WIND SPEED    17.5


SKY COVER
  AVERAGE SKY COVER 0.2


WEATHER CONDITIONS
 THE FOLLOWING WEATHER WAS RECORDED YESTERDAY.
  THUNDERSTORM
  LIGHT RAIN


RELATIVE HUMIDITY (PERCENT)
 HIGHEST    81           500 AM
 LOWEST     35           100 PM
 AVERAGE    58

..........................................................


THE DALHART CLIMATE NORMALS FOR TODAY
                         NORMAL    RECORD    YEAR
 MAXIMUM TEMPERATURE (F)   90       108      2011
 MINIMUM TEMPERATURE (F)   60        52      1976


SUNRISE AND SUNSET
JUNE 24 2017..........SUNRISE   635 AM CDT   SUNSET   911 PM CDT
JUNE 25 2017..........SUNRISE   635 AM CDT   SUNSET   911 PM CDT


-  INDICATES NEGATIVE NUMBERS.
R  INDICATES RECORD WAS SET OR TIED.
MM INDICATES DATA IS MISSING.
T  INDICATES TRACE AMOUNT.




$$
