000
CDUS44 KAMA 272232
CLIDHT


CLIMATE REPORT
NATIONAL WEATHER SERVICE AMARILLO TX
431 PM CST MON FEB 27 2017


...................................

...THE DALHART CLIMATE SUMMARY FOR FEBRUARY 27 2017...
VALID TODAY AS OF 0430 PM LOCAL TIME.

CLIMATE NORMAL PERIOD 1981 TO 2010
CLIMATE RECORD PERIOD 1948 TO 2017


WEATHER ITEM   OBSERVED TIME   RECORD YEAR NORMAL DEPARTURE LAST
                VALUE   (LST)  VALUE       VALUE  FROM      YEAR
                                                  NORMAL
..................................................................
TEMPERATURE (F)
 TODAY
  MAXIMUM         71    421 PM  79    2016  56     15       79
                                      2006
  MINIMUM         21    607 AM   4    1962  25     -4       27
  AVERAGE         46                        41      5       53

PRECIPITATION (IN)
  TODAY            0.00          1.22 1966   0.01  -0.01     0.00
  MONTH TO DATE    0.05                      0.38  -0.33     0.14
  SINCE DEC 1      1.28                      1.44  -0.16     0.93
  SINCE JAN 1      1.08                      0.90   0.18     0.38

SNOWFALL (IN)
  TODAY            0.0           5.0  1966   0.1   -0.1      0.0
  MONTH TO DATE    T                         2.9   -2.9      0.7
  SINCE DEC 1      1.3                      11.5  -10.2      6.2
  SINCE JUL 1      1.3                      13.4  -12.1      6.7
  SNOW DEPTH       0

DEGREE DAYS
 HEATING
  TODAY           19                        24     -5       12
  MONTH TO DATE  516                       736   -220      555
  SINCE DEC 1   2230                      2623   -393     2209
  SINCE JUL 1   2806                      3618   -812     2919

 COOLING
  TODAY            0                         0      0        0
  MONTH TO DATE    0                         0      0        0
  SINCE DEC 1      0                         0      0        0
  SINCE JAN 1      0                         0      0        0
..................................................................


WIND (MPH)
  RESULTANT WIND SPEED  16   RESULTANT WIND DIRECTION  SW (240)
  HIGHEST WIND SPEED    39   HIGHEST WIND DIRECTION    SW (240)
  HIGHEST GUST SPEED    49   HIGHEST GUST DIRECTION    SW (230)
  AVERAGE WIND SPEED    17.0


SKY COVER
  AVERAGE SKY COVER 0.0


WEATHER CONDITIONS
 THE FOLLOWING WEATHER WAS RECORDED TODAY.
  NO SIGNIFICANT WEATHER WAS OBSERVED.


RELATIVE HUMIDITY (PERCENT)
 HIGHEST    77           600 AM
 LOWEST     12           400 PM
 AVERAGE    45

..........................................................


THE DALHART CLIMATE NORMALS FOR TOMORROW
                         NORMAL    RECORD    YEAR
 MAXIMUM TEMPERATURE (F)   56        85      2006
 MINIMUM TEMPERATURE (F)   26         1      1962


SUNRISE AND SUNSET
FEBRUARY 27 2017......SUNRISE   723 AM CST   SUNSET   644 PM CST
FEBRUARY 28 2017......SUNRISE   721 AM CST   SUNSET   644 PM CST


-  INDICATES NEGATIVE NUMBERS.
R  INDICATES RECORD WAS SET OR TIED.
MM INDICATES DATA IS MISSING.
T  INDICATES TRACE AMOUNT.




$$
