000
CDUS44 KAMA 262252
CLIDHT


CLIMATE REPORT
NATIONAL WEATHER SERVICE AMARILLO TX
450 PM CST WED NOV 26 2014


...THE DALHART CLIMATE SUMMARY FOR NOVEMBER 26 2014...
VALID TODAY AS OF 400 PM LOCAL TIME.

CLIMATE NORMAL PERIOD 1981 TO 2010
CLIMATE RECORD PERIOD 1894 TO 2014


WEATHER ITEM   OBSERVED TIME   RECORD YEAR NORMAL DEPARTURE LAST
                VALUE   (LST)  VALUE       VALUE  FROM      YEAR
                                                  NORMAL
..................................................................
TEMPERATURE (F)
 TODAY
  MAXIMUM         50    233 PM  81    1977  54     -4       45
  MINIMUM         32    757 AM  -2    1952  24      8       23
  AVERAGE         41                        39      2       34

PRECIPITATION (IN)
  TODAY            0.00          0.07 1952   0.02  -0.02     0.00
  MONTH TO DATE    0.08                      0.53  -0.45     0.85
  SINCE SEP 1      2.64                      3.65  -1.01     2.61
  SINCE JAN 1     11.28                     17.00  -5.72     7.63

SNOWFALL (IN)
  TODAY            0.0           1.4  1952   0.0    0.0      0.0
  MONTH TO DATE    1.5                       1.0    0.5      3.0
  SINCE SEP 1      1.5                       1.6   -0.1      3.0
  SINCE JUL 1      1.5                       1.6   -0.1      3.0
  SNOW DEPTH       0

DEGREE DAYS
 HEATING
  TODAY           24                        26     -2       31
  MONTH TO DATE  598                       526     72      549
  SINCE SEP 1    790                       883    -93      852
  SINCE JUL 1    790                       886    -96      852

 COOLING
  TODAY            0                         0      0        0
  MONTH TO DATE    0                         0      0        0
  SINCE SEP 1    196                       142     54      223
  SINCE JAN 1   1411                      1138    273     1576
..................................................................


WIND (MPH)
  RESULTANT WIND SPEED  10   RESULTANT WIND DIRECTION   N (350)
  HIGHEST WIND SPEED    21   HIGHEST WIND DIRECTION     N (360)
  HIGHEST GUST SPEED    25   HIGHEST GUST DIRECTION     N (360)
  AVERAGE WIND SPEED   11.3


SKY COVER
  AVERAGE SKY COVER 0.0


WEATHER CONDITIONS
 THE FOLLOWING WEATHER WAS RECORDED TODAY.
  NO SIGNIFICANT WEATHER WAS OBSERVED.


RELATIVE HUMIDITY (PERCENT)
 HIGHEST    78           700 AM
 LOWEST     38           100 PM
 AVERAGE    58

..................................................................


THE DALHART CLIMATE NORMALS FOR TOMORROW
                         NORMAL    RECORD    YEAR
 MAXIMUM TEMPERATURE (F)   54        80      1949
 MINIMUM TEMPERATURE (F)   23        -4      1976


SUNRISE AND SUNSET
NOVEMBER 26 2014......SUNRISE   738 AM CST   SUNSET   537 PM CST
NOVEMBER 27 2014......SUNRISE   739 AM CST   SUNSET   537 PM CST


-  INDICATES NEGATIVE NUMBERS.
R  INDICATES RECORD WAS SET OR TIED.
MM INDICATES DATA IS MISSING.
T  INDICATES TRACE AMOUNT.


$$
