000
CDUS44 KAMA 181510
CLIDHT


CLIMATE REPORT
NATIONAL WEATHER SERVICE AMARILLO TX
910 AM CST MON DEC 18 2017


...................................

...THE DALHART CLIMATE SUMMARY FOR DECEMBER 18 2017...
VALID AS OF 0900 AM LOCAL TIME.

CLIMATE NORMAL PERIOD 1981 TO 2010
CLIMATE RECORD PERIOD 1948 TO 2017


WEATHER ITEM   OBSERVED TIME   RECORD YEAR NORMAL DEPARTURE LAST
                VALUE   (LST)  VALUE       VALUE  FROM      YEAR
                                                  NORMAL
..................................................................
TEMPERATURE (F)
 TODAY
  MINIMUM         19    343 AM  -8    2016  19      0       -8

PRECIPITATION (IN)
  TODAY            0.00          0.27 1991   0.02  -0.02     0.00
  MONTH TO DATE    T                         0.32  -0.32     0.03
  SINCE DEC 1      T                         0.32  -0.32     0.03
  SINCE JAN 1     24.41                     17.37   7.04    18.91

SNOWFALL (IN)
  TODAY            0.0           3.1  1995   0.1   -0.1      0.0
  MONTH TO DATE    0.0                       2.5   -2.5      1.3
  SINCE DEC 1      0.0                       2.5   -2.5      1.3
  SINCE JUL 1      2.3                       4.4   -2.1      1.3
  SNOW DEPTH       0

..................................................................


WIND (MPH)
  RESULTANT WIND SPEED   4   RESULTANT WIND DIRECTION   W (250)
  HIGHEST WIND SPEED    12   HIGHEST WIND DIRECTION     S (190)
  HIGHEST GUST SPEED    13   HIGHEST GUST DIRECTION     S (190)
  AVERAGE WIND SPEED     5.0


SKY COVER
  AVERAGE SKY COVER 0.0


WEATHER CONDITIONS
 THE FOLLOWING WEATHER WAS RECORDED TODAY.
  FOG
  HAZE


RELATIVE HUMIDITY (PERCENT)
 HIGHEST    88           600 AM
 LOWEST     74           700 AM
 AVERAGE    81

..........................................................


THE DALHART CLIMATE NORMALS FOR TOMORROW
                         NORMAL    RECORD    YEAR
 MAXIMUM TEMPERATURE (F)   48        70      2013
 MINIMUM TEMPERATURE (F)   19        -3      1996


SUNRISE AND SUNSET
DECEMBER 18 2017......SUNRISE   755 AM CST   SUNSET   538 PM CST
DECEMBER 19 2017......SUNRISE   756 AM CST   SUNSET   539 PM CST


-  INDICATES NEGATIVE NUMBERS.
R  INDICATES RECORD WAS SET OR TIED.
MM INDICATES DATA IS MISSING.
T  INDICATES TRACE AMOUNT.




$$
