000
CDUS44 KAMA 172134
CLIDHT


CLIMATE REPORT
NATIONAL WEATHER SERVICE AMARILLO TX
432 PM CDT THU AUG 17 2017


...................................

...THE DALHART CLIMATE SUMMARY FOR AUGUST 17 2017...
VALID TODAY AS OF 0400 PM LOCAL TIME.

CLIMATE NORMAL PERIOD 1981 TO 2010
CLIMATE RECORD PERIOD 1948 TO 2017


WEATHER ITEM   OBSERVED TIME   RECORD YEAR NORMAL DEPARTURE LAST
                VALUE   (LST)  VALUE       VALUE  FROM      YEAR
                                                  NORMAL
..................................................................
TEMPERATURE (F)
 TODAY
  MAXIMUM         90    232 PM 102    1969  89      1       94
  MINIMUM         62    706 AM  53    1950  62      0       58
  AVERAGE         76                        75      1       76

PRECIPITATION (IN)
  TODAY            0.00          1.20 1981   0.09  -0.09     0.00
  MONTH TO DATE    3.51                      1.79   1.72     1.60
  SINCE JUN 1      7.78                      6.88   0.90     5.68
  SINCE JAN 1     16.92                     12.29   4.63    12.90

SNOWFALL (IN)
  TODAY            0.0           0.0    MM   0.0    0.0      0.0
  MONTH TO DATE    0.0                       0.0    0.0      0.0
  SINCE JUN 1      0.0                       0.0    0.0      0.0
  SINCE JUL 1      0.0                       0.0    0.0      0.0
  SNOW DEPTH       0

DEGREE DAYS
 HEATING
  TODAY            0                         0      0        0
  MONTH TO DATE    0                         0      0        0
  SINCE JUN 1      0                        13    -13        0
  SINCE JUL 1      0                         1     -1        0

 COOLING
  TODAY           11                        10      1       11
  MONTH TO DATE  143                       187    -44      232
  SINCE JUN 1    964                       792    172     1114
  SINCE JAN 1   1041                       864    177     1160
..................................................................


WIND (MPH)
  RESULTANT WIND SPEED   3   RESULTANT WIND DIRECTION   S (180)
  HIGHEST WIND SPEED    20   HIGHEST WIND DIRECTION     S (180)
  HIGHEST GUST SPEED    23   HIGHEST GUST DIRECTION     S (160)
  AVERAGE WIND SPEED     6.4


SKY COVER
  AVERAGE SKY COVER 0.0


WEATHER CONDITIONS
 THE FOLLOWING WEATHER WAS RECORDED TODAY.
  NO SIGNIFICANT WEATHER WAS OBSERVED.


RELATIVE HUMIDITY (PERCENT)
 HIGHEST    90           700 AM
 LOWEST     44           300 PM
 AVERAGE    67

..........................................................


THE DALHART CLIMATE NORMALS FOR TOMORROW
                         NORMAL    RECORD    YEAR
 MAXIMUM TEMPERATURE (F)   89       101      2002
 MINIMUM TEMPERATURE (F)   62        50      1950


SUNRISE AND SUNSET
AUGUST 17 2017........SUNRISE   710 AM CDT   SUNSET   837 PM CDT
AUGUST 18 2017........SUNRISE   711 AM CDT   SUNSET   836 PM CDT


-  INDICATES NEGATIVE NUMBERS.
R  INDICATES RECORD WAS SET OR TIED.
MM INDICATES DATA IS MISSING.
T  INDICATES TRACE AMOUNT.




$$
