574
CDUS43 KBIS 260734
CLIDIK


CLIMATE REPORT
NATIONAL WEATHER SERVICE BISMARCK ND
233 AM CDT FRI MAY 26 2017


...................................

...THE DICKINSON ND CLIMATE SUMMARY FOR MAY 25 2017...

CLIMATE NORMAL PERIOD 1981 TO 2010
CLIMATE RECORD PERIOD 1893 TO 2017


WEATHER ITEM   OBSERVED TIME   RECORD YEAR NORMAL DEPARTURE LAST
                VALUE   (LST)  VALUE       VALUE  FROM      YEAR
                                                  NORMAL
..................................................................
TEMPERATURE (F)
 YESTERDAY
  MAXIMUM         65   1212 PM  95    1931  69     -4       61
  MINIMUM         38    331 AM  24    1924  43     -5       41
  AVERAGE         52                        56     -4       51

PRECIPITATION (IN)
  YESTERDAY        0.00          1.17 1906   0.08  -0.08     0.01
  MONTH TO DATE    1.21                      1.81  -0.60     0.17
  SINCE MAR 1      2.05                      3.97  -1.92     2.80
  SINCE JAN 1      2.33                      4.60  -2.27     3.22

DEGREE DAYS
 HEATING
  YESTERDAY       13                         9      4       14
  MONTH TO DATE  290                       327    -37      316
  SINCE MAR 1   2006                      2095    -89     1862
  SINCE JUL 1   8136                      8389   -253     7271

 COOLING
  YESTERDAY        0                         0      0        0
  MONTH TO DATE   10                         0     10        3
  SINCE MAR 1     10                         1      9        3
  SINCE JAN 1     10                         1      9        3
..................................................................


WIND (MPH)
  HIGHEST WIND SPEED    36   HIGHEST WIND DIRECTION     W (260)
  HIGHEST GUST SPEED    46   HIGHEST GUST DIRECTION     W (260)
  AVERAGE WIND SPEED    17.3


SKY COVER
  POSSIBLE SUNSHINE  MM
  AVERAGE SKY COVER 0.5


WEATHER CONDITIONS
 THE FOLLOWING WEATHER WAS RECORDED YESTERDAY.
  FOG
  FOG W/VISIBILITY <= 1/4 MILE


RELATIVE HUMIDITY (PERCENT)
 HIGHEST   100           200 AM
 LOWEST     36           900 AM
 AVERAGE    68

..........................................................


THE DICKINSON ND CLIMATE NORMALS FOR TODAY
                         NORMAL    RECORD    YEAR
 MAXIMUM TEMPERATURE (F)   69        98      1900
 MINIMUM TEMPERATURE (F)   44        23      1893


SUNRISE AND SUNSET
MAY 26 2017...........SUNRISE   505 AM MDT   SUNSET   832 PM MDT
MAY 27 2017...........SUNRISE   504 AM MDT   SUNSET   833 PM MDT


-  INDICATES NEGATIVE NUMBERS.
R  INDICATES RECORD WAS SET OR TIED.
MM INDICATES DATA IS MISSING.
T  INDICATES TRACE AMOUNT.




$$
