000
CDUS43 KBIS 210729
CLIDIK


CLIMATE REPORT
NATIONAL WEATHER SERVICE BISMARCK ND
227 AM CDT TUE OCT 21 2014


...................................

...THE DICKINSON ND CLIMATE SUMMARY FOR OCTOBER 20 2014...

CLIMATE NORMAL PERIOD 1981 TO 2010
CLIMATE RECORD PERIOD 1903 TO 2014


WEATHER ITEM   OBSERVED TIME   RECORD YEAR NORMAL DEPARTURE LAST
                VALUE   (LST)  VALUE       VALUE  FROM      YEAR
                                                  NORMAL
..................................................................
TEMPERATURE (F)
 YESTERDAY
  MAXIMUM         74    155 PM  79    1921  55     19       46
  MINIMUM         38    410 AM   7    1910  30      8       28
  AVERAGE         56                        42     14       37

PRECIPITATION (IN)
  YESTERDAY        0.00          0.22 1996   0.03  -0.03     0.05
  MONTH TO DATE    0.35                      0.88  -0.53     4.23
  SINCE SEP 1      1.71                      2.35  -0.64     7.55
  SINCE JAN 1     21.48                     14.64   6.84    22.56

DEGREE DAYS
 HEATING
  YESTERDAY        9                        23    -14       28
  MONTH TO DATE  330                       376    -46      390
  SINCE SEP 1    592                       644    -52      518
  SINCE JUL 1    693                       730    -37      558

 COOLING
  YESTERDAY        0                         0      0        0
  MONTH TO DATE    0                         0      0        0
  SINCE SEP 1     24                        32     -8       74
  SINCE JAN 1    256                       418   -162      386
..................................................................


WIND (MPH)
  HIGHEST WIND SPEED    25   HIGHEST WIND DIRECTION     S (170)
  HIGHEST GUST SPEED    30   HIGHEST GUST DIRECTION     S (180)
  AVERAGE WIND SPEED    13.6


SKY COVER
  POSSIBLE SUNSHINE  MM
  AVERAGE SKY COVER 0.0


WEATHER CONDITIONS
 THE FOLLOWING WEATHER WAS RECORDED YESTERDAY.
  NO SIGNIFICANT WEATHER WAS OBSERVED.


RELATIVE HUMIDITY (PERCENT)
 HIGHEST    85           400 AM
 LOWEST     31           200 PM
 AVERAGE    58

..........................................................


THE DICKINSON ND CLIMATE NORMALS FOR TODAY
                         NORMAL    RECORD    YEAR
 MAXIMUM TEMPERATURE (F)   54        82      1927
 MINIMUM TEMPERATURE (F)   30        11      1906


SUNRISE AND SUNSET
OCTOBER 21 2014.......SUNRISE   718 AM MDT   SUNSET   553 PM MDT
OCTOBER 22 2014.......SUNRISE   719 AM MDT   SUNSET   552 PM MDT


-  INDICATES NEGATIVE NUMBERS.
R  INDICATES RECORD WAS SET OR TIED.
MM INDICATES DATA IS MISSING.
T  INDICATES TRACE AMOUNT.




$$
