000
CDUS43 KBIS 270722
CLIDIK


CLIMATE REPORT
NATIONAL WEATHER SERVICE BISMARCK ND
120 AM CST THU NOV 27 2014


...................................

...THE DICKINSON ND CLIMATE SUMMARY FOR NOVEMBER 26 2014...

CLIMATE NORMAL PERIOD 1981 TO 2010
CLIMATE RECORD PERIOD 1903 TO 2014


WEATHER ITEM   OBSERVED TIME   RECORD YEAR NORMAL DEPARTURE LAST
                VALUE   (LST)  VALUE       VALUE  FROM      YEAR
                                                  NORMAL
..................................................................
TEMPERATURE (F)
 YESTERDAY
  MAXIMUM         22    312 PM  66    1998  34    -12       26
  MINIMUM          9    851 PM -15    1985  14     -5        8
  AVERAGE         16                        24     -8       17

PRECIPITATION (IN)
  YESTERDAY        T             0.23 2004   0.01  -0.01     0.00
  MONTH TO DATE    0.29                      0.50  -0.21     0.06
  SINCE SEP 1      2.02                      3.20  -1.18     7.83
  SINCE JAN 1     21.79                     15.49   6.30    22.84

DEGREE DAYS
 HEATING
  YESTERDAY       49                        41      8       48
  MONTH TO DATE 1097                       897    200      920
  SINCE SEP 1   1916                      1822     94     1761
  SINCE JUL 1   2017                      1908    109     1801

 COOLING
  YESTERDAY        0                         0      0        0
  MONTH TO DATE    0                         0      0        0
  SINCE SEP 1     24                        33     -9       74
  SINCE JAN 1    256                       419   -163      386
..................................................................


WIND (MPH)
  HIGHEST WIND SPEED    15   HIGHEST WIND DIRECTION     S (160)
  HIGHEST GUST SPEED    18   HIGHEST GUST DIRECTION     S (160)
  AVERAGE WIND SPEED     5.6


SKY COVER
  POSSIBLE SUNSHINE  MM
  AVERAGE SKY COVER 0.8


WEATHER CONDITIONS
 THE FOLLOWING WEATHER WAS RECORDED YESTERDAY.
  LIGHT SNOW
  FOG
  HAZE


RELATIVE HUMIDITY (PERCENT)
 HIGHEST    92          1100 PM
 LOWEST     68           100 PM
 AVERAGE    80

..........................................................


THE DICKINSON ND CLIMATE NORMALS FOR TODAY
                         NORMAL    RECORD    YEAR
 MAXIMUM TEMPERATURE (F)   34        68      1949
 MINIMUM TEMPERATURE (F)   14       -15      1985


SUNRISE AND SUNSET
NOVEMBER 27 2014......SUNRISE   710 AM MST   SUNSET   407 PM MST
NOVEMBER 28 2014......SUNRISE   712 AM MST   SUNSET   406 PM MST


-  INDICATES NEGATIVE NUMBERS.
R  INDICATES RECORD WAS SET OR TIED.
MM INDICATES DATA IS MISSING.
T  INDICATES TRACE AMOUNT.




$$
