000
CDUS43 KBIS 260724
CLIDIK


CLIMATE REPORT
NATIONAL WEATHER SERVICE BISMARCK ND
124 AM CST MON JAN 26 2015


...................................

...THE DICKINSON ND CLIMATE SUMMARY FOR JANUARY 25 2015...

CLIMATE NORMAL PERIOD 1981 TO 2010
CLIMATE RECORD PERIOD 1903 TO 2015


WEATHER ITEM   OBSERVED TIME   RECORD YEAR NORMAL DEPARTURE LAST
                VALUE   (LST)  VALUE       VALUE  FROM      YEAR
                                                  NORMAL
..................................................................
TEMPERATURE (F)
 YESTERDAY
  MAXIMUM         46    251 PM  59    2007  27     19       46
  MINIMUM         32    248 AM -39    1929   7     25       31
  AVERAGE         39                        17     22       39

PRECIPITATION (IN)
  YESTERDAY        0.00          0.15 1951   0.01  -0.01      T
  MONTH TO DATE    0.11                      0.25  -0.14     0.02
  SINCE DEC 1      0.18                      0.49  -0.31     0.38
  SINCE JAN 1      0.11                      0.25  -0.14     0.02

DEGREE DAYS
 HEATING
  YESTERDAY       26                        48    -22       26
  MONTH TO DATE 1148                      1221    -73     1142
  SINCE DEC 1   2392                      2681   -289     2853
  SINCE JUL 1   4598                      4758   -160     4797

 COOLING
  YESTERDAY        0                         0      0        0
  MONTH TO DATE    0                         0      0        0
  SINCE DEC 1      0                         0      0        0
  SINCE JAN 1      0                         0      0        0
..................................................................


WIND (MPH)
  HIGHEST WIND SPEED    22   HIGHEST WIND DIRECTION     W (270)
  HIGHEST GUST SPEED    28   HIGHEST GUST DIRECTION     W (270)
  AVERAGE WIND SPEED    12.9


SKY COVER
  POSSIBLE SUNSHINE  MM
  AVERAGE SKY COVER 0.5


WEATHER CONDITIONS
 THE FOLLOWING WEATHER WAS RECORDED YESTERDAY.
  NO SIGNIFICANT WEATHER WAS OBSERVED.


RELATIVE HUMIDITY (PERCENT)
 HIGHEST    82          1200 AM
 LOWEST     58           300 PM
 AVERAGE    70

..........................................................


THE DICKINSON ND CLIMATE NORMALS FOR TODAY
                         NORMAL    RECORD    YEAR
 MAXIMUM TEMPERATURE (F)   27        49      1931
 MINIMUM TEMPERATURE (F)    7       -35      1950


SUNRISE AND SUNSET
JANUARY 26 2015.......SUNRISE   723 AM MST   SUNSET   445 PM MST
JANUARY 27 2015.......SUNRISE   722 AM MST   SUNSET   447 PM MST


-  INDICATES NEGATIVE NUMBERS.
R  INDICATES RECORD WAS SET OR TIED.
MM INDICATES DATA IS MISSING.
T  INDICATES TRACE AMOUNT.




$$
