000
CDUS43 KBIS 302240
CLIDIK


CLIMATE REPORT
NATIONAL WEATHER SERVICE BISMARCK ND
540 PM CDT SAT MAY 30 2015


...................................

...THE DICKINSON ND CLIMATE SUMMARY FOR MAY 30 2015...
VALID TODAY AS OF 0500 PM LOCAL TIME.

CLIMATE NORMAL PERIOD 1981 TO 2010
CLIMATE RECORD PERIOD 1893 TO 2015


WEATHER ITEM   OBSERVED TIME   RECORD YEAR NORMAL DEPARTURE LAST
                VALUE   (LST)  VALUE       VALUE  FROM      YEAR
                                                  NORMAL
..................................................................
TEMPERATURE (F)
 TODAY
  MAXIMUM         60    100 PM  98    1934  70    -10       69
  MINIMUM         31    400 AM  29    1947  45    -14       55
  AVERAGE         46                        57    -11       62

PRECIPITATION (IN)
  TODAY            0.00          1.23 2013   0.09  -0.09     0.00
  MONTH TO DATE    1.66                      2.23  -0.57     5.76
  SINCE MAR 1      3.16                      4.39  -1.23     7.45
  SINCE JAN 1      3.43                      5.02  -1.59     7.62

DEGREE DAYS
 HEATING
  TODAY           19                         8     11        3
  MONTH TO DATE  429                       370     59      384
  SINCE MAR 1   1896                      2138   -242     2355
  SINCE JUL 1   8011                      8432   -421     8997

 COOLING
  TODAY            0                         1     -1        0
  MONTH TO DATE    0                         1     -1       30
  SINCE MAR 1      0                         2     -2       30
  SINCE JAN 1      0                         2     -2       30
..................................................................


WIND (MPH)
  RESULTANT WIND SPEED  14   RESULTANT WIND DIRECTION  SE (140)
  HIGHEST WIND SPEED    23   HIGHEST WIND DIRECTION    SE (150)
  HIGHEST GUST SPEED    36   HIGHEST GUST DIRECTION    SE (130)
  AVERAGE WIND SPEED    14.1


SKY COVER
  POSSIBLE SUNSHINE  MM
  AVERAGE SKY COVER 0.0


WEATHER CONDITIONS
 THE FOLLOWING WEATHER WAS RECORDED TODAY.
  NO SIGNIFICANT WEATHER WAS OBSERVED.


RELATIVE HUMIDITY (PERCENT)
 HIGHEST    MM          1200 AM
 LOWEST     MM          1200 AM
 AVERAGE    MM

..........................................................


THE DICKINSON ND CLIMATE NORMALS FOR TOMORROW
                         NORMAL    RECORD    YEAR
 MAXIMUM TEMPERATURE (F)   70        90      1936
 MINIMUM TEMPERATURE (F)   45        31      1924


SUNRISE AND SUNSET
MAY 30 2015...........SUNRISE   502 AM MDT   SUNSET   836 PM MDT
MAY 31 2015...........SUNRISE   502 AM MDT   SUNSET   837 PM MDT


-  INDICATES NEGATIVE NUMBERS.
R  INDICATES RECORD WAS SET OR TIED.
MM INDICATES DATA IS MISSING.
T  INDICATES TRACE AMOUNT.




$$
