000
CDUS43 KBIS 200726
CLIDIK


CLIMATE REPORT
NATIONAL WEATHER SERVICE BISMARCK ND
225 AM CDT WED AUG 20 2014


...................................

...THE DICKINSON ND CLIMATE SUMMARY FOR AUGUST 19 2014...

CLIMATE NORMAL PERIOD 1981 TO 2010
CLIMATE RECORD PERIOD 1903 TO 2014


WEATHER ITEM   OBSERVED TIME   RECORD YEAR NORMAL DEPARTURE LAST
                VALUE   (LST)  VALUE       VALUE  FROM      YEAR
                                                  NORMAL
..................................................................
TEMPERATURE (F)
 YESTERDAY
  MAXIMUM         87    315 PM  98    1948  83      4       97
  MINIMUM         56    532 AM  32    1950  53      3       55
  AVERAGE         72                        68      4       76

PRECIPITATION (IN)
  YESTERDAY        0.00          1.47 1982   0.05  -0.05     0.00
  MONTH TO DATE    4.38                      0.95   3.43     1.67
  SINCE JUN 1      9.32                      6.59   2.73     6.08
  SINCE JAN 1     17.36                     11.70   5.66    15.01

DEGREE DAYS
 HEATING
  YESTERDAY        0                         2     -2        0
  MONTH TO DATE    2                        21    -19        8
  SINCE JUN 1    216                       192     24      164
  SINCE JUL 1     51                        55     -4       40

 COOLING
  YESTERDAY        7                         5      2       11
  MONTH TO DATE   84                       109    -25       51
  SINCE JUN 1    191                       328   -137      185
  SINCE JAN 1    221                       338   -117      194
..................................................................


WIND (MPH)
  HIGHEST WIND SPEED    15   HIGHEST WIND DIRECTION     S (170)
  HIGHEST GUST SPEED    20   HIGHEST GUST DIRECTION     S (170)
  AVERAGE WIND SPEED     7.1


SKY COVER
  POSSIBLE SUNSHINE  MM
  AVERAGE SKY COVER 0.0


WEATHER CONDITIONS
 THE FOLLOWING WEATHER WAS RECORDED YESTERDAY.
  FOG


RELATIVE HUMIDITY (PERCENT)
 HIGHEST    93           100 AM
 LOWEST     40          1200 PM
 AVERAGE    67

..........................................................


THE DICKINSON ND CLIMATE NORMALS FOR TODAY
                         NORMAL    RECORD    YEAR
 MAXIMUM TEMPERATURE (F)   83       102      1948
 MINIMUM TEMPERATURE (F)   53        34      1945


SUNRISE AND SUNSET
AUGUST 20 2014........SUNRISE   555 AM MDT   SUNSET   753 PM MDT
AUGUST 21 2014........SUNRISE   557 AM MDT   SUNSET   751 PM MDT


-  INDICATES NEGATIVE NUMBERS.
R  INDICATES RECORD WAS SET OR TIED.
MM INDICATES DATA IS MISSING.
T  INDICATES TRACE AMOUNT.




$$
