000
CDUS43 KBIS 240745
CLIDIK


CLIMATE REPORT
NATIONAL WEATHER SERVICE BISMARCK ND
143 AM CST FRI NOV 24 2017


...................................

...THE DICKINSON ND CLIMATE SUMMARY FOR NOVEMBER 23 2017...

CLIMATE NORMAL PERIOD 1981 TO 2010
CLIMATE RECORD PERIOD 1893 TO 2017


WEATHER ITEM   OBSERVED TIME   RECORD YEAR NORMAL DEPARTURE LAST
                VALUE   (LST)  VALUE       VALUE  FROM      YEAR
                                                  NORMAL
..................................................................
TEMPERATURE (F)
 YESTERDAY
  MAXIMUM         70R   207 PM  63    1984  36     34       30
  MINIMUM         31   1214 AM -15    1996  15     16       27
  AVERAGE         51                        26     25       29

PRECIPITATION (IN)
  YESTERDAY        0.00          0.33 1996   0.01  -0.01      T
  MONTH TO DATE    0.08                      0.47  -0.39      T
  SINCE SEP 1      2.97                      3.17  -0.20     4.35
  SINCE JAN 1     10.21                     15.46  -5.25    15.98

DEGREE DAYS
 HEATING
  YESTERDAY       14                        39    -25       36
  MONTH TO DATE  855                       776     79      548
  SINCE SEP 1   1729                      1701     28     1372
  SINCE JUL 1   1780                      1787     -7     1432

 COOLING
  YESTERDAY        0                         0      0        0
  MONTH TO DATE    0                         0      0        0
  SINCE SEP 1     41                        33      8       21
  SINCE JAN 1    487                       419     68      315
..................................................................


WIND (MPH)
  HIGHEST WIND SPEED    28   HIGHEST WIND DIRECTION     W (260)
  HIGHEST GUST SPEED    35   HIGHEST GUST DIRECTION     W (250)
  AVERAGE WIND SPEED    15.4


SKY COVER
  POSSIBLE SUNSHINE  MM
  AVERAGE SKY COVER 0.0


WEATHER CONDITIONS
 THE FOLLOWING WEATHER WAS RECORDED YESTERDAY.
  NO SIGNIFICANT WEATHER WAS OBSERVED.


RELATIVE HUMIDITY (PERCENT)
 HIGHEST   100          1200 AM
 LOWEST     31           100 PM
 AVERAGE    66

..........................................................


THE DICKINSON ND CLIMATE NORMALS FOR TODAY
                         NORMAL    RECORD    YEAR
 MAXIMUM TEMPERATURE (F)   35        66      1984
 MINIMUM TEMPERATURE (F)   15       -17      1977


SUNRISE AND SUNSET
NOVEMBER 24 2017......SUNRISE   707 AM MST   SUNSET   409 PM MST
NOVEMBER 25 2017......SUNRISE   708 AM MST   SUNSET   408 PM MST


-  INDICATES NEGATIVE NUMBERS.
R  INDICATES RECORD WAS SET OR TIED.
MM INDICATES DATA IS MISSING.
T  INDICATES TRACE AMOUNT.




$$
