000
CDUS43 KBIS 010724
CLIDIK


CLIMATE REPORT
NATIONAL WEATHER SERVICE BISMARCK ND
123 AM CST SUN MAR 1 2015


...................................

...THE DICKINSON ND CLIMATE SUMMARY FOR FEBRUARY 28 2015...

CLIMATE NORMAL PERIOD 1981 TO 2010
CLIMATE RECORD PERIOD 1903 TO 2015


WEATHER ITEM   OBSERVED TIME   RECORD YEAR NORMAL DEPARTURE LAST
                VALUE   (LST)  VALUE       VALUE  FROM      YEAR
                                                  NORMAL
..................................................................
TEMPERATURE (F)
 YESTERDAY
  MAXIMUM         21    213 PM  63    1905  35    -14       19
  MINIMUM          3    931 PM -37    1919  14    -11       -8
  AVERAGE         12                        24    -12        6

PRECIPITATION (IN)
  YESTERDAY        0.00          0.30 1951   0.02  -0.02      T
  MONTH TO DATE    0.15                      0.33  -0.18     0.13
  SINCE DEC 1      0.34                      0.87  -0.53     0.53
  SINCE JAN 1      0.27                      0.63  -0.36     0.17

DEGREE DAYS
 HEATING
  YESTERDAY       53                        41     12       59
  MONTH TO DATE 1330                      1247     83     1509
  SINCE DEC 1   3909                      4217   -308     4698
  SINCE JUL 1   6115                      6294   -179     6642

 COOLING
  YESTERDAY        0                         0      0        0
  MONTH TO DATE    0                         0      0        0
  SINCE DEC 1      0                         0      0        0
  SINCE JAN 1      0                         0      0        0
..................................................................


WIND (MPH)
  HIGHEST WIND SPEED    26   HIGHEST WIND DIRECTION    NW (300)
  HIGHEST GUST SPEED    32   HIGHEST GUST DIRECTION    NW (300)
  AVERAGE WIND SPEED    14.8


SKY COVER
  POSSIBLE SUNSHINE  MM
  AVERAGE SKY COVER 0.4


WEATHER CONDITIONS
 THE FOLLOWING WEATHER WAS RECORDED YESTERDAY.
  NO SIGNIFICANT WEATHER WAS OBSERVED.


RELATIVE HUMIDITY (PERCENT)
 HIGHEST    83           300 AM
 LOWEST     49           100 PM
 AVERAGE    66

..........................................................


THE DICKINSON ND CLIMATE NORMALS FOR TODAY
                         NORMAL    RECORD    YEAR
 MAXIMUM TEMPERATURE (F)   35        70      1992
 MINIMUM TEMPERATURE (F)   14       -28      1962


SUNRISE AND SUNSET
MARCH  1 2015.........SUNRISE   631 AM MST   SUNSET   537 PM MST
MARCH  2 2015.........SUNRISE   629 AM MST   SUNSET   538 PM MST


-  INDICATES NEGATIVE NUMBERS.
R  INDICATES RECORD WAS SET OR TIED.
MM INDICATES DATA IS MISSING.
T  INDICATES TRACE AMOUNT.




$$
