000
CDUS43 KBIS 270037
CLIDIK


CLIMATE REPORT
NATIONAL WEATHER SERVICE BISMARCK ND
736 PM CDT FRI AUG 26 2016


...................................

...THE DICKINSON ND CLIMATE SUMMARY FOR AUGUST 26 2016...
VALID TODAY AS OF 0700 PM LOCAL TIME.

CLIMATE NORMAL PERIOD 1981 TO 2010
CLIMATE RECORD PERIOD 1893 TO 2016


WEATHER ITEM   OBSERVED TIME   RECORD YEAR NORMAL DEPARTURE LAST
                VALUE   (LST)  VALUE       VALUE  FROM      YEAR
                                                  NORMAL
..................................................................
TEMPERATURE (F)
 TODAY
  MAXIMUM         73   1035 AM 101    1939  81     -8       86
                                      1904
  MINIMUM         43    302 AM  29    1896  51     -8       49
  AVERAGE         58                        66     -8       68

PRECIPITATION (IN)
  TODAY            T             1.00 1952   0.05  -0.05     0.00
  MONTH TO DATE    0.61                      1.29  -0.68     0.76
  SINCE JUN 1      7.17                      6.93   0.24     6.06
  SINCE JAN 1     11.59                     12.04  -0.45     9.49

DEGREE DAYS
 HEATING
  TODAY            7                         3      4        0
  MONTH TO DATE   43                        36      7       44
  SINCE JUN 1    119                       207    -88      126
  SINCE JUL 1     60                        70    -10       58

 COOLING
  TODAY            0                         4     -4        3
  MONTH TO DATE   81                       138    -57      118
  SINCE JUN 1    272                       357    -85      348
  SINCE JAN 1    275                       367    -92      348
..................................................................


WIND (MPH)
  RESULTANT WIND SPEED  10   RESULTANT WIND DIRECTION   S (190)
  HIGHEST WIND SPEED    21   HIGHEST WIND DIRECTION    SW (210)
  HIGHEST GUST SPEED    29   HIGHEST GUST DIRECTION    SW (210)
  AVERAGE WIND SPEED    10.1


SKY COVER
  POSSIBLE SUNSHINE  MM
  AVERAGE SKY COVER 0.2


WEATHER CONDITIONS
 THE FOLLOWING WEATHER WAS RECORDED TODAY.
  THUNDERSTORM
  LIGHT RAIN


RELATIVE HUMIDITY (PERCENT)
 HIGHEST    83           500 AM
 LOWEST     31          1100 AM
 AVERAGE    57

..........................................................


THE DICKINSON ND CLIMATE NORMALS FOR TOMORROW
                         NORMAL    RECORD    YEAR
 MAXIMUM TEMPERATURE (F)   80       107      1905
 MINIMUM TEMPERATURE (F)   51        33      1916
                                             1893


SUNRISE AND SUNSET
AUGUST 26 2016........SUNRISE   604 AM MDT   SUNSET   741 PM MDT
AUGUST 27 2016........SUNRISE   605 AM MDT   SUNSET   739 PM MDT


-  INDICATES NEGATIVE NUMBERS.
R  INDICATES RECORD WAS SET OR TIED.
MM INDICATES DATA IS MISSING.
T  INDICATES TRACE AMOUNT.




$$
