000
CDUS43 KDLH 280649
CLIDLH


CLIMATE REPORT
NATIONAL WEATHER SERVICE DULUTH MN
1247 AM CST TUE FEB 28 2017


...................................

...THE DULUTH MN CLIMATE SUMMARY FOR FEBRUARY 27 2017...

CLIMATE NORMAL PERIOD 1981 TO 2010
CLIMATE RECORD PERIOD 1870 TO 2017


WEATHER ITEM   OBSERVED TIME   RECORD YEAR NORMAL DEPARTURE LAST
                VALUE   (LST)  VALUE       VALUE  FROM      YEAR
                                                  NORMAL
..................................................................
TEMPERATURE (F)
 YESTERDAY
  MAXIMUM         32    355 PM  54    1896  28      4       52
  MINIMUM          4    112 AM -26    1879  11     -7       28
  AVERAGE         18                        19     -1       40

PRECIPITATION (IN)
  YESTERDAY        T             1.16 1998   0.04  -0.04     0.00
  MONTH TO DATE    1.63                      0.77   0.86     0.76
  SINCE DEC 1      4.86                      2.94   1.92     5.51
  SINCE JAN 1      2.79                      1.73   1.06     1.81

SNOWFALL (IN)
  YESTERDAY        0.2           8.4  1996   0.6   -0.4      0.0
  MONTH TO DATE   11.5                      11.9   -0.4     11.2
  SINCE DEC 1     48.3                      49.0   -0.7     48.8
  SINCE JUL 1     56.4                      65.1   -8.7     53.2
  SNOW DEPTH       9

DEGREE DAYS
 HEATING
  YESTERDAY       47                        46      1       25
  MONTH TO DATE 1148                      1354   -206     1287
  SINCE DEC 1   4171                      4609   -438     4085
  SINCE JUL 1   5653                      6822  -1169     5748

 COOLING
  YESTERDAY        0                         0      0        0
  MONTH TO DATE    0                         0      0        0
  SINCE DEC 1      0                         0      0        0
  SINCE JAN 1      0                         0      0        0
..................................................................


WIND (MPH)
  HIGHEST WIND SPEED    17   HIGHEST WIND DIRECTION     E (110)
  HIGHEST GUST SPEED    22   HIGHEST GUST DIRECTION     N (350)
  AVERAGE WIND SPEED     5.1


SKY COVER
  AVERAGE SKY COVER 0.8


WEATHER CONDITIONS
 THE FOLLOWING WEATHER WAS RECORDED YESTERDAY.
  LIGHT SNOW
  FOG
  HAZE


RELATIVE HUMIDITY (PERCENT)
 HIGHEST    92           700 PM
 LOWEST     59           300 AM
 AVERAGE    76

..........................................................


THE DULUTH MN CLIMATE NORMALS FOR TODAY
                         NORMAL    RECORD    YEAR
 MAXIMUM TEMPERATURE (F)   28        53      1932
                                             1889
                                             1882
 MINIMUM TEMPERATURE (F)   11       -26      1962


SUNRISE AND SUNSET
FEBRUARY 28 2017......SUNRISE   649 AM CST   SUNSET   553 PM CST
MARCH  1 2017.........SUNRISE   648 AM CST   SUNSET   555 PM CST


-  INDICATES NEGATIVE NUMBERS.
R  INDICATES RECORD WAS SET OR TIED.
MM INDICATES DATA IS MISSING.
T  INDICATES TRACE AMOUNT.




$$
