000
CDUS43 KDLH 030619
CLIDLH


CLIMATE REPORT
NATIONAL WEATHER SERVICE DULUTH MN
118 AM CDT FRI JUL 3 2015


...................................

...THE DULUTH MN CLIMATE SUMMARY FOR JULY 2 2015...

CLIMATE NORMAL PERIOD 1981 TO 2010
CLIMATE RECORD PERIOD 1870 TO 2015


WEATHER ITEM   OBSERVED TIME   RECORD YEAR NORMAL DEPARTURE LAST
                VALUE   (LST)  VALUE       VALUE  FROM      YEAR
                                                  NORMAL
..................................................................
TEMPERATURE (F)
 YESTERDAY
  MAXIMUM         77    414 PM  90    1937  75      2       72
  MINIMUM         53    229 AM  42    1994  54     -1       53
                                      1980
                                      1971
  AVERAGE         65                        64      1       63

PRECIPITATION (IN)
  YESTERDAY        0.00          1.98 1979   0.15  -0.15      T
  MONTH TO DATE    0.00                      0.30  -0.30     0.01
  SINCE JUN 1      3.64                      4.53  -0.89     4.48
  SINCE JAN 1     10.03                     13.45  -3.42    16.91

SNOWFALL (IN)
  YESTERDAY        0.0           T    1955   0.0    0.0      0.0
  MONTH TO DATE    0.0                       0.0    0.0      0.0
  SINCE JUN 1      T                         0.0    0.0       T
  SINCE JUL 1      0.0                       0.0    0.0      0.0
  SNOW DEPTH       0

DEGREE DAYS
 HEATING
  YESTERDAY        0                         3     -3        2
  MONTH TO DATE    5                         6     -1        4
  SINCE JUN 1    126                       185    -59      166
  SINCE JUL 1      5                         6     -1        4

 COOLING
  YESTERDAY        0                         2     -2        0
  MONTH TO DATE    0                         4     -4        0
  SINCE JUN 1     22                        34    -12       29
  SINCE JAN 1     26                        38    -12       47
..................................................................


WIND (MPH)
  HIGHEST WIND SPEED    13   HIGHEST WIND DIRECTION    SW (220)
  HIGHEST GUST SPEED    16   HIGHEST GUST DIRECTION     W (250)
  AVERAGE WIND SPEED     6.3


SKY COVER
  AVERAGE SKY COVER 0.4


WEATHER CONDITIONS
 THE FOLLOWING WEATHER WAS RECORDED YESTERDAY.
  NO SIGNIFICANT WEATHER WAS OBSERVED.


RELATIVE HUMIDITY (PERCENT)
 HIGHEST    83          1200 AM
 LOWEST     50           500 PM
 AVERAGE    67

..........................................................


THE DULUTH MN CLIMATE NORMALS FOR TODAY
                         NORMAL    RECORD    YEAR
 MAXIMUM TEMPERATURE (F)   75        93      1990
 MINIMUM TEMPERATURE (F)   54        40      1963


SUNRISE AND SUNSET
JULY  3 2015..........SUNRISE   520 AM CDT   SUNSET   906 PM CDT
JULY  4 2015..........SUNRISE   520 AM CDT   SUNSET   906 PM CDT


-  INDICATES NEGATIVE NUMBERS.
R  INDICATES RECORD WAS SET OR TIED.
MM INDICATES DATA IS MISSING.
T  INDICATES TRACE AMOUNT.




$$
