000
CDUS43 KDLH 110622
CLIDLH


CLIMATE REPORT
NATIONAL WEATHER SERVICE DULUTH MN
1221 AM CST THU FEB 11 2016


...................................

...THE DULUTH MN CLIMATE SUMMARY FOR FEBRUARY 10 2016...

CLIMATE NORMAL PERIOD 1981 TO 2010
CLIMATE RECORD PERIOD 1870 TO 2016


WEATHER ITEM   OBSERVED TIME   RECORD YEAR NORMAL DEPARTURE LAST
                VALUE   (LST)  VALUE       VALUE  FROM      YEAR
                                                  NORMAL
..................................................................
TEMPERATURE (F)
 YESTERDAY
  MAXIMUM         10    415 PM  45    1977  23    -13       24
  MINIMUM        -11    729 AM -32    1885   4    -15       20
  AVERAGE          0                        13    -13       22

PRECIPITATION (IN)
  YESTERDAY        T             0.71 2009   0.02  -0.02     0.23
  MONTH TO DATE    0.28                      0.23   0.05     0.25
  SINCE DEC 1      5.03                      2.40   2.63     1.97
  SINCE JAN 1      1.33                      1.19   0.14     0.71

SNOWFALL (IN)
  YESTERDAY        T             6.2  1965   0.4   -0.4      3.4
  MONTH TO DATE    5.1                       4.1    1.0      4.2
  SINCE DEC 1     42.7                      41.2    1.5     19.4
  SINCE JUL 1     47.1                      57.3  -10.2     35.9
  SNOW DEPTH      14

DEGREE DAYS
 HEATING
  YESTERDAY       65                        52     13       43
  MONTH TO DATE  508                       528    -20      532
  SINCE DEC 1   3306                      3783   -477     3489
  SINCE JUL 1   4969                      5996  -1027     5704

 COOLING
  YESTERDAY        0                         0      0        0
  MONTH TO DATE    0                         0      0        0
  SINCE DEC 1      0                         0      0        0
  SINCE JAN 1      0                         0      0        0
..................................................................


WIND (MPH)
  HIGHEST WIND SPEED    15   HIGHEST WIND DIRECTION     N (350)
  HIGHEST GUST SPEED    19   HIGHEST GUST DIRECTION     N (350)
  AVERAGE WIND SPEED     8.1


SKY COVER
  AVERAGE SKY COVER 0.2


WEATHER CONDITIONS
 THE FOLLOWING WEATHER WAS RECORDED YESTERDAY.
  LIGHT SNOW


RELATIVE HUMIDITY (PERCENT)
 HIGHEST    79          1200 AM
 LOWEST     41           400 PM
 AVERAGE    60

..........................................................


THE DULUTH MN CLIMATE NORMALS FOR TODAY
                         NORMAL    RECORD    YEAR
 MAXIMUM TEMPERATURE (F)   23        43      1918
 MINIMUM TEMPERATURE (F)    5       -32      1988


SUNRISE AND SUNSET
FEBRUARY 11 2016......SUNRISE   719 AM CST   SUNSET   526 PM CST
FEBRUARY 12 2016......SUNRISE   718 AM CST   SUNSET   528 PM CST


-  INDICATES NEGATIVE NUMBERS.
R  INDICATES RECORD WAS SET OR TIED.
MM INDICATES DATA IS MISSING.
T  INDICATES TRACE AMOUNT.




$$
