000
CDUS43 KDLH 012233
CLIDLH


CLIMATE REPORT
NATIONAL WEATHER SERVICE DULUTH MN
433 PM CST SUN FEB 1 2015


...................................

...THE DULUTH MN CLIMATE SUMMARY FOR FEBRUARY 1 2015...
VALID TODAY AS OF 0400 PM LOCAL TIME.

CLIMATE NORMAL PERIOD 1981 TO 2010
CLIMATE RECORD PERIOD 1870 TO 2015


WEATHER ITEM   OBSERVED TIME   RECORD YEAR NORMAL DEPARTURE LAST
                VALUE   (LST)  VALUE       VALUE  FROM      YEAR
                                                  NORMAL
..................................................................
TEMPERATURE (F)
 TODAY
  MAXIMUM         10    316 PM  49    1931  20    -10       13
  MINIMUM         -3    921 AM -33    1996   2     -5       -4
  AVERAGE          4                        11     -7        5

PRECIPITATION (IN)
  TODAY            T             0.95 1922   0.02  -0.02     0.04
  MONTH TO DATE    T                         0.02  -0.02     0.04
  SINCE DEC 1      1.72                      2.19  -0.47     3.65
  SINCE JAN 1      0.46                      0.98  -0.52     0.77

SNOWFALL (IN)
  TODAY            T             4.0  2004   0.4   -0.4      1.6
  MONTH TO DATE    T                         0.4   -0.4      1.6
  SINCE JUL 1     31.7                      53.6  -21.9     55.9
  SNOW DEPTH       7

DEGREE DAYS
 HEATING
  TODAY           61                        54      7       60
  MONTH TO DATE   61                        54      7       60
  SINCE DEC 1   3018                      3309   -291     3881
  SINCE JUL 1   5233                      5522   -289     5838

 COOLING
  TODAY            0                         0      0        0
  MONTH TO DATE    0                         0      0        0
  SINCE DEC 1      0                         0      0        0
  SINCE JAN 1      0                         0      0        0
..................................................................


WIND (MPH)
  HIGHEST WIND SPEED    14   HIGHEST WIND DIRECTION     N (20)
  HIGHEST GUST SPEED    18   HIGHEST GUST DIRECTION     N (10)
  AVERAGE WIND SPEED    10.1


SKY COVER
  POSSIBLE SUNSHINE  MM
  AVERAGE SKY COVER 0.3


WEATHER CONDITIONS
 THE FOLLOWING WEATHER WAS RECORDED TODAY.
  LIGHT SNOW


RELATIVE HUMIDITY (PERCENT)
 HIGHEST    72           400 AM
 LOWEST     34           300 PM
 AVERAGE    53

..........................................................


THE DULUTH MN CLIMATE NORMALS FOR TOMORROW
                         NORMAL    RECORD    YEAR
 MAXIMUM TEMPERATURE (F)   21        47      1991
 MINIMUM TEMPERATURE (F)    2       -39      1996


SUNRISE AND SUNSET
FEBRUARY  1 2015......SUNRISE   733 AM CST   SUNSET   512 PM CST
FEBRUARY  2 2015......SUNRISE   732 AM CST   SUNSET   513 PM CST


-  INDICATES NEGATIVE NUMBERS.
R  INDICATES RECORD WAS SET OR TIED.
MM INDICATES DATA IS MISSING.
T  INDICATES TRACE AMOUNT.




$$
