000
CDUS43 KDLH 080632
CLIDLH


CLIMATE REPORT
NATIONAL WEATHER SERVICE DULUTH MN
1230 AM CST THU DEC 8 2016


...................................

...THE DULUTH MN CLIMATE SUMMARY FOR DECEMBER 7 2016...

CLIMATE NORMAL PERIOD 1981 TO 2010
CLIMATE RECORD PERIOD 1870 TO 2016


WEATHER ITEM   OBSERVED TIME   RECORD YEAR NORMAL DEPARTURE LAST
                VALUE   (LST)  VALUE       VALUE  FROM      YEAR
                                                  NORMAL
..................................................................
TEMPERATURE (F)
 YESTERDAY
  MAXIMUM         20   1159 PM  51    1939  25     -5       35
  MINIMUM         15    852 AM -26    1976  11      4       29
  AVERAGE         18                        18      0       32

PRECIPITATION (IN)
  YESTERDAY        T             0.74 1969   0.05  -0.05     0.00
  MONTH TO DATE    0.45                      0.32   0.13     0.99
  SINCE DEC 1      0.45                      0.32   0.13     0.99
  SINCE JAN 1     32.04                     30.07   1.97    29.58

SNOWFALL (IN)
  YESTERDAY        0.7           7.3  1969   0.6    0.1      0.0
  MONTH TO DATE    6.7                       3.8    2.9      5.4
  SINCE DEC 1      6.7                       3.8    2.9      5.4
  SINCE JUL 1     14.8                      19.9   -5.1      9.8
  SNOW DEPTH       3

DEGREE DAYS
 HEATING
  YESTERDAY       47                        47      0       33
  MONTH TO DATE  259                       323    -64      222
  SINCE DEC 1    259                       323    -64      222
  SINCE JUL 1   1741                      2536   -795     1885

 COOLING
  YESTERDAY        0                         0      0        0
  MONTH TO DATE    0                         0      0        0
  SINCE DEC 1      0                         0      0        0
  SINCE JAN 1    281                       204     77      336
..................................................................


WIND (MPH)
  HIGHEST WIND SPEED    30   HIGHEST WIND DIRECTION     W (260)
  HIGHEST GUST SPEED    37   HIGHEST GUST DIRECTION     W (260)
  AVERAGE WIND SPEED    20.7


SKY COVER
  AVERAGE SKY COVER 1.0


WEATHER CONDITIONS
 THE FOLLOWING WEATHER WAS RECORDED YESTERDAY.
  LIGHT SNOW
  FOG
  BLOWING SNOW


RELATIVE HUMIDITY (PERCENT)
 HIGHEST    88           600 PM
 LOWEST     74          1100 AM
 AVERAGE    81

..........................................................


THE DULUTH MN CLIMATE NORMALS FOR TODAY
                         NORMAL    RECORD    YEAR
 MAXIMUM TEMPERATURE (F)   24        45      1990
 MINIMUM TEMPERATURE (F)   10       -23      1932
                                             1876


SUNRISE AND SUNSET
DECEMBER  8 2016......SUNRISE   741 AM CST   SUNSET   420 PM CST
DECEMBER  9 2016......SUNRISE   742 AM CST   SUNSET   420 PM CST


-  INDICATES NEGATIVE NUMBERS.
R  INDICATES RECORD WAS SET OR TIED.
MM INDICATES DATA IS MISSING.
T  INDICATES TRACE AMOUNT.




$$
