000
CDUS43 KDLH 010624
CLIDLH


CLIMATE REPORT
NATIONAL WEATHER SERVICE DULUTH MN
122 AM CDT WED OCT 1 2014


...................................

...THE DULUTH MN CLIMATE SUMMARY FOR SEPTEMBER 30 2014...

CLIMATE NORMAL PERIOD 1981 TO 2010
CLIMATE RECORD PERIOD 1870 TO 2014


WEATHER ITEM   OBSERVED TIME   RECORD YEAR NORMAL DEPARTURE LAST
                VALUE   (LST)  VALUE       VALUE  FROM      YEAR
                                                  NORMAL
..................................................................
TEMPERATURE (F)
 YESTERDAY
  MAXIMUM         49    107 PM  82    1897  59    -10       74
  MINIMUM         42    743 AM  26    1972  40      2       57
  AVERAGE         46                        50     -4       66

PRECIPITATION (IN)
  YESTERDAY        0.00          1.28 1879   0.12  -0.12     0.00
  MONTH TO DATE    1.64                      4.11  -2.47     1.26
  SINCE SEP 1      1.64                      4.11  -2.47     1.26
  SINCE JAN 1     26.59                     24.81   1.78    22.85

SNOWFALL (IN)
  YESTERDAY        0.0           0.7  1985   0.0    0.0      0.0
  MONTH TO DATE    0.0                       0.1   -0.1      0.0
  SINCE SEP 1      0.0                       0.1   -0.1      0.0
  SINCE JUL 1      0.0                       0.1   -0.1      0.0
  SNOW DEPTH       0

DEGREE DAYS
 HEATING
  YESTERDAY       19                        16      3        0
  MONTH TO DATE  227                       297    -70      168
  SINCE SEP 1    227                       298    -71      168
  SINCE JUL 1    304                       447   -143      242

 COOLING
  YESTERDAY        0                         0      0        1
  MONTH TO DATE    9                        14     -5       24
  SINCE SEP 1      9                        14     -5       24
  SINCE JAN 1    179                       204    -25      375
..................................................................


WIND (MPH)
  HIGHEST WIND SPEED    23   HIGHEST WIND DIRECTION     E (100)
  HIGHEST GUST SPEED    29   HIGHEST GUST DIRECTION     E (100)
  AVERAGE WIND SPEED    14.5


SKY COVER
  AVERAGE SKY COVER 1.0


WEATHER CONDITIONS
 THE FOLLOWING WEATHER WAS RECORDED YESTERDAY.
  FOG


RELATIVE HUMIDITY (PERCENT)
 HIGHEST    93          1100 PM
 LOWEST     76          1200 PM
 AVERAGE    85

..........................................................


THE DULUTH MN CLIMATE NORMALS FOR TODAY
                         NORMAL    RECORD    YEAR
 MAXIMUM TEMPERATURE (F)   58        80      1989
                                             1963
 MINIMUM TEMPERATURE (F)   40        20      1961


SUNRISE AND SUNSET
OCTOBER  1 2014.......SUNRISE   707 AM CDT   SUNSET   648 PM CDT
OCTOBER  2 2014.......SUNRISE   709 AM CDT   SUNSET   646 PM CDT


-  INDICATES NEGATIVE NUMBERS.
R  INDICATES RECORD WAS SET OR TIED.
MM INDICATES DATA IS MISSING.
T  INDICATES TRACE AMOUNT.




$$
