000
CDUS45 KTFX 292224
CLIDLN


CLIMATE REPORT
NATIONAL WEATHER SERVICE GREAT FALLS MT
423 PM MDT MON JUN 29 2015


...................................

...THE DILLON AIRPORT MT CLIMATE SUMMARY FOR JUNE 29 2015...
VALID TODAY AS OF 0400 PM LOCAL TIME.

CLIMATE NORMAL PERIOD 1981 TO 2010
CLIMATE RECORD PERIOD 1929 TO 2015


WEATHER ITEM   OBSERVED TIME   RECORD YEAR NORMAL DEPARTURE LAST
                VALUE   (LST)  VALUE       VALUE  FROM      YEAR
                                                  NORMAL
..................................................................
TEMPERATURE (F)
 TODAY
  MAXIMUM         96R   132 PM  94    2008  78     18       72
  MINIMUM         57    432 AM  30    1985  47     10       40
  AVERAGE         77                        62     15       56

PRECIPITATION (IN)
  TODAY            0.11          0.98 1955   0.04   0.07     0.00
  MONTH TO DATE    0.71                      1.93  -1.22     2.22
  SINCE OCT 1      6.26                      7.40  -1.14     5.95
  SINCE JAN 1      5.10                      6.00  -0.90     5.46

SNOWFALL (IN)
  TODAY            0.0
  SNOW DEPTH       0

DEGREE DAYS
 HEATING
  TODAY            0                         4     -4        9
  MONTH TO DATE   76                       219   -143      242
  SINCE JUN 1     76                       219   -143      242
  SINCE JUL 1   6988                      8244  -1256     8004

 COOLING
  TODAY           12                         1     11        0
  MONTH TO DATE   65                        12     53        0
  SINCE JUN 1     65                        12     53        0
  SINCE JAN 1     65                        13     52        0
..................................................................


WIND (MPH)
  HIGHEST WIND SPEED    45   HIGHEST WIND DIRECTION    SW (240)
  HIGHEST GUST SPEED    55   HIGHEST GUST DIRECTION    SW (240)
  AVERAGE WIND SPEED     5.8


SKY COVER
  AVERAGE SKY COVER 0.1


WEATHER CONDITIONS
 THE FOLLOWING WEATHER WAS RECORDED TODAY.
  THUNDERSTORM
  HEAVY RAIN
  RAIN
  LIGHT RAIN
  HAZE


RELATIVE HUMIDITY (PERCENT)
 HIGHEST    57
 LOWEST     21
 AVERAGE    39

..........................................................


THE DILLON AIRPORT MT CLIMATE NORMALS FOR TOMORROW
                         NORMAL    RECORD    YEAR
 MAXIMUM TEMPERATURE (F)   78        96      1990
 MINIMUM TEMPERATURE (F)   47        30      1949


SUNRISE AND SUNSET
JUNE 29 2015..........SUNRISE   545 AM MDT   SUNSET   922 PM MDT
JUNE 30 2015..........SUNRISE   546 AM MDT   SUNSET   922 PM MDT


-  INDICATES NEGATIVE NUMBERS.
R  INDICATES RECORD WAS SET OR TIED.
MM INDICATES DATA IS MISSING.
T  INDICATES TRACE AMOUNT.




$$
