000
CDUS45 KTFX 220902
CLIDLN


CLIMATE REPORT
NATIONAL WEATHER SERVICE GREAT FALLS MT
301 AM MDT TUE AUG 22 2017


...................................

...THE DILLON AIRPORT MT CLIMATE SUMMARY FOR AUGUST 21 2017...

CLIMATE NORMAL PERIOD 1981 TO 2010
CLIMATE RECORD PERIOD 1929 TO 2017


WEATHER ITEM   OBSERVED TIME   RECORD YEAR NORMAL DEPARTURE LAST
                VALUE   (LST)  VALUE       VALUE  FROM      YEAR
                                                  NORMAL
..................................................................
TEMPERATURE (F)
 YESTERDAY
  MAXIMUM         79    428 PM  95    2009  80     -1       88
  MINIMUM         42    548 AM  33    1966  47     -5       46
  AVERAGE         61                        63     -2       67

PRECIPITATION (IN)
  YESTERDAY        0.00          0.67 1986   0.03  -0.03     0.00
  MONTH TO DATE    0.18                      0.69  -0.51     0.12
  SINCE OCT 1      8.97                      9.34  -0.37     7.61
  SINCE JAN 1      6.43                      7.94  -1.51     5.53

SNOWFALL (IN)
  YESTERDAY       MM
  SNOW DEPTH       0

DEGREE DAYS
 HEATING
  YESTERDAY        4                                1        0
  MONTH TO DATE   14                              -27       38
  SINCE JUN 1    194                             -125      200
  SINCE JUL 1     14                              -82       92

 COOLING
  YESTERDAY        0                               -1        2
  MONTH TO DATE   23                              -20       23
  SINCE JUN 1    217                               81      140
  SINCE JAN 1    217                               80      140
..................................................................


WIND (MPH)
  HIGHEST WIND SPEED    10   HIGHEST WIND DIRECTION     N (20)
  HIGHEST GUST SPEED    13   HIGHEST GUST DIRECTION    NE (40)
  AVERAGE WIND SPEED     5.8


SKY COVER
  AVERAGE SKY COVER 0.0


WEATHER CONDITIONS
 THE FOLLOWING WEATHER WAS RECORDED YESTERDAY.
  HAZE


RELATIVE HUMIDITY (PERCENT)
 HIGHEST    59
 LOWEST     20
 AVERAGE    40

..........................................................


THE DILLON AIRPORT MT CLIMATE NORMALS FOR TODAY
                         NORMAL    RECORD    YEAR
 MAXIMUM TEMPERATURE (F)   80        93      1955
 MINIMUM TEMPERATURE (F)   47        36      1966


SUNRISE AND SUNSET
AUGUST 22 2017........SUNRISE   640 AM MDT   SUNSET   825 PM MDT
AUGUST 23 2017........SUNRISE   641 AM MDT   SUNSET   823 PM MDT


-  INDICATES NEGATIVE NUMBERS.
R  INDICATES RECORD WAS SET OR TIED.
MM INDICATES DATA IS MISSING.
T  INDICATES TRACE AMOUNT.




$$
