000
CDUS45 KTFX 210934
CLIDLN


CLIMATE REPORT
NATIONAL WEATHER SERVICE GREAT FALLS MT
333 AM MDT THU AUG 21 2014


...................................

...THE DILLON AIRPORT MT CLIMATE SUMMARY FOR AUGUST 20 2014...

CLIMATE NORMAL PERIOD 1981 TO 2010
CLIMATE RECORD PERIOD 1929 TO 2014


WEATHER ITEM   OBSERVED TIME   RECORD YEAR NORMAL DEPARTURE LAST
                VALUE   (LST)  VALUE       VALUE  FROM      YEAR
                                                  NORMAL
..................................................................
TEMPERATURE (F)
 YESTERDAY
  MAXIMUM         75   1144 AM  94    1953  80     -5       91
  MINIMUM         51    150 AM  39    1974  47      4       47
  AVERAGE         63                        64     -1       69

PRECIPITATION (IN)
  YESTERDAY        0.04          0.56 1983   0.04   0.00     0.00
  MONTH TO DATE    1.43                      0.66   0.77     0.09
  SINCE OCT 1      8.01                      9.31  -1.30     6.53
  SINCE JAN 1      7.52                      7.91  -0.39     5.51

SNOWFALL (IN)
  YESTERDAY       MM
  SNOW DEPTH       0

DEGREE DAYS
 HEATING
  YESTERDAY        2                               -1        0
  MONTH TO DATE    6                              -32        5
  SINCE JUN 1    272                              -44      193
  SINCE JUL 1     22                              -71        5

 COOLING
  YESTERDAY        0                               -1        4
  MONTH TO DATE   48                                6       42
  SINCE JUN 1    160                               25      195
  SINCE JAN 1    160                               24      198
..................................................................


WIND (MPH)
  HIGHEST WIND SPEED    25   HIGHEST WIND DIRECTION     S (200)
  HIGHEST GUST SPEED    35   HIGHEST GUST DIRECTION     W (250)
  AVERAGE WIND SPEED     7.0



WEATHER CONDITIONS
 THE FOLLOWING WEATHER WAS RECORDED YESTERDAY.
  THUNDERSTORM
  LIGHT RAIN


RELATIVE HUMIDITY (PERCENT)
 HIGHEST    89
 LOWEST     35
 AVERAGE    62

..........................................................


THE DILLON AIRPORT MT CLIMATE NORMALS FOR TODAY
                         NORMAL    RECORD    YEAR
 MAXIMUM TEMPERATURE (F)   80        95      2009
 MINIMUM TEMPERATURE (F)   47        33      1966


SUNRISE AND SUNSET
AUGUST 21 2014........SUNRISE   639 AM MDT   SUNSET   827 PM MDT
AUGUST 22 2014........SUNRISE   640 AM MDT   SUNSET   825 PM MDT


-  INDICATES NEGATIVE NUMBERS.
R  INDICATES RECORD WAS SET OR TIED.
MM INDICATES DATA IS MISSING.
T  INDICATES TRACE AMOUNT.




$$
