000
CDUS45 KTFX 270935
CLIDLN


CLIMATE REPORT
NATIONAL WEATHER SERVICE GREAT FALLS MT
334 AM MDT THU APR 27 2017


...................................

...THE DILLON AIRPORT MT CLIMATE SUMMARY FOR APRIL 26 2017...

CLIMATE NORMAL PERIOD 1981 TO 2010
CLIMATE RECORD PERIOD 1929 TO 2017


WEATHER ITEM   OBSERVED TIME   RECORD YEAR NORMAL DEPARTURE LAST
                VALUE   (LST)  VALUE       VALUE  FROM      YEAR
                                                  NORMAL
..................................................................
TEMPERATURE (F)
 YESTERDAY
  MAXIMUM         50   1259 PM  80    1992  58     -8       53
  MINIMUM         36    608 AM  18    1948  31      5       37
  AVERAGE         43                        45     -2       45

PRECIPITATION (IN)
  YESTERDAY        0.01          0.46 1975   0.03  -0.02     0.00
  MONTH TO DATE    1.84                      0.87   0.97     1.09
  SINCE OCT 1      5.24                      3.35   1.89     3.76
  SINCE JAN 1      2.70                      1.95   0.75     1.68

SNOWFALL (IN)
  YESTERDAY       MM
  SNOW DEPTH       0

DEGREE DAYS
 HEATING
  YESTERDAY       22                                2       20
  MONTH TO DATE  592                              -32      461
  SINCE MAR 1   1328                             -246     1315
  SINCE JUL 1   7283                             -208     6815

 COOLING
  YESTERDAY        0                                0        0
  MONTH TO DATE    0                                0        0
  SINCE MAR 1      0                                0        0
  SINCE JAN 1      0                                0        0
..................................................................


WIND (MPH)
  HIGHEST WIND SPEED    26   HIGHEST WIND DIRECTION     S (200)
  HIGHEST GUST SPEED    35   HIGHEST GUST DIRECTION     S (200)
  AVERAGE WIND SPEED    11.2


SKY COVER
  AVERAGE SKY COVER 0.7


WEATHER CONDITIONS
 THE FOLLOWING WEATHER WAS RECORDED YESTERDAY.
  LIGHT RAIN
  SNOW
  LIGHT SNOW
  FOG


RELATIVE HUMIDITY (PERCENT)
 HIGHEST    85
 LOWEST     42
 AVERAGE    64

..........................................................


THE DILLON AIRPORT MT CLIMATE NORMALS FOR TODAY
                         NORMAL    RECORD    YEAR
 MAXIMUM TEMPERATURE (F)   58        85      1987
 MINIMUM TEMPERATURE (F)   31        20      1984


SUNRISE AND SUNSET
APRIL 27 2017.........SUNRISE   625 AM MDT   SUNSET   832 PM MDT
APRIL 28 2017.........SUNRISE   623 AM MDT   SUNSET   833 PM MDT


-  INDICATES NEGATIVE NUMBERS.
R  INDICATES RECORD WAS SET OR TIED.
MM INDICATES DATA IS MISSING.
T  INDICATES TRACE AMOUNT.




$$
