355
CDUS45 KTFX 180927
CLIDLN


CLIMATE REPORT
NATIONAL WEATHER SERVICE GREAT FALLS MT
225 AM MST THU JAN 18 2018


...................................

...THE DILLON AIRPORT MT CLIMATE SUMMARY FOR JANUARY 17 2018...

CLIMATE NORMAL PERIOD 1981 TO 2010
CLIMATE RECORD PERIOD 1929 TO 2018


WEATHER ITEM   OBSERVED TIME   RECORD YEAR NORMAL DEPARTURE LAST
                VALUE   (LST)  VALUE       VALUE  FROM      YEAR
                                                  NORMAL
..................................................................
TEMPERATURE (F)
 YESTERDAY
  MAXIMUM         37    338 PM  53    1961  33      4       31
  MINIMUM         19    818 AM -34    1930  13      6        0
  AVERAGE         28                        23      5       16

PRECIPITATION (IN)
  YESTERDAY        0.00          0.10 2003   0.01  -0.01     0.00
                                      1958
  MONTH TO DATE    0.03                      0.16  -0.13     0.05
  SINCE OCT 1      1.16                      1.56  -0.40     2.59
  SINCE JAN 1      0.03                      0.16  -0.13     0.05

SNOWFALL (IN)
  YESTERDAY       MM
  SNOW DEPTH       0

DEGREE DAYS
 HEATING
  YESTERDAY       37                               -5       49
  MONTH TO DATE  624                             -102     1009
  SINCE DEC 1   1977                             -119     2537
  SINCE JUL 1   4020                             -227     4320

 COOLING
  YESTERDAY        0                                0        0
  MONTH TO DATE    0                                0        0
  SINCE DEC 1      0                                0        0
  SINCE JAN 1      0                                0        0
..................................................................


WIND (MPH)
  HIGHEST WIND SPEED    16   HIGHEST WIND DIRECTION    SW (220)
  HIGHEST GUST SPEED    19   HIGHEST GUST DIRECTION    SW (220)
  AVERAGE WIND SPEED     9.9


SKY COVER
  AVERAGE SKY COVER 0.0


WEATHER CONDITIONS
 THE FOLLOWING WEATHER WAS RECORDED YESTERDAY.
  NO SIGNIFICANT WEATHER WAS OBSERVED.


RELATIVE HUMIDITY (PERCENT)
 HIGHEST    84
 LOWEST     56
 AVERAGE    70

..........................................................


THE DILLON AIRPORT MT CLIMATE NORMALS FOR TODAY
                         NORMAL    RECORD    YEAR
 MAXIMUM TEMPERATURE (F)   33        52      2015
 MINIMUM TEMPERATURE (F)   14       -29      1943


SUNRISE AND SUNSET
JANUARY 18 2018.......SUNRISE   804 AM MST   SUNSET   518 PM MST
JANUARY 19 2018.......SUNRISE   803 AM MST   SUNSET   519 PM MST


-  INDICATES NEGATIVE NUMBERS.
R  INDICATES RECORD WAS SET OR TIED.
MM INDICATES DATA IS MISSING.
T  INDICATES TRACE AMOUNT.




$$
