000
CDUS41 KLWX 220523
CLIDMH


CLIMATE REPORT
NATIONAL WEATHER SERVICE BALTIMORE MD/WASHINGTON DC
123 AM EDT WED OCT 22 2014


...................................

...THE BALTIMORE INNER HARBOR MD CLIMATE SUMMARY FOR OCTOBER 21 2014...

CLIMATE NORMAL PERIOD 1981 TO 2010
CLIMATE RECORD PERIOD 9999 TO 9999


WEATHER ITEM   OBSERVED TIME   RECORD YEAR NORMAL DEPARTURE LAST
                VALUE   (LST)  VALUE       VALUE  FROM      YEAR
                                                  NORMAL
..................................................................
TEMPERATURE (F)
 YESTERDAY
  MAXIMUM         69    210 PM  MM      MM  67      2       71
  MINIMUM         53    642 AM  MM      MM  50      3       49
  AVERAGE         61                        58      3       60

PRECIPITATION (IN)
  YESTERDAY        0.86         MM      MM   0.10   0.76     0.00
  MONTH TO DATE    2.72                      2.20   0.52     4.58
  SINCE SEP 1      5.52                      6.29  -0.77     6.25
  SINCE JAN 1     45.13                     33.66  11.47    34.23

DEGREE DAYS
 HEATING
  YESTERDAY        4                         7     -3        5
  MONTH TO DATE   84                       103    -19       28
  SINCE SEP 1     89                       121    -32       33
  SINCE JUL 1     89                       121    -32       33

 COOLING
  YESTERDAY        0                         1     -1        0
  MONTH TO DATE   21                        36    -15       98
  SINCE SEP 1    238                       265    -27      345
  SINCE JAN 1   1456                      1661   -205     2019
..................................................................


WIND (MPH)
  HIGHEST WIND SPEED    MM   HIGHEST WIND DIRECTION    MM
  HIGHEST GUST SPEED    MM   HIGHEST GUST DIRECTION    MM
  AVERAGE WIND SPEED    MM


SKY COVER
  POSSIBLE SUNSHINE  MM



RELATIVE HUMIDITY (PERCENT)
 HIGHEST    86           700 PM
 LOWEST     45           200 PM
 AVERAGE    66

..........................................................


THE BALTIMORE INNER HARBOR MD CLIMATE NORMALS FOR TODAY
                         NORMAL
 MAXIMUM TEMPERATURE (F)   66
 MINIMUM TEMPERATURE (F)   50


SUNRISE AND SUNSET
OCTOBER 22 2014.......SUNRISE   723 AM EDT   SUNSET   618 PM EDT
OCTOBER 23 2014.......SUNRISE   724 AM EDT   SUNSET   616 PM EDT


-  INDICATES NEGATIVE NUMBERS.
R  INDICATES RECORD WAS SET OR TIED.
MM INDICATES DATA IS MISSING.
T  INDICATES TRACE AMOUNT.




$$
