000
CDUS41 KLWX 280526
CLIDMH


CLIMATE REPORT
NATIONAL WEATHER SERVICE BALTIMORE MD/WASHINGTON DC
126 AM EDT WED JUN 28 2017


...................................

...THE BALTIMORE INNER HARBOR MD CLIMATE SUMMARY FOR JUNE 27 2017...

CLIMATE NORMAL PERIOD 1981 TO 2010
CLIMATE RECORD PERIOD 1999 TO 2017


WEATHER ITEM   OBSERVED TIME   RECORD YEAR NORMAL DEPARTURE LAST
                VALUE   (LST)  VALUE       VALUE  FROM      YEAR
                                                  NORMAL
..................................................................
TEMPERATURE (F)
 YESTERDAY
  MAXIMUM         83    307 PM  MM      MM  88     -5       84
  MINIMUM         69   1159 PM  MM      MM  71     -2       68
  AVERAGE         76                        79     -3       76

PRECIPITATION (IN)
  YESTERDAY        0.00         MM      MM   0.11  -0.11     0.00
  MONTH TO DATE    0.73                      2.94  -2.21     2.95
  SINCE JUN 1      0.73                      2.94  -2.21     2.95
  SINCE JAN 1     15.65                     19.03  -3.38    19.13

DEGREE DAYS
 HEATING
  YESTERDAY        0                         0      0        0
  MONTH TO DATE    2                         4     -2        0
  SINCE JUN 1      2                         4     -2        0
  SINCE JUL 1   3245                      4030   -785     3421

 COOLING
  YESTERDAY       11                        14     -3       11
  MONTH TO DATE  357                       291     66      290
  SINCE JUN 1    357                       291     66      290
  SINCE JAN 1    534                       430    104      427
..................................................................


WIND (MPH)
  HIGHEST WIND SPEED    MM   HIGHEST WIND DIRECTION    MM
  HIGHEST GUST SPEED    MM   HIGHEST GUST DIRECTION    MM
  AVERAGE WIND SPEED    MM


SKY COVER
  POSSIBLE SUNSHINE  MM



RELATIVE HUMIDITY (PERCENT)
 HIGHEST    61           500 AM
 LOWEST     26           400 PM
 AVERAGE    44

..........................................................


THE BALTIMORE INNER HARBOR MD CLIMATE NORMALS FOR TODAY
                         NORMAL
 MAXIMUM TEMPERATURE (F)   89
 MINIMUM TEMPERATURE (F)   71


SUNRISE AND SUNSET
JUNE 28 2017..........SUNRISE   542 AM EDT   SUNSET   837 PM EDT
JUNE 29 2017..........SUNRISE   543 AM EDT   SUNSET   837 PM EDT


-  INDICATES NEGATIVE NUMBERS.
R  INDICATES RECORD WAS SET OR TIED.
MM INDICATES DATA IS MISSING.
T  INDICATES TRACE AMOUNT.




$$
