000
CDUS41 KLWX 272134
CLIDMH


CLIMATE REPORT
NATIONAL WEATHER SERVICE BALTIMORE MD/WASHINGTON DC
434 PM EST FRI FEB 27 2015


...................................

...THE BALTIMORE INNER HARBOR MD CLIMATE SUMMARY FOR FEBRUARY 27 2015...
VALID TODAY AS OF 0400 PM LOCAL TIME.

CLIMATE NORMAL PERIOD 1981 TO 2010
CLIMATE RECORD PERIOD 9999 TO 9999


WEATHER ITEM   OBSERVED TIME   RECORD YEAR NORMAL DEPARTURE LAST
                VALUE   (LST)  VALUE       VALUE  FROM      YEAR
                                                  NORMAL
..................................................................
TEMPERATURE (F)
 TODAY
  MAXIMUM         31    237 PM  MM      MM  48    -17       38
  MINIMUM         26   1017 AM  MM      MM  34     -8       19
  AVERAGE         29                        41    -12       29

PRECIPITATION (IN)
  TODAY            0.00         MM      MM   0.09  -0.09     0.00
  MONTH TO DATE    2.12                      2.51  -0.39     4.12
  SINCE DEC 1      9.15                      8.84   0.31    11.39
  SINCE JAN 1      5.82                      5.43   0.39     6.33

DEGREE DAYS
 HEATING
  TODAY           36                        24     12       36
  MONTH TO DATE 1020                       717    303      781
  SINCE DEC 1   2736                      2414    322     2400
  SINCE JUL 1   3471                      3065    406     3025

 COOLING
  TODAY            0                         0      0        0
  MONTH TO DATE    0                         0      0        0
  SINCE DEC 1      0                         0      0        0
  SINCE JAN 1      0                         0      0        0
..................................................................


WIND (MPH)
  HIGHEST WIND SPEED    MM   HIGHEST WIND DIRECTION    MM
  HIGHEST GUST SPEED    MM   HIGHEST GUST DIRECTION    MM
  AVERAGE WIND SPEED    MM


SKY COVER
  POSSIBLE SUNSHINE  MM



RELATIVE HUMIDITY (PERCENT)
 HIGHEST    75           700 AM
 LOWEST     42           200 PM
 AVERAGE    59

..........................................................


THE BALTIMORE INNER HARBOR MD CLIMATE NORMALS FOR TOMORROW
                         NORMAL    RECORD    YEAR
 MAXIMUM TEMPERATURE (F)   49        MM        MM
 MINIMUM TEMPERATURE (F)   34        MM        MM


SUNRISE AND SUNSET
FEBRUARY 27 2015......SUNRISE   642 AM EST   SUNSET   556 PM EST
FEBRUARY 28 2015......SUNRISE   641 AM EST   SUNSET   558 PM EST


-  INDICATES NEGATIVE NUMBERS.
R  INDICATES RECORD WAS SET OR TIED.
MM INDICATES DATA IS MISSING.
T  INDICATES TRACE AMOUNT.




$$
