000
CDUS41 KLWX 280525
CLIDMH


CLIMATE REPORT
NATIONAL WEATHER SERVICE BALTIMORE MD/WASHINGTON DC
122 AM EDT WED SEP 28 2016


...................................

...THE BALTIMORE INNER HARBOR MD CLIMATE SUMMARY FOR SEPTEMBER 27 2016...

CLIMATE NORMAL PERIOD 1981 TO 2010
CLIMATE RECORD PERIOD 9999 TO 9999


WEATHER ITEM   OBSERVED TIME   RECORD YEAR NORMAL DEPARTURE LAST
                VALUE   (LST)  VALUE       VALUE  FROM      YEAR
                                                  NORMAL
..................................................................
TEMPERATURE (F)
 YESTERDAY
  MAXIMUM         75    242 PM  MM      MM  76     -1       73
  MINIMUM         65    316 AM  MM      MM  59      6       61
  AVERAGE         70                        67      3       67

PRECIPITATION (IN)
  YESTERDAY        0.12         MM      MM   0.14  -0.02     0.00
  MONTH TO DATE    2.28                      3.65  -1.37     1.69
  SINCE SEP 1      2.28                      3.65  -1.37     1.69
  SINCE JAN 1     32.15                     31.02   1.13    30.19

DEGREE DAYS
 HEATING
  YESTERDAY        0                         2     -2        0
  MONTH TO DATE    1                        10     -9        0
  SINCE SEP 1      1                        10     -9        0
  SINCE JUL 1      1                        10     -9        0

 COOLING
  YESTERDAY        5                         4      1        2
  MONTH TO DATE  308                       216     92      261
  SINCE SEP 1    308                       216     92      261
  SINCE JAN 1   1861                      1612    249     1750
..................................................................


WIND (MPH)
  HIGHEST WIND SPEED    MM   HIGHEST WIND DIRECTION    MM
  HIGHEST GUST SPEED    MM   HIGHEST GUST DIRECTION    MM
  AVERAGE WIND SPEED    MM


SKY COVER
  POSSIBLE SUNSHINE  MM



RELATIVE HUMIDITY (PERCENT)
 HIGHEST    93           200 AM
 LOWEST     44          1200 PM
 AVERAGE    69

..........................................................


THE BALTIMORE INNER HARBOR MD CLIMATE NORMALS FOR TODAY
                         NORMAL
 MAXIMUM TEMPERATURE (F)   75
 MINIMUM TEMPERATURE (F)   59


SUNRISE AND SUNSET
SEPTEMBER 28 2016.....SUNRISE   700 AM EDT   SUNSET   653 PM EDT
SEPTEMBER 29 2016.....SUNRISE   701 AM EDT   SUNSET   651 PM EDT


-  INDICATES NEGATIVE NUMBERS.
R  INDICATES RECORD WAS SET OR TIED.
MM INDICATES DATA IS MISSING.
T  INDICATES TRACE AMOUNT.




$$
