000
CDUS45 KEPZ 042326
CLIDMN


CLIMATE REPORT
NATIONAL WEATHER SERVICE EL PASO, TX
526 PM MDT TUE AUG 4 2015


...................................

...THE DEMING CLIMATE SUMMARY FOR AUGUST 4 2015...
VALID TODAY AS OF 500 PM LOCAL TIME.

CLIMATE NORMAL PERIOD 1981 TO 2010
CLIMATE RECORD PERIOD 2000 TO 2015


WEATHER ITEM   OBSERVED TIME   NORMAL DEPARTURE LAST
                VALUE   (LST)  VALUE  FROM      YEAR
                                      NORMAL
......................................................
TEMPERATURE (F)
 TODAY
  MAXIMUM         99    353 PM  92      7       86
  MINIMUM         66    520 AM  66      0       65

PRECIPITATION (IN)
  TODAY            0.00          0.11  -0.11     0.11
  MONTH TO DATE    0.06          0.44  -0.38     0.22
  SINCE JUN 1      4.23          3.33   0.90     2.22
  SINCE JAN 1      6.86          5.74   1.12     2.79

......................................................


WIND (MPH)
  HIGHEST WIND SPEED    12   HIGHEST WIND DIRECTION     W (270)
  HIGHEST GUST SPEED    16   HIGHEST GUST DIRECTION    SE (150)


SKY COVER
  AVERAGE SKY COVER 0.1


WEATHER CONDITIONS
 THE FOLLOWING WEATHER WAS RECORDED TODAY.
  THUNDERSTORM


RELATIVE HUMIDITY (PERCENT)
 HIGHEST    81           500 AM
 LOWEST     17           400 PM
 AVERAGE    49

..........................................................


THE DEMING CLIMATE NORMALS FOR TOMORROW
                         NORMAL
 MAXIMUM TEMPERATURE (F)   92
 MINIMUM TEMPERATURE (F)   66


SUNRISE AND SUNSET
AUGUST  4 2015........SUNRISE   628 AM MDT   SUNSET   806 PM MDT
AUGUST  5 2015........SUNRISE   628 AM MDT   SUNSET   805 PM MDT


-  INDICATES NEGATIVE NUMBERS.
R  INDICATES RECORD WAS SET OR TIED.
MM INDICATES DATA IS MISSING.
T  INDICATES TRACE AMOUNT.




$$
