000
CDUS45 KEPZ 070935
CLIDMN


CLIMATE REPORT
NATIONAL WEATHER SERVICE EL PASO, TX
332 AM MDT TUE JUL 7 2015


...................................

...THE DEMING CLIMATE SUMMARY FOR JULY 6 2015...

CLIMATE NORMAL PERIOD 1981 TO 2010
CLIMATE RECORD PERIOD 2000 TO 2015


WEATHER ITEM   OBSERVED TIME   NORMAL DEPARTURE LAST
                VALUE   (LST)  VALUE  FROM      YEAR
                                      NORMAL
......................................................
TEMPERATURE (F)
 YESTERDAY
  MAXIMUM         95    345 PM  97              94
  MINIMUM         69    608 AM  65              68
  AVERAGE         82            81      1       81

PRECIPITATION (IN)
  YESTERDAY        0.00          0.06  -0.06     0.01
  MONTH TO DATE    1.71          0.32   1.39     0.02
  SINCE JUN 1      2.16          1.02   1.14     0.05
  SINCE JAN 1      4.79          3.43   1.36     0.62

......................................................


WIND (MPH)
  HIGHEST WIND SPEED    23   HIGHEST WIND DIRECTION     W (280)
  HIGHEST GUST SPEED    29   HIGHEST GUST DIRECTION    NW (300)
  AVERAGE WIND SPEED     9.3


SKY COVER
  AVERAGE SKY COVER 0.2


WEATHER CONDITIONS
 THE FOLLOWING WEATHER WAS RECORDED YESTERDAY.
  THUNDERSTORM


RELATIVE HUMIDITY (PERCENT)
 HIGHEST    73           200 AM
 LOWEST     24           500 PM
 AVERAGE    49

..........................................................


THE DEMING CLIMATE NORMALS FOR TODAY
                         NORMAL
 MAXIMUM TEMPERATURE (F)   97
 MINIMUM TEMPERATURE (F)   65


SUNRISE AND SUNSET
JULY  7 2015..........SUNRISE   610 AM MDT   SUNSET   821 PM MDT
JULY  8 2015..........SUNRISE   611 AM MDT   SUNSET   821 PM MDT


-  INDICATES NEGATIVE NUMBERS.
R  INDICATES RECORD WAS SET OR TIED.
MM INDICATES DATA IS MISSING.
T  INDICATES TRACE AMOUNT.




$$
