000
CDUS43 KEAX 010043
CLIDMO


CLIMATE REPORT
NATIONAL WEATHER SERVICE KANSAS CITY/PLEASANT HILL MO
739 PM CDT WED AUG 31 2016


...................................

...THE SEDALIA MO CLIMATE SUMMARY FOR AUGUST 31 2016...
VALID TODAY AS OF 0700 PM LOCAL TIME.

CLIMATE NORMAL PERIOD 1981 TO 2010
CLIMATE RECORD PERIOD 9999 TO 9999


WEATHER ITEM   OBSERVED TIME   NORMAL DEPARTURE LAST
                VALUE   (LST)  VALUE  FROM      YEAR
                                      NORMAL
......................................................
TEMPERATURE (F)
 TODAY
  MAXIMUM         83    237 PM  86     -3       93
  MINIMUM         70    845 AM  64      6       70
  AVERAGE         77            75      2       82

PRECIPITATION (IN)
  TODAY            0.06          0.14  -0.08     0.00
  MONTH TO DATE    2.35          3.49  -1.14     2.38
  SINCE JUN 1     15.10         12.79   2.31    14.80
  SINCE JAN 1     24.36         27.94  -3.58    28.23

DEGREE DAYS
 HEATING
  TODAY            0             0      0        0
  MONTH TO DATE    0             0      0        0
  SINCE JUN 1      0             7     -7        5
  SINCE JUL 1      0             1     -1        0

 COOLING
  TODAY           12            10      2       17
  MONTH TO DATE  414           405      9      326
  SINCE JUN 1   1293          1146    147     1112
  SINCE JAN 1   1415          1285    130     1239
......................................................


WIND (MPH)
  HIGHEST WIND SPEED    23   HIGHEST WIND DIRECTION     N (10)
  HIGHEST GUST SPEED    28   HIGHEST GUST DIRECTION     N (10)
  AVERAGE WIND SPEED     3.9


SKY COVER
  AVERAGE SKY COVER 0.5


WEATHER CONDITIONS
 THE FOLLOWING WEATHER WAS RECORDED TODAY.
  THUNDERSTORM
  RAIN
  LIGHT RAIN
  FOG


RELATIVE HUMIDITY (PERCENT)
 HIGHEST    93           300 AM
 LOWEST     65           100 PM
 AVERAGE    79

..........................................................


THE SEDALIA MO CLIMATE NORMALS FOR TOMORROW
                         NORMAL
 MAXIMUM TEMPERATURE (F)   86
 MINIMUM TEMPERATURE (F)   64


SUNRISE AND SUNSET
AUGUST 31 2016........SUNRISE   641 AM CDT   SUNSET   743 PM CDT
SEPTEMBER  1 2016.....SUNRISE   642 AM CDT   SUNSET   742 PM CDT


-  INDICATES NEGATIVE NUMBERS.
R  INDICATES RECORD WAS SET OR TIED.
MM INDICATES DATA IS MISSING.
T  INDICATES TRACE AMOUNT.




$$
