000
CDUS43 KEAX 300633
CLIDMO


CLIMATE REPORT
NATIONAL WEATHER SERVICE KANSAS CITY/PLEASANT HILL MO
132 AM CDT MON MAY 30 2016


...................................

...THE SEDALIA MO CLIMATE SUMMARY FOR MAY 29 2016...

CLIMATE NORMAL PERIOD 1981 TO 2010
CLIMATE RECORD PERIOD 9999 TO 9999


WEATHER ITEM   OBSERVED TIME   NORMAL DEPARTURE LAST
                VALUE   (LST)  VALUE  FROM      YEAR
                                      NORMAL
......................................................
TEMPERATURE (F)
 YESTERDAY
  MAXIMUM         86    515 PM  80      6       74
  MINIMUM         63    439 AM  60      3       64
  AVERAGE         75            70      5       69

PRECIPITATION (IN)
  YESTERDAY        0.00          0.16  -0.16     0.25
  MONTH TO DATE    4.25          4.39  -0.14     6.40
  SINCE MAR 1      7.85         11.25  -3.40    11.35
  SINCE JAN 1      9.00         14.85  -5.85    13.43

DEGREE DAYS
 HEATING
  YESTERDAY        0             1     -1        0
  MONTH TO DATE  110            81     29       61
  SINCE MAR 1    692           946   -254      788
  SINCE JUL 1   3680          4563   -883     4636

 COOLING
  YESTERDAY       10             6      4        4
  MONTH TO DATE   80            93    -13      110
  SINCE MAR 1    104           127    -23      127
  SINCE JAN 1    104           127    -23      127
......................................................


WIND (MPH)
  HIGHEST WIND SPEED    12   HIGHEST WIND DIRECTION     W (280)
  HIGHEST GUST SPEED    16   HIGHEST GUST DIRECTION     W (260)
  AVERAGE WIND SPEED     5.1


SKY COVER
  AVERAGE SKY COVER 0.0


WEATHER CONDITIONS
 THE FOLLOWING WEATHER WAS RECORDED YESTERDAY.
  NO SIGNIFICANT WEATHER WAS OBSERVED.


RELATIVE HUMIDITY (PERCENT)
 HIGHEST    93           300 AM
 LOWEST     34           100 PM
 AVERAGE    64

..........................................................


THE SEDALIA MO CLIMATE NORMALS FOR TODAY
                         NORMAL
 MAXIMUM TEMPERATURE (F)   80
 MINIMUM TEMPERATURE (F)   60


SUNRISE AND SUNSET
MAY 30 2016...........SUNRISE   550 AM CDT   SUNSET   830 PM CDT
MAY 31 2016...........SUNRISE   550 AM CDT   SUNSET   831 PM CDT


-  INDICATES NEGATIVE NUMBERS.
R  INDICATES RECORD WAS SET OR TIED.
MM INDICATES DATA IS MISSING.
T  INDICATES TRACE AMOUNT.




$$
