000
CDUS43 KEAX 110033
CLIDMO


CLIMATE REPORT
NATIONAL WEATHER SERVICE KANSAS CITY/PLEASANT HILL MO
633 PM CST SAT DEC 10 2016


...................................

...THE SEDALIA MO CLIMATE SUMMARY FOR DECEMBER 10 2016...
VALID TODAY AS OF 0600 PM LOCAL TIME.

CLIMATE NORMAL PERIOD 1981 TO 2010
CLIMATE RECORD PERIOD 9999 TO 9999


WEATHER ITEM   OBSERVED TIME   NORMAL DEPARTURE LAST
                VALUE   (LST)  VALUE  FROM      YEAR
                                      NORMAL
......................................................
TEMPERATURE (F)
 TODAY
  MAXIMUM         39    354 PM  45     -6       63
  MINIMUM         26    631 AM  28     -2       42
  AVERAGE         33            36     -3       53

PRECIPITATION (IN)
  TODAY            0.00          0.06  -0.06     0.00
  MONTH TO DATE    0.30          0.73  -0.43      T
  SINCE DEC 1      0.30          0.73  -0.43      T
  SINCE JAN 1     31.48         39.52  -8.04    38.43

DEGREE DAYS
 HEATING
  TODAY           32            29      3       12
  MONTH TO DATE  316           272     44      198
  SINCE DEC 1    316           272     44      198
  SINCE JUL 1    823          1117   -294      843

 COOLING
  TODAY            0             0      0        0
  MONTH TO DATE    0             0      0        0
  SINCE DEC 1      0             0      0        0
  SINCE JAN 1   1775          1490    285     1552
......................................................


WIND (MPH)
  HIGHEST WIND SPEED    17   HIGHEST WIND DIRECTION    SE (140)
  HIGHEST GUST SPEED    22   HIGHEST GUST DIRECTION    SE (140)
  AVERAGE WIND SPEED     8.6


SKY COVER
  AVERAGE SKY COVER 1.0


WEATHER CONDITIONS
 THE FOLLOWING WEATHER WAS RECORDED TODAY.
  NO SIGNIFICANT WEATHER WAS OBSERVED.


RELATIVE HUMIDITY (PERCENT)
 HIGHEST    58           900 AM
 LOWEST     37           200 PM
 AVERAGE    48

..........................................................


THE SEDALIA MO CLIMATE NORMALS FOR TOMORROW
                         NORMAL
 MAXIMUM TEMPERATURE (F)   44
 MINIMUM TEMPERATURE (F)   27


SUNRISE AND SUNSET
DECEMBER 10 2016......SUNRISE   720 AM CST   SUNSET   451 PM CST
DECEMBER 11 2016......SUNRISE   721 AM CST   SUNSET   451 PM CST


-  INDICATES NEGATIVE NUMBERS.
R  INDICATES RECORD WAS SET OR TIED.
MM INDICATES DATA IS MISSING.
T  INDICATES TRACE AMOUNT.




$$
