000
CDUS43 KEAX 210636
CLIDMO


CLIMATE REPORT
NATIONAL WEATHER SERVICE KANSAS CITY/PLEASANT HILL MO
136 AM CDT SUN SEP 21 2014


...................................

...THE SEDALIA MO CLIMATE SUMMARY FOR SEPTEMBER 20 2014...

CLIMATE NORMAL PERIOD 1981 TO 2010
CLIMATE RECORD PERIOD 9999 TO 9999


WEATHER ITEM   OBSERVED TIME   NORMAL DEPARTURE LAST
                VALUE   (LST)  VALUE  FROM      YEAR
                                      NORMAL
......................................................
TEMPERATURE (F)
 YESTERDAY
  MAXIMUM         84    126 PM  78      6       73
  MINIMUM         66    423 AM  57      9       54
  AVERAGE         75            67      8       64

PRECIPITATION (IN)
  YESTERDAY        0.00          0.12  -0.12     0.06
  MONTH TO DATE    1.81          2.87  -1.06     2.79
  SINCE SEP 1      1.81          2.87  -1.06     2.79
  SINCE JAN 1     23.38         30.81  -7.43    32.70

DEGREE DAYS
 HEATING
  YESTERDAY        0             2     -2        1
  MONTH TO DATE   39            12     27        5
  SINCE SEP 1     39            12     27        5
  SINCE JUL 1     39            13     26        5

 COOLING
  YESTERDAY       10             4      6        0
  MONTH TO DATE  113           133    -20      196
  SINCE SEP 1    113           133    -20      196
  SINCE JAN 1   1330          1418    -88     1411
......................................................


WIND (MPH)
  HIGHEST WIND SPEED    21   HIGHEST WIND DIRECTION    SW (220)
  HIGHEST GUST SPEED    27   HIGHEST GUST DIRECTION    SW (210)
  AVERAGE WIND SPEED     9.5


SKY COVER
  AVERAGE SKY COVER 0.1


WEATHER CONDITIONS
 THE FOLLOWING WEATHER WAS RECORDED YESTERDAY.
  FOG
  HAZE


RELATIVE HUMIDITY (PERCENT)
 HIGHEST    93           500 AM
 LOWEST     61           100 PM
 AVERAGE    77

..........................................................


THE SEDALIA MO CLIMATE NORMALS FOR TODAY
                         NORMAL
 MAXIMUM TEMPERATURE (F)   77
 MINIMUM TEMPERATURE (F)   56


SUNRISE AND SUNSET
SEPTEMBER 21 2014.....SUNRISE   659 AM CDT   SUNSET   711 PM CDT
SEPTEMBER 22 2014.....SUNRISE   700 AM CDT   SUNSET   709 PM CDT


-  INDICATES NEGATIVE NUMBERS.
R  INDICATES RECORD WAS SET OR TIED.
MM INDICATES DATA IS MISSING.
T  INDICATES TRACE AMOUNT.




$$
