000
CDUS43 KEAX 250640
CLIDMO


CLIMATE REPORT
NATIONAL WEATHER SERVICE KANSAS CITY/PLEASANT HILL MO
1240 AM CST THU DEC 25 2014


...................................

...THE SEDALIA MO CLIMATE SUMMARY FOR DECEMBER 24 2014...

CLIMATE NORMAL PERIOD 1981 TO 2010
CLIMATE RECORD PERIOD 9999 TO 9999


WEATHER ITEM   OBSERVED TIME   NORMAL DEPARTURE LAST
                VALUE   (LST)  VALUE  FROM      YEAR
                                      NORMAL
......................................................
TEMPERATURE (F)
 YESTERDAY
  MAXIMUM         38    625 PM  41     -3       28
  MINIMUM         34   1159 PM  24     10        4
  AVERAGE         36            33      3       16

PRECIPITATION (IN)
  YESTERDAY        0.03          0.09  -0.06     0.00
  MONTH TO DATE    1.93          1.75   0.18     1.63
  SINCE DEC 1      1.93          1.75   0.18     1.63
  SINCE JAN 1     35.26         40.54  -5.28    40.69

DEGREE DAYS
 HEATING
  YESTERDAY       29            32     -3       49
  MONTH TO DATE  622           705    -83      803
  SINCE DEC 1    622           705    -83      803
  SINCE JUL 1   1607          1550     57     1752

 COOLING
  YESTERDAY        0             0      0        0
  MONTH TO DATE    0             0      0        0
  SINCE DEC 1      0             0      0        0
  SINCE JAN 1   1409          1490    -81     1485
......................................................


WIND (MPH)
  HIGHEST WIND SPEED    18   HIGHEST WIND DIRECTION     W (290)
  HIGHEST GUST SPEED    24   HIGHEST GUST DIRECTION    NW (320)
  AVERAGE WIND SPEED    11.6


SKY COVER
  AVERAGE SKY COVER 1.0


WEATHER CONDITIONS
 THE FOLLOWING WEATHER WAS RECORDED YESTERDAY.
  LIGHT RAIN
  LIGHT SNOW
  FOG


RELATIVE HUMIDITY (PERCENT)
 HIGHEST    92          1200 AM
 LOWEST     75           900 PM
 AVERAGE    84

..........................................................


THE SEDALIA MO CLIMATE NORMALS FOR TODAY
                         NORMAL
 MAXIMUM TEMPERATURE (F)   41
 MINIMUM TEMPERATURE (F)   24


SUNRISE AND SUNSET
DECEMBER 25 2014......SUNRISE   729 AM CST   SUNSET   457 PM CST
DECEMBER 26 2014......SUNRISE   729 AM CST   SUNSET   457 PM CST


-  INDICATES NEGATIVE NUMBERS.
R  INDICATES RECORD WAS SET OR TIED.
MM INDICATES DATA IS MISSING.
T  INDICATES TRACE AMOUNT.




$$
