000
CDUS43 KEAX 290639
CLIDMO


CLIMATE REPORT
NATIONAL WEATHER SERVICE KANSAS CITY/PLEASANT HILL MO
139 AM CDT THU SEP 29 2016


...................................

...THE SEDALIA MO CLIMATE SUMMARY FOR SEPTEMBER 28 2016...

CLIMATE NORMAL PERIOD 1981 TO 2010
CLIMATE RECORD PERIOD 9999 TO 9999


WEATHER ITEM   OBSERVED TIME   NORMAL DEPARTURE LAST
                VALUE   (LST)  VALUE  FROM      YEAR
                                      NORMAL
......................................................
TEMPERATURE (F)
 YESTERDAY
  MAXIMUM         71    343 PM  74     -3       86
  MINIMUM         53   1159 PM  54     -1       58
  AVERAGE         62            64     -2       72

PRECIPITATION (IN)
  YESTERDAY        0.00          0.13  -0.13     0.00
  MONTH TO DATE    4.47          3.87   0.60     0.96
  SINCE SEP 1      4.47          3.87   0.60     0.96
  SINCE JAN 1     28.83         31.81  -2.98    29.19

DEGREE DAYS
 HEATING
  YESTERDAY        3             4     -1        0
  MONTH TO DATE    3            34    -31        8
  SINCE SEP 1      3            34    -31        8
  SINCE JUL 1      3            35    -32        8

 COOLING
  YESTERDAY        0             3     -3        7
  MONTH TO DATE  258           159     99      263
  SINCE SEP 1    258           159     99      263
  SINCE JAN 1   1671          1444    227     1502
......................................................


WIND (MPH)
  HIGHEST WIND SPEED    20   HIGHEST WIND DIRECTION     N (350)
  HIGHEST GUST SPEED    25   HIGHEST GUST DIRECTION     N (340)
  AVERAGE WIND SPEED    10.0


SKY COVER
  AVERAGE SKY COVER 0.1


WEATHER CONDITIONS
 THE FOLLOWING WEATHER WAS RECORDED YESTERDAY.
  NO SIGNIFICANT WEATHER WAS OBSERVED.


RELATIVE HUMIDITY (PERCENT)
 HIGHEST    83          1100 PM
 LOWEST     44           100 PM
 AVERAGE    64

..........................................................


THE SEDALIA MO CLIMATE NORMALS FOR TODAY
                         NORMAL
 MAXIMUM TEMPERATURE (F)   74
 MINIMUM TEMPERATURE (F)   53


SUNRISE AND SUNSET
SEPTEMBER 29 2016.....SUNRISE   707 AM CDT   SUNSET   657 PM CDT
SEPTEMBER 30 2016.....SUNRISE   708 AM CDT   SUNSET   656 PM CDT


-  INDICATES NEGATIVE NUMBERS.
R  INDICATES RECORD WAS SET OR TIED.
MM INDICATES DATA IS MISSING.
T  INDICATES TRACE AMOUNT.




$$
