034
CDUS43 KEAX 300035
CLIDMO


CLIMATE REPORT
NATIONAL WEATHER SERVICE KANSAS CITY/PLEASANT HILL MO
734 PM CDT MON MAY 29 2017


...................................

...THE SEDALIA MO CLIMATE SUMMARY FOR MAY 29 2017...
VALID TODAY AS OF 0700 PM LOCAL TIME.

CLIMATE NORMAL PERIOD 1981 TO 2010
CLIMATE RECORD PERIOD 9999 TO 9999


WEATHER ITEM   OBSERVED TIME   NORMAL DEPARTURE LAST
                VALUE   (LST)  VALUE  FROM      YEAR
                                      NORMAL
......................................................
TEMPERATURE (F)
 TODAY
  MAXIMUM         83    311 PM  80      3       86
  MINIMUM         57    504 AM  60     -3       63
  AVERAGE         70            70      0       75

PRECIPITATION (IN)
  TODAY            0.00          0.16  -0.16     0.00
  MONTH TO DATE    3.58          4.39  -0.81     4.25
  SINCE MAR 1     14.37         11.25   3.12     7.85
  SINCE JAN 1     15.79         14.85   0.94     9.00

DEGREE DAYS
 HEATING
  TODAY            0             1     -1        0
  MONTH TO DATE   72            81     -9      110
  SINCE MAR 1    721           946   -225      692
  SINCE JUL 1   3604          4563   -959     3680

 COOLING
  TODAY            5             6     -1       10
  MONTH TO DATE  105            93     12       80
  SINCE MAR 1    155           127     28      104
  SINCE JAN 1    155           127     28      104
......................................................


WIND (MPH)
  HIGHEST WIND SPEED    17   HIGHEST WIND DIRECTION    NW (320)
  HIGHEST GUST SPEED    23   HIGHEST GUST DIRECTION     W (280)
  AVERAGE WIND SPEED    10.0


SKY COVER
  AVERAGE SKY COVER 0.1


WEATHER CONDITIONS
 THE FOLLOWING WEATHER WAS RECORDED TODAY.
  NO SIGNIFICANT WEATHER WAS OBSERVED.


RELATIVE HUMIDITY (PERCENT)
 HIGHEST    93           500 AM
 LOWEST     34           400 PM
 AVERAGE    64

..........................................................


THE SEDALIA MO CLIMATE NORMALS FOR TOMORROW
                         NORMAL
 MAXIMUM TEMPERATURE (F)   80
 MINIMUM TEMPERATURE (F)   60


SUNRISE AND SUNSET
MAY 29 2017...........SUNRISE   551 AM CDT   SUNSET   829 PM CDT
MAY 30 2017...........SUNRISE   550 AM CDT   SUNSET   830 PM CDT


-  INDICATES NEGATIVE NUMBERS.
R  INDICATES RECORD WAS SET OR TIED.
MM INDICATES DATA IS MISSING.
T  INDICATES TRACE AMOUNT.




$$
