625
CDUS42 KCAE 220547
CLIDNL


CLIMATE REPORT
NATIONAL WEATHER SERVICE COLUMBIA SC
1247 AM EST THU FEB 22 2018


...................................

...THE AUGUSTA DANIEL FIELD GA CLIMATE SUMMARY FOR FEBRUARY 21 2018...

CLIMATE NORMAL PERIOD 1981 TO 2010
CLIMATE RECORD PERIOD 9999 TO 9999


WEATHER ITEM   OBSERVED TIME   NORMAL DEPARTURE LAST
                VALUE   (LST)  VALUE  FROM      YEAR
                                      NORMAL
......................................................
TEMPERATURE (F)
 YESTERDAY
  MAXIMUM         85    340 PM  62     23       73
  MINIMUM         68    809 AM  42     26       54
  AVERAGE         77            52     25       64

PRECIPITATION (IN)
  YESTERDAY        0.00          0.16  -0.16      T
  MONTH TO DATE    1.49          2.90  -1.41     1.57
  SINCE DEC 1      8.20         10.73  -2.53    16.28
  SINCE JAN 1      4.20          7.11  -2.91    12.07

DEGREE DAYS
 HEATING
  YESTERDAY        0            13    -13        1
  MONTH TO DATE  138           321   -183      137
  SINCE DEC 1   1144          1393   -249      820
  SINCE JUL 1   1406          1727   -321      989

 COOLING
  YESTERDAY       12             0     12        0
  MONTH TO DATE   41             0     41        5
  SINCE DEC 1     46             6     40       24
  SINCE JAN 1     43             1     42       20
......................................................


WIND (MPH)
  HIGHEST WIND SPEED    15   HIGHEST WIND DIRECTION    SE (150)
  HIGHEST GUST SPEED    21   HIGHEST GUST DIRECTION    SE (150)
  AVERAGE WIND SPEED     7.0


SKY COVER
  AVERAGE SKY COVER 0.6


WEATHER CONDITIONS
 THE FOLLOWING WEATHER WAS RECORDED YESTERDAY.
  FOG


RELATIVE HUMIDITY (PERCENT)
 HIGHEST    93           700 AM
 LOWEST     48           400 PM

..........................................................


THE AUGUSTA DANIEL FIELD GA CLIMATE NORMALS FOR TODAY
                         NORMAL    RECORD    YEAR
 MAXIMUM TEMPERATURE (F)   62        MM        MM
 MINIMUM TEMPERATURE (F)   42        MM        MM


SUNRISE AND SUNSET
FEBRUARY 22 2018......SUNRISE   705 AM EST   SUNSET   619 PM EST
FEBRUARY 23 2018......SUNRISE   703 AM EST   SUNSET   620 PM EST


-  INDICATES NEGATIVE NUMBERS.
R  INDICATES RECORD WAS SET OR TIED.
MM INDICATES DATA IS MISSING.
T  INDICATES TRACE AMOUNT.




$$
