000
CDUS42 KCAE 060717
CLIDNL


CLIMATE REPORT
NATIONAL WEATHER SERVICE COLUMBIA SC
316 AM EDT FRI MAY 6 2016


...................................

...THE AUGUSTA DANIEL FIELD GA CLIMATE SUMMARY FOR MAY 5 2016...

CLIMATE NORMAL PERIOD 1981 TO 2010
CLIMATE RECORD PERIOD 9999 TO 9999


WEATHER ITEM   OBSERVED TIME   NORMAL DEPARTURE LAST
                VALUE   (LST)  VALUE  FROM      YEAR
                                      NORMAL
......................................................
TEMPERATURE (F)
 YESTERDAY
  MAXIMUM         69        MM  81    -12       83
  MINIMUM         53        MM  59     -6       60
  AVERAGE         61            70     -9       72

PRECIPITATION (IN)
  YESTERDAY        T             0.07  -0.07     0.00
  MONTH TO DATE    1.75          0.31   1.44     0.00
  SINCE MAR 1      6.98          7.57  -0.59     6.06
  SINCE JAN 1     11.59         15.81  -4.22    10.99

DEGREE DAYS
 HEATING
  YESTERDAY        4             1      3        0
  MONTH TO DATE    4             5     -1        2
  SINCE MAR 1    159           351   -192      181
  SINCE JUL 1   1460          2164   -704     2036

 COOLING
  YESTERDAY        0             5     -5        7
  MONTH TO DATE   43            25     18       19
  SINCE MAR 1    270           122    148      210
  SINCE JAN 1    276           126    150      210
......................................................


WIND (MPH)
  HIGHEST WIND SPEED    24   HIGHEST WIND DIRECTION    NW (320)
  HIGHEST GUST SPEED    36   HIGHEST GUST DIRECTION     W (280)
  AVERAGE WIND SPEED    10.6


SKY COVER
  AVERAGE SKY COVER 0.2


WEATHER CONDITIONS
 THE FOLLOWING WEATHER WAS RECORDED YESTERDAY.
  NO SIGNIFICANT WEATHER WAS OBSERVED.


RELATIVE HUMIDITY (PERCENT)
 HIGHEST    71           600 AM
 LOWEST     31           200 PM

..........................................................


THE AUGUSTA DANIEL FIELD GA CLIMATE NORMALS FOR TODAY
                         NORMAL    RECORD    YEAR
 MAXIMUM TEMPERATURE (F)   81        MM        MM
 MINIMUM TEMPERATURE (F)   59        MM        MM


SUNRISE AND SUNSET
MAY  6 2016...........SUNRISE   635 AM EDT   SUNSET   815 PM EDT
MAY  7 2016...........SUNRISE   634 AM EDT   SUNSET   816 PM EDT


-  INDICATES NEGATIVE NUMBERS.
R  INDICATES RECORD WAS SET OR TIED.
MM INDICATES DATA IS MISSING.
T  INDICATES TRACE AMOUNT.




$$
