000
CDUS43 KLOT 060634
CLIDPA


CLIMATE REPORT
NATIONAL WEATHER SERVICE CHICAGO IL
1233 AM CST FRI MAR 6 2015


...................................

...THE DU PAGE  AIRPORT CLIMATE SUMMARY FOR MARCH 5 2015...

CLIMATE NORMAL PERIOD 1981 TO 2010
CLIMATE RECORD PERIOD 1997 TO 2015


WEATHER ITEM   OBSERVED TIME   RECORD YEAR NORMAL DEPARTURE LAST
                VALUE   (LST)  VALUE       VALUE  FROM      YEAR
                                                  NORMAL
..................................................................
TEMPERATURE (F)
 YESTERDAY
  MAXIMUM         15    257 PM  69    2000  43    -28       23
  MINIMUM          0R   528 AM   6    2002  25    -25       13
  AVERAGE          8                        34    -26       18

PRECIPITATION (IN)
  YESTERDAY        0.00          0.59        0.08  -0.08    MM
  MONTH TO DATE    0.07                      0.38  -0.31      T
  SINCE MAR 1      0.07                      0.38  -0.31      T
  SINCE JAN 1      1.90                      3.11  -1.21     1.22

SNOWFALL (IN)
  YESTERDAY       MM
  MONTH TO DATE    T
  SINCE JUL 1     30.0

DEGREE DAYS
 HEATING
  YESTERDAY       57                        31     26       47
  MONTH TO DATE  230                       159     71      257
  SINCE MAR 1    230                       159     71      257
  SINCE JUL 1   5422                      4914    508     6033

 COOLING
  YESTERDAY        0                         0      0        0
  MONTH TO DATE    0                         0      0        0
  SINCE MAR 1      0                         0      0        0
  SINCE JAN 1      0                         0      0        0
..................................................................


WIND (MPH)
  RESULTANT WIND SPEED   7   RESULTANT WIND DIRECTION  NW (310)
  HIGHEST WIND SPEED    18   HIGHEST WIND DIRECTION     W (290)
  HIGHEST GUST SPEED    22   HIGHEST GUST DIRECTION    NW (310)
  AVERAGE WIND SPEED     8.6



WEATHER CONDITIONS
 THE FOLLOWING WEATHER WAS RECORDED YESTERDAY.
  NO SIGNIFICANT WEATHER WAS OBSERVED.


..........................................................


THE DU PAGE  AIRPORT CLIMATE NORMALS FOR TODAY
                         NORMAL    RECORD    YEAR
 MAXIMUM TEMPERATURE (F)   44        70      2000
 MINIMUM TEMPERATURE (F)   25         8      2003


SUNRISE AND SUNSET
MARCH  6 2015.........SUNRISE   620 AM CST   SUNSET   549 PM CST
MARCH  7 2015.........SUNRISE   619 AM CST   SUNSET   550 PM CST


-  INDICATES NEGATIVE NUMBERS.
R  INDICATES RECORD WAS SET OR TIED.
MM INDICATES DATA IS MISSING.
T  INDICATES TRACE AMOUNT.




$$
