000
CDUS43 KLOT 060647
CLIDPA


CLIMATE REPORT
NATIONAL WEATHER SERVICE CHICAGO IL
143 AM CDT FRI MAY 6 2016


...................................

...THE DU PAGE  AIRPORT CLIMATE SUMMARY FOR MAY 5 2016...

CLIMATE NORMAL PERIOD 1981 TO 2010
CLIMATE RECORD PERIOD 1997 TO 2016


WEATHER ITEM   OBSERVED TIME   RECORD YEAR NORMAL DEPARTURE LAST
                VALUE   (LST)  VALUE       VALUE  FROM      YEAR
                                                  NORMAL
..................................................................
TEMPERATURE (F)
 YESTERDAY
  MAXIMUM         67    401 PM  83    2000  68     -1       58
  MINIMUM         39    518 AM  34    2005  44     -5       49
  AVERAGE         53                        56     -3       54

PRECIPITATION (IN)
  YESTERDAY        0.00          0.67        0.15  -0.15     0.67
  MONTH TO DATE    0.76                      0.74   0.02     1.13
  SINCE MAR 1      6.68                      6.45   0.23     5.87
  SINCE JAN 1      8.88                      9.18  -0.30     7.70

SNOWFALL (IN)
  YESTERDAY        0.0
  MONTH TO DATE    0.0
  SINCE JUL 1     21.6

DEGREE DAYS
 HEATING
  YESTERDAY       12                        10      2       11
  MONTH TO DATE   76                        51     25       33
  SINCE MAR 1   1267                      1362    -95     1442
  SINCE JUL 1   5470                      6117   -647     6634

 COOLING
  YESTERDAY        0                         0      0        0
  MONTH TO DATE    0                         0      0        0
  SINCE MAR 1      6                         4      2        0
  SINCE JAN 1      6                         4      2        0
..................................................................


WIND (MPH)
  RESULTANT WIND SPEED   8   RESULTANT WIND DIRECTION   N (360)
  HIGHEST WIND SPEED    16   HIGHEST WIND DIRECTION     N (360)
  HIGHEST GUST SPEED    22   HIGHEST GUST DIRECTION     N (10)
  AVERAGE WIND SPEED     8.4



WEATHER CONDITIONS
 THE FOLLOWING WEATHER WAS RECORDED YESTERDAY.
  NO SIGNIFICANT WEATHER WAS OBSERVED.


..........................................................


THE DU PAGE  AIRPORT CLIMATE NORMALS FOR TODAY
                         NORMAL    RECORD    YEAR
 MAXIMUM TEMPERATURE (F)   68        85      2004
 MINIMUM TEMPERATURE (F)   44        36      2006


SUNRISE AND SUNSET
MAY  6 2016...........SUNRISE   542 AM CDT   SUNSET   758 PM CDT
MAY  7 2016...........SUNRISE   541 AM CDT   SUNSET   759 PM CDT


-  INDICATES NEGATIVE NUMBERS.
R  INDICATES RECORD WAS SET OR TIED.
MM INDICATES DATA IS MISSING.
T  INDICATES TRACE AMOUNT.




$$
