000
CDUS43 KLOT 230631
CLIDPA


CLIMATE REPORT
NATIONAL WEATHER SERVICE CHICAGO IL
131 AM CDT THU OCT 23 2014


...................................

...THE DU PAGE  AIRPORT CLIMATE SUMMARY FOR OCTOBER 22 2014...

CLIMATE NORMAL PERIOD 1981 TO 2010
CLIMATE RECORD PERIOD 1997 TO 2014


WEATHER ITEM   OBSERVED TIME   RECORD YEAR NORMAL DEPARTURE LAST
                VALUE   (LST)  VALUE       VALUE  FROM      YEAR
                                                  NORMAL
..................................................................
TEMPERATURE (F)
 YESTERDAY
  MAXIMUM         60    214 PM  68    2000  61     -1       39
  MINIMUM         34    633 AM  25    2013  40     -6       25
  AVERAGE         47                        50     -3       32

PRECIPITATION (IN)
  YESTERDAY        0.00          0.95        0.10  -0.10     0.05
  MONTH TO DATE    3.13                      2.33   0.80     0.92
  SINCE SEP 1      5.21                      5.62  -0.41     3.02
  SINCE JAN 1     27.83                     31.25  -3.42    30.38

SNOWFALL (IN)
  YESTERDAY        0.0

DEGREE DAYS
 HEATING
  YESTERDAY       18                        15      3       33
  MONTH TO DATE  278                       254     24      244
  SINCE SEP 1    406                       356     50      343
  SINCE JUL 1    415                       365     50      369

 COOLING
  YESTERDAY        0                         0      0        0
  MONTH TO DATE    4                        11     -7       16
  SINCE SEP 1     77                        90    -13      118
  SINCE JAN 1    766                       814    -48      745
..................................................................


WIND (MPH)
  RESULTANT WIND SPEED   2   RESULTANT WIND DIRECTION   E (90)
  HIGHEST WIND SPEED    10   HIGHEST WIND DIRECTION     E (100)
  HIGHEST GUST SPEED    13   HIGHEST GUST DIRECTION    SE (150)
  AVERAGE WIND SPEED     2.8



WEATHER CONDITIONS
 THE FOLLOWING WEATHER WAS RECORDED YESTERDAY.
  FOG


..........................................................


THE DU PAGE  AIRPORT CLIMATE NORMALS FOR TODAY
                         NORMAL    RECORD    YEAR
 MAXIMUM TEMPERATURE (F)   60        75      2004
 MINIMUM TEMPERATURE (F)   40        28      2005


SUNRISE AND SUNSET
OCTOBER 23 2014.......SUNRISE   715 AM CDT   SUNSET   559 PM CDT
OCTOBER 24 2014.......SUNRISE   716 AM CDT   SUNSET   558 PM CDT


-  INDICATES NEGATIVE NUMBERS.
R  INDICATES RECORD WAS SET OR TIED.
MM INDICATES DATA IS MISSING.
T  INDICATES TRACE AMOUNT.




$$
