000
CDUS45 KGJT 292325
CLIDRO


CLIMATE REPORT
NATIONAL WEATHER SERVICE GRAND JUNCTION CO
524 PM MDT MON AUG 29 2016


...................................

...THE DURANGO AIRPORT CO CLIMATE SUMMARY FOR AUGUST 29 2016...
VALID TODAY AS OF 0500 PM LOCAL TIME.

CLIMATE NORMAL PERIOD 1981 TO 2010
CLIMATE RECORD PERIOD 9999 TO 9999


WEATHER ITEM   OBSERVED TIME   RECORD YEAR NORMAL DEPARTURE LAST
                VALUE   (LST)  VALUE       VALUE  FROM      YEAR
                                                  NORMAL
..................................................................
TEMPERATURE (F)
 TODAY
  MAXIMUM         75    159 PM  MM      MM  81     -6       84
  MINIMUM         45    347 AM  MM      MM  48     -3       52
  AVERAGE         60                        64     -4       68

PRECIPITATION (IN)
  TODAY            T            MM      MM   0.08  -0.08     0.00
  MONTH TO DATE    2.03                      2.02   0.01     1.09
  SINCE JUN 1      3.87                      4.38  -0.51     4.45
  SINCE JAN 1      7.11                      9.81  -2.70    11.95

SNOWFALL (IN)
  TODAY           MM            MM      MM  MM     MM       MM
  MONTH TO DATE   MM                        MM     MM       MM
  SINCE JUN 1     MM                        MM     MM       MM
  SINCE JUL 1     MM                        MM     MM       MM
  SNOW DEPTH      MM

DEGREE DAYS
 HEATING
  TODAY            5                         2      3        0
  MONTH TO DATE   40                        13     27        3
  SINCE JUN 1     82                       138    -56       99
  SINCE JUL 1     45                        23     22       18

 COOLING
  TODAY            0                         1     -1        3
  MONTH TO DATE   55                        83    -28       97
  SINCE JUN 1    313                       233     80      251
  SINCE JAN 1    313                       234     79      251
..................................................................


WIND (MPH)
  HIGHEST WIND SPEED    18   HIGHEST WIND DIRECTION    NW (330)
  HIGHEST GUST SPEED    25   HIGHEST GUST DIRECTION    NW (300)
  AVERAGE WIND SPEED     5.3


SKY COVER
  POSSIBLE SUNSHINE  MM
  AVERAGE SKY COVER 0.1


WEATHER CONDITIONS
 THE FOLLOWING WEATHER WAS RECORDED TODAY.
  LIGHT RAIN


RELATIVE HUMIDITY (PERCENT)
 HIGHEST    82           200 AM
 LOWEST     27           200 PM
 AVERAGE    55

..........................................................


THE DURANGO AIRPORT CO CLIMATE NORMALS FOR TOMORROW
                         NORMAL    RECORD    YEAR
 MAXIMUM TEMPERATURE (F)   80        MM        MM
 MINIMUM TEMPERATURE (F)   48        MM        MM


SUNRISE AND SUNSET
AUGUST 29 2016........SUNRISE   640 AM MDT   SUNSET   743 PM MDT
AUGUST 30 2016........SUNRISE   640 AM MDT   SUNSET   742 PM MDT


-  INDICATES NEGATIVE NUMBERS.
R  INDICATES RECORD WAS SET OR TIED.
MM INDICATES DATA IS MISSING.
T  INDICATES TRACE AMOUNT.




$$
