000
CDUS44 KDRT 260801
CLIDRT


CLIMATE REPORT
NATIONAL WEATHER SERVICE AUSTIN/SAN ANTONIO, TX
259 AM CDT TUE JUL 26 2016


...................................

...THE DEL RIO CLIMATE SUMMARY FOR JULY 25 2016...

CLIMATE NORMAL PERIOD 1981 TO 2010
CLIMATE RECORD PERIOD 1906 TO 2016


WEATHER ITEM   OBSERVED TIME   RECORD YEAR NORMAL DEPARTURE LAST
                VALUE   (LST)  VALUE       VALUE  FROM      YEAR
                                                  NORMAL
..................................................................
TEMPERATURE (F)
 YESTERDAY
  MAXIMUM        103    409 PM 107    1944  97      6      100
  MINIMUM         80    705 AM  67    1984  75      5       77
                                      1915
                                      1911
  AVERAGE         92                        86      6       89

PRECIPITATION (IN)
  YESTERDAY        0.00          0.65 1984   0.05  -0.05     0.00
  MONTH TO DATE    0.00                      1.45  -1.45     0.04
  SINCE JUN 1      2.93                      3.80  -0.87     3.52
  SINCE JAN 1     11.54                     11.00   0.54    18.60

SNOWFALL (IN)
  YESTERDAY        0.0
  MONTH TO DATE    0.0
  SINCE JUN 1      0.0
  SINCE JUL 1      0.0

DEGREE DAYS
 HEATING
  YESTERDAY        0                         0      0        0
  MONTH TO DATE    0                         0      0        0
  SINCE JUN 1      0                         0      0        0
  SINCE JUL 1      0                         0      0        0

 COOLING
  YESTERDAY       27                        21      6       24
  MONTH TO DATE  650                       519    131      518
  SINCE JUN 1   1229                      1090    139     1019
  SINCE JAN 1   1955                      1849    106     1699
..................................................................


WIND (MPH)
  HIGHEST WIND SPEED    28   HIGHEST WIND DIRECTION    NE (60)
  HIGHEST GUST SPEED    36   HIGHEST GUST DIRECTION    NE (60)
  AVERAGE WIND SPEED     9.8


SKY COVER
  AVERAGE SKY COVER 0.1


WEATHER CONDITIONS
 THE FOLLOWING WEATHER WAS RECORDED YESTERDAY.
  NO SIGNIFICANT WEATHER WAS OBSERVED.


RELATIVE HUMIDITY (PERCENT)
 HIGHEST    69           400 AM
 LOWEST     27           300 PM
 AVERAGE    48

..........................................................


THE DEL RIO CLIMATE NORMALS FOR TODAY
                         NORMAL    RECORD    YEAR
 MAXIMUM TEMPERATURE (F)   97       108      1944
 MINIMUM TEMPERATURE (F)   76        66      1913


SUNRISE AND SUNSET
JULY 26 2016..........SUNRISE   701 AM CDT   SUNSET   839 PM CDT
JULY 27 2016..........SUNRISE   701 AM CDT   SUNSET   839 PM CDT


-  INDICATES NEGATIVE NUMBERS.
R  INDICATES RECORD WAS SET OR TIED.
MM INDICATES DATA IS MISSING.
T  INDICATES TRACE AMOUNT.




$$
