000
CDUS44 KEWX 062237
CLIDRT


CLIMATE REPORT
NATIONAL WEATHER SERVICE AUSTIN/SAN ANTONIO, TX
536 PM CDT MON JUL 6 2015


...................................

...THE DEL RIO CLIMATE SUMMARY FOR JULY 6 2015...
VALID TODAY AS OF 0536 PM LOCAL TIME.

CLIMATE NORMAL PERIOD 1981 TO 2010
CLIMATE RECORD PERIOD 1906 TO 2015


WEATHER ITEM   OBSERVED TIME   RECORD YEAR NORMAL DEPARTURE LAST
                VALUE   (LST)  VALUE       VALUE  FROM      YEAR
                                                  NORMAL
..................................................................
TEMPERATURE (F)
 TODAY
  MAXIMUM         95    435 PM 106    1998  96     -1       97
  MINIMUM         77    713 AM  65    1906  75      2       75
  AVERAGE         86                        86      0       86

PRECIPITATION (IN)
  TODAY            0.00          3.86 2003   0.06  -0.06     0.00
  MONTH TO DATE    T                         0.35  -0.35     0.00
  SINCE JUN 1      3.48                      2.70   0.78     4.69
  SINCE JAN 1     18.56                      9.90   8.66     6.04

SNOWFALL (IN)
  TODAY            0.0
  MONTH TO DATE    0.0
  SINCE JUN 1      0.0
  SINCE JUL 1      0.0
  SNOW DEPTH       0

DEGREE DAYS
 HEATING
  TODAY            0                         0      0        0
  MONTH TO DATE    0                         0      0        0
  SINCE JUN 1      0                         0      0        0
  SINCE JUL 1      0                         0      0        0

 COOLING
  TODAY           21                        20      1       21
  MONTH TO DATE  108                       120    -12      125
  SINCE JUN 1    609                       691    -82      753
  SINCE JAN 1   1289                      1450   -161     1603
..................................................................


WIND (MPH)
  HIGHEST WIND SPEED    21   HIGHEST WIND DIRECTION    SE (150)
  HIGHEST GUST SPEED    27   HIGHEST GUST DIRECTION    SE (150)
  AVERAGE WIND SPEED    12.8



WEATHER CONDITIONS
 THE FOLLOWING WEATHER WAS RECORDED TODAY.
  NO SIGNIFICANT WEATHER WAS OBSERVED.


RELATIVE HUMIDITY (PERCENT)
 HIGHEST    79           400 AM
 LOWEST     39           400 PM
 AVERAGE    59

..........................................................


THE DEL RIO CLIMATE NORMALS FOR TOMORROW
                         NORMAL    RECORD    YEAR
 MAXIMUM TEMPERATURE (F)   96       107      2005
                                             1998
 MINIMUM TEMPERATURE (F)   75        64      1906


SUNRISE AND SUNSET
JULY  6 2015..........SUNRISE   650 AM CDT   SUNSET   847 PM CDT
JULY  7 2015..........SUNRISE   650 AM CDT   SUNSET   847 PM CDT


-  INDICATES NEGATIVE NUMBERS.
R  INDICATES RECORD WAS SET OR TIED.
MM INDICATES DATA IS MISSING.
T  INDICATES TRACE AMOUNT.




$$
