000
CDUS44 KDRT 282256
CLIDRT


CLIMATE REPORT
NATIONAL WEATHER SERVICE AUSTIN/SAN ANTONIO, TX
555 PM CDT SAT MAY 28 2016


...................................

...THE DEL RIO CLIMATE SUMMARY FOR MAY 28 2016...
VALID TODAY AS OF 555 PM LOCAL TIME.

CLIMATE NORMAL PERIOD 1981 TO 2010
CLIMATE RECORD PERIOD 1906 TO 2016


WEATHER ITEM   OBSERVED TIME   RECORD YEAR NORMAL DEPARTURE LAST
                VALUE   (LST)  VALUE       VALUE  FROM      YEAR
                                                  NORMAL
..................................................................
TEMPERATURE (F)
 TODAY
  MAXIMUM         94    338 PM 108    1927  92      2       90
                                      1912
  MINIMUM         66    232 AM  58    1907  71     -5       64
  AVERAGE         80                        82     -2       77

PRECIPITATION (IN)
  TODAY            T             3.41 1925   0.10  -0.10     1.64
  MONTH TO DATE    1.48                      2.49  -1.01     8.87
  SINCE MAR 1      7.72                      5.28   2.44    12.79
  SINCE JAN 1      8.47                      6.88   1.59    13.78

SNOWFALL (IN)
  TODAY            0.0
  MONTH TO DATE    0.0
  SINCE MAR 1      0.0
  SINCE JUL 1      T
  SNOW DEPTH       0

DEGREE DAYS
 HEATING
  TODAY            0                         0      0        0
  MONTH TO DATE    1                         0      1        0
  SINCE MAR 1     70                       139    -69      148
  SINCE JUL 1   1050                      1375   -325     1475

 COOLING
  TODAY           15                        16     -1       12
  MONTH TO DATE  334                       379    -45      348
  SINCE MAR 1    654                       689    -35      639
  SINCE JAN 1    689                       708    -19      654
..................................................................


WIND (MPH)
  HIGHEST WIND SPEED    23   HIGHEST WIND DIRECTION    SE (150)
  HIGHEST GUST SPEED    28   HIGHEST GUST DIRECTION    SE (140)
  AVERAGE WIND SPEED     8.3



WEATHER CONDITIONS
 THE FOLLOWING WEATHER WAS RECORDED TODAY.
  LIGHT RAIN
  FOG


RELATIVE HUMIDITY (PERCENT)
 HIGHEST   100           300 AM
 LOWEST     47           400 PM
 AVERAGE    74

..........................................................


THE DEL RIO CLIMATE NORMALS FOR TOMORROW
                         NORMAL    RECORD    YEAR
 MAXIMUM TEMPERATURE (F)   92       104      1927
                                             1912
 MINIMUM TEMPERATURE (F)   71        57      1992


SUNRISE AND SUNSET
MAY 28 2016...........SUNRISE   645 AM CDT   SUNSET   837 PM CDT
MAY 29 2016...........SUNRISE   645 AM CDT   SUNSET   837 PM CDT


-  INDICATES NEGATIVE NUMBERS.
R  INDICATES RECORD WAS SET OR TIED.
MM INDICATES DATA IS MISSING.
T  INDICATES TRACE AMOUNT.




$$
