000
CDUS44 KEWX 162352
CLIDRT


CLIMATE REPORT
NATIONAL WEATHER SERVICE AUSTIN/SAN ANTONIO, TX
551 PM CST MON JAN 16 2017


...................................

...THE DEL RIO CLIMATE SUMMARY FOR JANUARY 16 2017...
VALID TODAY AS OF 551 PM LOCAL TIME.

CLIMATE NORMAL PERIOD 1981 TO 2010
CLIMATE RECORD PERIOD 1906 TO 2017


WEATHER ITEM   OBSERVED TIME   RECORD YEAR NORMAL DEPARTURE LAST
                VALUE   (LST)  VALUE       VALUE  FROM      YEAR
                                                  NORMAL
..................................................................
TEMPERATURE (F)
 TODAY
  MAXIMUM         70    347 PM  86    1943  64      6       68
  MINIMUM         42    624 AM  22    1930  40      2       39
  AVERAGE         56                        52      4       54

PRECIPITATION (IN)
  TODAY            0.00          0.82 2007   0.02  -0.02     0.00
  MONTH TO DATE    0.01                      0.35  -0.34     0.57
  SINCE DEC 1      2.49                      1.00   1.49     0.91
  SINCE JAN 1      0.01                      0.35  -0.34     0.57

SNOWFALL (IN)
  TODAY            0.0
  MONTH TO DATE    0.0
  SINCE DEC 1      0.0
  SINCE JUL 1      0.0
  SNOW DEPTH       0

DEGREE DAYS
 HEATING
  TODAY            9                        13     -4       11
  MONTH TO DATE  150                       217    -67      219
  SINCE DEC 1    483                       611   -128      502
  SINCE JUL 1    552                       808   -256      645

 COOLING
  TODAY            0                         0      0        0
  MONTH TO DATE   11                         0     11        0
  SINCE DEC 1     23                         3     20        1
  SINCE JAN 1     11                         0     11        0
..................................................................


WIND (MPH)
  HIGHEST WIND SPEED     8   HIGHEST WIND DIRECTION     W (280)
  HIGHEST GUST SPEED    11   HIGHEST GUST DIRECTION     W (280)
  AVERAGE WIND SPEED     3.3



WEATHER CONDITIONS
 THE FOLLOWING WEATHER WAS RECORDED TODAY.
  NO SIGNIFICANT WEATHER WAS OBSERVED.


RELATIVE HUMIDITY (PERCENT)
 HIGHEST   100           800 AM
 LOWEST     31           400 PM
 AVERAGE    66

..........................................................


THE DEL RIO CLIMATE NORMALS FOR TOMORROW
                         NORMAL    RECORD    YEAR
 MAXIMUM TEMPERATURE (F)   64        83      1971
 MINIMUM TEMPERATURE (F)   41        16      1930


SUNRISE AND SUNSET
JANUARY 16 2017.......SUNRISE   739 AM CST   SUNSET   609 PM CST
JANUARY 17 2017.......SUNRISE   739 AM CST   SUNSET   609 PM CST


-  INDICATES NEGATIVE NUMBERS.
R  INDICATES RECORD WAS SET OR TIED.
MM INDICATES DATA IS MISSING.
T  INDICATES TRACE AMOUNT.




$$
