000
CDUS44 KEWX 242224
CLIDRT


CLIMATE REPORT
NATIONAL WEATHER SERVICE AUSTIN/SAN ANTONIO, TX
521 PM CDT SUN SEP 24 2017


...................................

...THE DEL RIO CLIMATE SUMMARY FOR SEPTEMBER 24 2017...
VALID TODAY AS OF 520 PM LOCAL TIME.

CLIMATE NORMAL PERIOD 1981 TO 2010
CLIMATE RECORD PERIOD 1906 TO 2017


WEATHER ITEM   OBSERVED TIME   RECORD YEAR NORMAL DEPARTURE LAST
                VALUE   (LST)  VALUE       VALUE  FROM      YEAR
                                                  NORMAL
..................................................................
TEMPERATURE (F)
 TODAY
  MAXIMUM         87    157 PM 103    2005  88     -1       92
  MINIMUM         74    730 AM  51    1989  67      7       70
  AVERAGE         81                        78      3       81

PRECIPITATION (IN)
  TODAY            0.10          2.60 1964   0.07   0.03     1.41
  MONTH TO DATE    0.55                      1.73  -1.18     3.62
  SINCE SEP 1      0.55                      1.73  -1.18     3.62
  SINCE JAN 1     16.44                     15.24   1.20    25.47

SNOWFALL (IN)
  TODAY            0.0
  MONTH TO DATE    0.0
  SINCE SEP 1      0.0
  SINCE JUL 1      0.0
  SNOW DEPTH       0

DEGREE DAYS
 HEATING
  TODAY            0                         0      0        0
  MONTH TO DATE    0                         0      0        0
  SINCE SEP 1      0                         0      0        0
  SINCE JUL 1      0                         0      0        0

 COOLING
  TODAY           16                        13      3       16
  MONTH TO DATE  446                       389     57      424
  SINCE SEP 1    446                       389     57      424
  SINCE JAN 1   3236                      3024    212     3138
..................................................................


WIND (MPH)
  HIGHEST WIND SPEED    21   HIGHEST WIND DIRECTION    SE (120)
  HIGHEST GUST SPEED    26   HIGHEST GUST DIRECTION    SE (120)
  AVERAGE WIND SPEED    12.8



WEATHER CONDITIONS
 THE FOLLOWING WEATHER WAS RECORDED TODAY.
  RAIN
  LIGHT RAIN
  FOG


RELATIVE HUMIDITY (PERCENT)
 HIGHEST    94           900 AM
 LOWEST     55           200 PM
 AVERAGE    75

..........................................................


THE DEL RIO CLIMATE NORMALS FOR TOMORROW
                         NORMAL    RECORD    YEAR
 MAXIMUM TEMPERATURE (F)   88       107      2005
 MINIMUM TEMPERATURE (F)   67        49      1989


SUNRISE AND SUNSET
SEPTEMBER 24 2017.....SUNRISE   733 AM CDT   SUNSET   737 PM CDT
SEPTEMBER 25 2017.....SUNRISE   734 AM CDT   SUNSET   736 PM CDT


-  INDICATES NEGATIVE NUMBERS.
R  INDICATES RECORD WAS SET OR TIED.
MM INDICATES DATA IS MISSING.
T  INDICATES TRACE AMOUNT.




$$
