000
CDUS44 KEWX 032225
CLIDRT


CLIMATE REPORT
NATIONAL WEATHER SERVICE AUSTIN/SAN ANTONIO, TX
525 PM CDT MON AUG 3 2015


...................................

...THE DEL RIO CLIMATE SUMMARY FOR AUGUST 3 2015...
VALID TODAY AS OF 0525 PM LOCAL TIME.

CLIMATE NORMAL PERIOD 1981 TO 2010
CLIMATE RECORD PERIOD 1906 TO 2015


WEATHER ITEM   OBSERVED TIME   RECORD YEAR NORMAL DEPARTURE LAST
                VALUE   (LST)  VALUE       VALUE  FROM      YEAR
                                                  NORMAL
..................................................................
TEMPERATURE (F)
 TODAY
  MAXIMUM        101    416 PM 106    1996  98      3       96
  MINIMUM         75    635 AM  67    1971  76     -1       72
                                      1965
  AVERAGE         88                        87      1       84

PRECIPITATION (IN)
  TODAY            0.00          1.61 1965   0.05  -0.05     0.00
  MONTH TO DATE    T                         0.15  -0.15     0.67
  SINCE JUN 1      3.52                      4.28  -0.76     5.71
  SINCE JAN 1     18.60                     11.48   7.12     7.06

SNOWFALL (IN)
  TODAY            0.0
  MONTH TO DATE    0.0
  SINCE JUN 1      0.0
  SINCE JUL 1      0.0
  SNOW DEPTH       0

DEGREE DAYS
 HEATING
  TODAY            0                         0      0        0
  MONTH TO DATE    0                         0      0        0
  SINCE JUN 1      0                         0      0        0
  SINCE JUL 1      0                         0      0        0

 COOLING
  TODAY           23                        22      1       19
  MONTH TO DATE   70                        66      4       54
  SINCE JUN 1   1236                      1285    -49     1377
  SINCE JAN 1   1916                      2044   -128     2227
..................................................................


WIND (MPH)
  HIGHEST WIND SPEED    17   HIGHEST WIND DIRECTION    SE (120)
  HIGHEST GUST SPEED    22   HIGHEST GUST DIRECTION    SE (120)
  AVERAGE WIND SPEED     8.9



WEATHER CONDITIONS
 THE FOLLOWING WEATHER WAS RECORDED TODAY.
  NO SIGNIFICANT WEATHER WAS OBSERVED.


RELATIVE HUMIDITY (PERCENT)
 HIGHEST    69           500 AM
 LOWEST     24           300 PM
 AVERAGE    47

..........................................................


THE DEL RIO CLIMATE NORMALS FOR TOMORROW
                         NORMAL    RECORD    YEAR
 MAXIMUM TEMPERATURE (F)   98       104      2011
                                             1998
 MINIMUM TEMPERATURE (F)   76        67      1973
                                             1970


SUNRISE AND SUNSET
AUGUST  3 2015........SUNRISE   705 AM CDT   SUNSET   834 PM CDT
AUGUST  4 2015........SUNRISE   705 AM CDT   SUNSET   834 PM CDT


-  INDICATES NEGATIVE NUMBERS.
R  INDICATES RECORD WAS SET OR TIED.
MM INDICATES DATA IS MISSING.
T  INDICATES TRACE AMOUNT.




$$
