000
CDUS44 KEWX 010003
CLIDRT


CLIMATE REPORT
NATIONAL WEATHER SERVICE AUSTIN/SAN ANTONIO, TX
550 PM CST SAT FEB 28 2015


...................................

...THE DEL RIO CLIMATE SUMMARY FOR FEBRUARY 28 2015...
VALID TODAY AS OF 0500 PM LOCAL TIME.

CLIMATE NORMAL PERIOD 1981 TO 2010
CLIMATE RECORD PERIOD 1906 TO 2015


WEATHER ITEM   OBSERVED TIME   RECORD YEAR NORMAL DEPARTURE LAST
                VALUE   (LST)  VALUE       VALUE  FROM      YEAR
                                                  NORMAL
..................................................................
TEMPERATURE (F)
 TODAY
  MAXIMUM         45    535 PM  91    1940  72    -27       78
                                      1916
  MINIMUM         35    635 AM  26    1922  48    -13       47
  AVERAGE         40                        60    -20       63

PRECIPITATION (IN)
  TODAY            0.02          0.40 1985   0.04  -0.02     0.00
  MONTH TO DATE    0.22                      0.88  -0.66     0.22
  SINCE DEC 1      1.24                      2.25  -1.01     0.70
  SINCE JAN 1      0.99                      1.60  -0.61     0.22

SNOWFALL (IN)
  TODAY           MM
  MONTH TO DATE    0.0
  SINCE DEC 1      0.0
  SINCE JUL 1      0.0
  SNOW DEPTH       0

DEGREE DAYS
 HEATING
  TODAY           25                         6     19        2
  MONTH TO DATE  307                       246     61      260
  SINCE DEC 1   1055                      1039     16     1174
  SINCE JUL 1   1327                      1236     91     1407

 COOLING
  TODAY            0                         1     -1        0
  MONTH TO DATE   15                        16     -1       45
  SINCE DEC 1     21                        22     -1       50
  SINCE JAN 1     15                        19     -4       45
..................................................................


WIND (MPH)
  HIGHEST WIND SPEED    13   HIGHEST WIND DIRECTION     E (100)
  HIGHEST GUST SPEED    17   HIGHEST GUST DIRECTION     E (100)
  AVERAGE WIND SPEED     7.2



WEATHER CONDITIONS
 THE FOLLOWING WEATHER WAS RECORDED TODAY.
  LIGHT RAIN
  FOG


RELATIVE HUMIDITY (PERCENT)
 HIGHEST   100           800 AM
 LOWEST     79           100 PM
 AVERAGE    90

..........................................................


THE DEL RIO CLIMATE NORMALS FOR TOMORROW
                         NORMAL    RECORD    YEAR
 MAXIMUM TEMPERATURE (F)   72        93      1999
 MINIMUM TEMPERATURE (F)   49        19      1922


SUNRISE AND SUNSET
FEBRUARY 28 2015......SUNRISE   710 AM CST   SUNSET   642 PM CST
MARCH  1 2015.........SUNRISE   709 AM CST   SUNSET   643 PM CST


-  INDICATES NEGATIVE NUMBERS.
R  INDICATES RECORD WAS SET OR TIED.
MM INDICATES DATA IS MISSING.
T  INDICATES TRACE AMOUNT.




$$
