000
CDUS44 KEWX 262248
CLIDRT


CLIMATE REPORT
NATIONAL WEATHER SERVICE AUSTIN/SAN ANTONIO, TX
548 PM CDT WED JUL 26 2017


...................................

...THE DEL RIO CLIMATE SUMMARY FOR JULY 26 2017...
VALID TODAY AS OF 0540 PM LOCAL TIME.

CLIMATE NORMAL PERIOD 1981 TO 2010
CLIMATE RECORD PERIOD 1906 TO 2017


WEATHER ITEM   OBSERVED TIME   RECORD YEAR NORMAL DEPARTURE LAST
                VALUE   (LST)  VALUE       VALUE  FROM      YEAR
                                                  NORMAL
..................................................................
TEMPERATURE (F)
 TODAY
  MAXIMUM        101    355 PM 108    1944  97      4       96
  MINIMUM         76    628 AM  66    1913  76      0       74
  AVERAGE         89                        86      3       85

PRECIPITATION (IN)
  TODAY            0.00          1.52 1913   0.06  -0.06     0.05
  MONTH TO DATE    0.66                      1.51  -0.85     0.05
  SINCE JUN 1      3.12                      3.86  -0.74     2.98
  SINCE JAN 1     14.21                     11.06   3.15    11.59

SNOWFALL (IN)
  TODAY            0.0
  MONTH TO DATE    0.0
  SINCE JUN 1      0.0
  SINCE JUL 1      0.0
  SNOW DEPTH       0

DEGREE DAYS
 HEATING
  TODAY            0                         0      0        0
  MONTH TO DATE    0                         0      0        0
  SINCE JUN 1      0                         0      0        0
  SINCE JUL 1      0                         0      0        0

 COOLING
  TODAY           24                        21      3       20
  MONTH TO DATE  586                       540     46      670
  SINCE JUN 1   1160                      1111     49     1249
  SINCE JAN 1   1985                      1870    115     1975
..................................................................


WIND (MPH)
  HIGHEST WIND SPEED    22   HIGHEST WIND DIRECTION     S (160)
  HIGHEST GUST SPEED    29   HIGHEST GUST DIRECTION    SE (140)
  AVERAGE WIND SPEED    10.8



WEATHER CONDITIONS
 THE FOLLOWING WEATHER WAS RECORDED TODAY.
  NO SIGNIFICANT WEATHER WAS OBSERVED.


RELATIVE HUMIDITY (PERCENT)
 HIGHEST    76           600 AM
 LOWEST     27           400 PM
 AVERAGE    52

..........................................................


THE DEL RIO CLIMATE NORMALS FOR TOMORROW
                         NORMAL    RECORD    YEAR
 MAXIMUM TEMPERATURE (F)   97       110      1954
 MINIMUM TEMPERATURE (F)   76        68      1920


SUNRISE AND SUNSET
JULY 26 2017..........SUNRISE   701 AM CDT   SUNSET   840 PM CDT
JULY 27 2017..........SUNRISE   701 AM CDT   SUNSET   839 PM CDT


-  INDICATES NEGATIVE NUMBERS.
R  INDICATES RECORD WAS SET OR TIED.
MM INDICATES DATA IS MISSING.
T  INDICATES TRACE AMOUNT.




$$
