998
CDUS44 KEWX 252222
CLIDRT


CLIMATE REPORT
NATIONAL WEATHER SERVICE AUSTIN/SAN ANTONIO, TX
522 PM CDT THU MAY 25 2017


...................................

...THE DEL RIO CLIMATE SUMMARY FOR MAY 25 2017...
VALID TODAY AS OF 520 PM LOCAL TIME.

CLIMATE NORMAL PERIOD 1981 TO 2010
CLIMATE RECORD PERIOD 1906 TO 2017


WEATHER ITEM   OBSERVED TIME   RECORD YEAR NORMAL DEPARTURE LAST
                VALUE   (LST)  VALUE       VALUE  FROM      YEAR
                                                  NORMAL
..................................................................
TEMPERATURE (F)
 TODAY
  MAXIMUM         96    421 PM 104    2011  92      4       86
  MINIMUM         62    401 AM  59    1952  70     -8       78
                                      1940
                                      1910
  AVERAGE         79                        81     -2       82

PRECIPITATION (IN)
  TODAY            0.00          2.68 2007   0.10  -0.10      T
  MONTH TO DATE    3.82                      2.19   1.63     1.48
  SINCE MAR 1      9.97                      4.98   4.99     7.72
  SINCE JAN 1     10.94                      6.58   4.36     8.47

SNOWFALL (IN)
  TODAY            0.0
  MONTH TO DATE    0.0
  SINCE MAR 1      0.0
  SINCE JUL 1      0.0
  SNOW DEPTH       0

DEGREE DAYS
 HEATING
  TODAY            0                         0      0        0
  MONTH TO DATE    0                         0      0        1
  SINCE MAR 1     47                       139    -92       70
  SINCE JUL 1    840                      1375   -535     1050

 COOLING
  TODAY           14                        16     -2       17
  MONTH TO DATE  286                       331    -45      281
  SINCE MAR 1    674                       641     33      601
  SINCE JAN 1    737                       660     77      636
..................................................................


WIND (MPH)
  HIGHEST WIND SPEED    18   HIGHEST WIND DIRECTION    SE (140)
  HIGHEST GUST SPEED    23   HIGHEST GUST DIRECTION     S (160)
  AVERAGE WIND SPEED    11.6



WEATHER CONDITIONS
 THE FOLLOWING WEATHER WAS RECORDED TODAY.
  NO SIGNIFICANT WEATHER WAS OBSERVED.


RELATIVE HUMIDITY (PERCENT)
 HIGHEST    67           300 AM
 LOWEST     34           400 PM
 AVERAGE    51

..........................................................


THE DEL RIO CLIMATE NORMALS FOR TOMORROW
                         NORMAL    RECORD    YEAR
 MAXIMUM TEMPERATURE (F)   92       104      1973
 MINIMUM TEMPERATURE (F)   70        58      1933


SUNRISE AND SUNSET
MAY 25 2017...........SUNRISE   646 AM CDT   SUNSET   835 PM CDT
MAY 26 2017...........SUNRISE   646 AM CDT   SUNSET   836 PM CDT


-  INDICATES NEGATIVE NUMBERS.
R  INDICATES RECORD WAS SET OR TIED.
MM INDICATES DATA IS MISSING.
T  INDICATES TRACE AMOUNT.




$$
