000
CDUS44 KDRT 022253
CLIDRT


CLIMATE REPORT
NATIONAL WEATHER SERVICE AUSTIN/SAN ANTONIO, TX
552 PM CDT MON MAY 2 2016


...................................

...THE DEL RIO CLIMATE SUMMARY FOR MAY 2 2016...
VALID TODAY AS OF 552 PM LOCAL TIME.

CLIMATE NORMAL PERIOD 1981 TO 2010
CLIMATE RECORD PERIOD 1906 TO 2016


WEATHER ITEM   OBSERVED TIME   RECORD YEAR NORMAL DEPARTURE LAST
                VALUE   (LST)  VALUE       VALUE  FROM      YEAR
                                                  NORMAL
..................................................................
TEMPERATURE (F)
 TODAY
  MAXIMUM         71    451 PM 105    2002  87    -16       85
  MINIMUM         59   1043 AM  49    2011  64     -5       56
                                      2004
                                      1976
  AVERAGE         65                        76    -11       71

PRECIPITATION (IN)
  TODAY            T             2.35 1931   0.07  -0.07     0.00
  MONTH TO DATE    1.08                      0.14   0.94     0.00
  SINCE MAR 1      7.32                      2.93   4.39     3.92
  SINCE JAN 1      8.07                      4.53   3.54     4.91

SNOWFALL (IN)
  TODAY            0.0
  MONTH TO DATE    0.0
  SINCE MAR 1      0.0
  SINCE JUL 1      T
  SNOW DEPTH       0

DEGREE DAYS
 HEATING
  TODAY            0                         0      0        0
  MONTH TO DATE    0                         0      0        0
  SINCE MAR 1     69                       139    -70      148
  SINCE JUL 1   1049                      1375   -326     1475

 COOLING
  TODAY            0                        11    -11        6
  MONTH TO DATE    8                        22    -14       11
  SINCE MAR 1    328                       332     -4      302
  SINCE JAN 1    363                       351     12      317
..................................................................


WIND (MPH)
  HIGHEST WIND SPEED    20   HIGHEST WIND DIRECTION    NW (320)
  HIGHEST GUST SPEED    27   HIGHEST GUST DIRECTION    NW (330)
  AVERAGE WIND SPEED    11.8



WEATHER CONDITIONS
 THE FOLLOWING WEATHER WAS RECORDED TODAY.
  LIGHT RAIN


RELATIVE HUMIDITY (PERCENT)
 HIGHEST    73          1200 AM
 LOWEST     47           400 PM
 AVERAGE    60

..........................................................


THE DEL RIO CLIMATE NORMALS FOR TOMORROW
                         NORMAL    RECORD    YEAR
 MAXIMUM TEMPERATURE (F)   87       101      1964
 MINIMUM TEMPERATURE (F)   65        45      1970


SUNRISE AND SUNSET
MAY  2 2016...........SUNRISE   700 AM CDT   SUNSET   821 PM CDT
MAY  3 2016...........SUNRISE   700 AM CDT   SUNSET   822 PM CDT


-  INDICATES NEGATIVE NUMBERS.
R  INDICATES RECORD WAS SET OR TIED.
MM INDICATES DATA IS MISSING.
T  INDICATES TRACE AMOUNT.




$$
