000
CDUS43 KDMX 260633
CLIDSM

CLIMATE REPORT
NATIONAL WEATHER SERVICE DES MOINES IA
130 AM CDT MON JUN 26 2017

...................................

...THE DES MOINES IA CLIMATE SUMMARY FOR JUNE 25 2017...

CLIMATE NORMAL PERIOD 1981 TO 2010
CLIMATE RECORD PERIOD 1878 TO 2017

WEATHER ITEM   OBSERVED TIME   RECORD YEAR NORMAL DEPARTURE LAST
                VALUE   (LST)  VALUE       VALUE  FROM      YEAR
                                                  NORMAL
..................................................................
TEMPERATURE (F)
 YESTERDAY
  MAXIMUM         75    326 PM  99    1954  84     -9       95
  MINIMUM         51    502 AM  47    2004  65    -14       75
                                      1958
  AVERAGE         63                        74    -11       85

PRECIPITATION (IN)
  YESTERDAY        0.00          2.06 1935   0.16  -0.16      T
  MONTH TO DATE    1.45                      4.12  -2.67     0.88
  SINCE JUN 1      1.45                      4.12  -2.67     0.88
  SINCE JAN 1     16.42                     17.30  -0.88    12.12

SNOWFALL (IN)
  YESTERDAY        0.0          MM      MM   0.0    0.0      0.0
  MONTH TO DATE    0.0                       0.0    0.0      0.0
  SINCE JUN 1      0.0                       0.0    0.0      0.0
  SINCE JUL 1     14.3                      35.3  -21.0     30.3
  SNOW DEPTH       0

DEGREE DAYS
 HEATING
  YESTERDAY        2                         0      2        0
  MONTH TO DATE    2                        14    -12        0
  SINCE JUN 1      2                        14    -12        0
  SINCE JUL 1   4839                      6199  -1360     5006

 COOLING
  YESTERDAY        0                        10    -10       20
  MONTH TO DATE  273                       169    104      319
  SINCE JUN 1    273                       169    104      319
  SINCE JAN 1    353                       245    108      412
..................................................................

WIND (MPH)
  HIGHEST WIND SPEED    25   HIGHEST WIND DIRECTION    NW (310)
  HIGHEST GUST SPEED    32   HIGHEST GUST DIRECTION    NW (300)
  AVERAGE WIND SPEED    10.4

SKY COVER
  POSSIBLE SUNSHINE  MM
  AVERAGE SKY COVER 0.3

WEATHER CONDITIONS
 THE FOLLOWING WEATHER WAS RECORDED YESTERDAY.
  NO SIGNIFICANT WEATHER WAS OBSERVED.

RELATIVE HUMIDITY (PERCENT)
 HIGHEST    77           200 AM
 LOWEST     31           300 PM
 AVERAGE    54
..........................................................

THE DES MOINES IA CLIMATE NORMALS FOR TODAY
                         NORMAL    RECORD    YEAR
 MAXIMUM TEMPERATURE (F)   84       103      1934
 MINIMUM TEMPERATURE (F)   65        47      1926

SUNRISE AND SUNSET
JUNE 26 2017..........SUNRISE   542 AM CDT   SUNSET   853 PM CDT
JUNE 27 2017..........SUNRISE   543 AM CDT   SUNSET   853 PM CDT

-  INDICATES NEGATIVE NUMBERS.
R  INDICATES RECORD WAS SET OR TIED.
MM INDICATES DATA IS MISSING.
T  INDICATES TRACE AMOUNT.

$$

FAB
