000
CDUS43 KDTX 040540
CLIDTW


CLIMATE REPORT
NATIONAL WEATHER SERVICE DETROIT/PONTIAC MI
1240 AM EST WED MAR 4 2015


...................................

...THE DETROIT MI CLIMATE SUMMARY FOR MARCH 3 2015...

CLIMATE NORMAL PERIOD 1981 TO 2010
CLIMATE RECORD PERIOD 1874 TO 2015


WEATHER ITEM   OBSERVED TIME   RECORD YEAR NORMAL DEPARTURE LAST
                VALUE   (LST)  VALUE       VALUE  FROM      YEAR
                                                  NORMAL
..................................................................
TEMPERATURE (F)
 YESTERDAY
  MAXIMUM         37    912 PM  67    1974  40     -3       17
  MINIMUM         22    954 AM  -4    2003  24     -2        0
  AVERAGE         30                        32     -2        9

PRECIPITATION (IN)
  YESTERDAY        0.26          1.71 1953   0.07   0.19     0.00
  MONTH TO DATE    0.32                      0.22   0.10     0.38
  SINCE MAR 1      0.32                      0.22   0.10     0.38
  SINCE JAN 1      3.12                      4.20  -1.08     6.12

SNOWFALL (IN)
  YESTERDAY        1.9 R         1.5  1978   0.3    1.6      0.0
  MONTH TO DATE    2.8                       0.9    1.9      4.6
  SINCE MAR 1      2.8                       0.9    1.9      4.6
  SINCE JUL 1     47.5                      34.8   12.7     83.8
  SNOW DEPTH      12

DEGREE DAYS
 HEATING
  YESTERDAY       35                        33      2       56
  MONTH TO DATE  118                        99     19      148
  SINCE MAR 1    118                        99     19      148
  SINCE JUL 1   5229                      4652    577     5398

 COOLING
  YESTERDAY        0                         0      0        0
  MONTH TO DATE    0                         0      0        0
  SINCE MAR 1      0                         0      0        0
  SINCE JAN 1      0                         0      0        0
..................................................................


WIND (MPH)
  HIGHEST WIND SPEED    24   HIGHEST WIND DIRECTION     W (250)
  HIGHEST GUST SPEED    31   HIGHEST GUST DIRECTION     W (260)
  AVERAGE WIND SPEED    10.9


SKY COVER
  POSSIBLE SUNSHINE  MM
  AVERAGE SKY COVER 1.0


WEATHER CONDITIONS
 THE FOLLOWING WEATHER WAS RECORDED YESTERDAY.
  LT FREEZING RAIN
  LIGHT SNOW
  SLEET
  FOG
  HAZE


RELATIVE HUMIDITY (PERCENT)
 HIGHEST    92           900 AM
 LOWEST     68          1200 AM
 AVERAGE    80

..........................................................


THE DETROIT MI CLIMATE NORMALS FOR TODAY
                         NORMAL    RECORD    YEAR
 MAXIMUM TEMPERATURE (F)   41        69      1983
 MINIMUM TEMPERATURE (F)   25         0      2014


SUNRISE AND SUNSET
MARCH  4 2015.........SUNRISE   704 AM EST   SUNSET   627 PM EST
MARCH  5 2015.........SUNRISE   702 AM EST   SUNSET   628 PM EST


-  INDICATES NEGATIVE NUMBERS.
R  INDICATES RECORD WAS SET OR TIED.
MM INDICATES DATA IS MISSING.
T  INDICATES TRACE AMOUNT.




$$
