000
CDUS43 KDTX 230536
CLIDTW


CLIMATE REPORT
NATIONAL WEATHER SERVICE DETROIT/PONTIAC MI
135 AM EDT WED APR 23 2014


...................................

...THE DETROIT MI CLIMATE SUMMARY FOR APRIL 22 2014...

CLIMATE NORMAL PERIOD 1981 TO 2010
CLIMATE RECORD PERIOD 1874 TO 2014


WEATHER ITEM   OBSERVED TIME   RECORD YEAR NORMAL DEPARTURE LAST
                VALUE   (LST)  VALUE       VALUE  FROM      YEAR
                                                  NORMAL
..................................................................
TEMPERATURE (F)
 YESTERDAY
  MAXIMUM         62   1227 AM  87    1980  62      0       62
  MINIMUM         41   1154 PM  20    1875  42     -1       34
  AVERAGE         52                        52      0       48

PRECIPITATION (IN)
  YESTERDAY        0.01          1.23 1952   0.10  -0.09     0.00
  MONTH TO DATE    1.24                      2.12  -0.88     4.21
  SINCE MAR 1      2.73                      4.40  -1.67     4.95
  SINCE JAN 1      8.47                      8.38   0.09    11.23

SNOWFALL (IN)
  YESTERDAY        0.0           1.0  1912   0.0    0.0      0.0
  MONTH TO DATE    3.2                       1.6    1.6      0.1
  SINCE MAR 1     15.7                       8.5    7.2      3.2
  SINCE JUL 1     94.9                      42.4   52.5     47.7
  SNOW DEPTH       0

DEGREE DAYS
 HEATING
  YESTERDAY       13                        14     -1       17
  MONTH TO DATE  363                       383    -20      452
  SINCE MAR 1   1482                      1245    237     1385
  SINCE JUL 1   6732                      5798    934     5670

 COOLING
  YESTERDAY        0                         0      0        0
  MONTH TO DATE    0                         0      0        0
  SINCE MAR 1      0                         0      0        0
  SINCE JAN 1      0                         0      0        0
..................................................................


WIND (MPH)
  HIGHEST WIND SPEED    26   HIGHEST WIND DIRECTION    NW (310)
  HIGHEST GUST SPEED    35   HIGHEST GUST DIRECTION     W (280)
  AVERAGE WIND SPEED    15.6


SKY COVER
  POSSIBLE SUNSHINE  MM
  AVERAGE SKY COVER 0.8


WEATHER CONDITIONS
 THE FOLLOWING WEATHER WAS RECORDED YESTERDAY.
  LIGHT RAIN
  FOG
  HAZE


RELATIVE HUMIDITY (PERCENT)
 HIGHEST    87           400 AM
 LOWEST     43           100 PM
 AVERAGE    65

..........................................................


THE DETROIT MI CLIMATE NORMALS FOR TODAY
                         NORMAL    RECORD    YEAR
 MAXIMUM TEMPERATURE (F)   62        88      1925
 MINIMUM TEMPERATURE (F)   42        23      1986


SUNRISE AND SUNSET
APRIL 23 2014.........SUNRISE   640 AM EDT   SUNSET   824 PM EDT
APRIL 24 2014.........SUNRISE   639 AM EDT   SUNSET   825 PM EDT


-  INDICATES NEGATIVE NUMBERS.
R  INDICATES RECORD WAS SET OR TIED.
MM INDICATES DATA IS MISSING.
T  INDICATES TRACE AMOUNT.




$$
