196
CDUS45 KTWC 310731 RRA
CLIDUG

CLIMATE REPORT
NATIONAL WEATHER SERVICE TUCSON AZ
1230 AM MST TUE MAY 31 2016


...................................

...THE DOUGLAS AZ CLIMATE SUMMARY FOR MAY 30 2016...

CLIMATE NORMAL PERIOD 1981 TO 2010
CLIMATE RECORD PERIOD 1948 TO 2016


WEATHER ITEM   OBSERVED TIME   RECORD YEAR NORMAL DEPARTURE LAST
                VALUE   (LST)  VALUE       VALUE  FROM      YEAR
                                                  NORMAL
..................................................................
TEMPERATURE (F)
 YESTERDAY
  MAXIMUM         89    134 PM 102    2002  92     -3       95
                                      2000
  MINIMUM         59    523 AM  43    1971  55      4       50
  AVERAGE         74                        74      0       73

PRECIPITATION (IN)
  YESTERDAY        T             0.27 1973   0.01  -0.01     0.00
  MONTH TO DATE    T                         0.27  -0.27      T
  SINCE OCT 1      2.68                      4.94  -2.26     4.80
  SINCE JAN 1      1.47                      2.39  -0.92     2.83

DEGREE DAYS
 HEATING
  YESTERDAY        0                         0      0        0
  MONTH TO DATE   30                        20     10       53
  SINCE MAR 1    451                       485    -34      434
  SINCE JUL 1   2623                      2521    102     2272

 COOLING
  YESTERDAY        9                         9      0        8
  MONTH TO DATE  124                       164    -40       46
  SINCE MAR 1    142                       194    -52       50
  SINCE JAN 1    142                       194    -52       50
..................................................................


WIND (MPH)
  HIGHEST WIND SPEED    29   HIGHEST WIND DIRECTION     S (200)
  HIGHEST GUST SPEED    36   HIGHEST GUST DIRECTION     S (200)
  AVERAGE WIND SPEED    10.9


SKY COVER
  POSSIBLE SUNSHINE  MM
  AVERAGE SKY COVER 0.1


WEATHER CONDITIONS
 THE FOLLOWING WEATHER WAS RECORDED YESTERDAY.
  THUNDERSTORM
  LIGHT RAIN


RELATIVE HUMIDITY (PERCENT)
 HIGHEST    49
 LOWEST     16
 AVERAGE    33

..........................................................


THE DOUGLAS AZ CLIMATE NORMALS FOR TODAY
                         NORMAL    RECORD    YEAR
 MAXIMUM TEMPERATURE (F)   93       105      2002
 MINIMUM TEMPERATURE (F)   56        39      1988


SUNRISE AND SUNSET
MAY 31 2016...........SUNRISE   515 AM MST   SUNSET   718 PM MST
JUNE  1 2016..........SUNRISE   514 AM MST   SUNSET   719 PM MST


-  INDICATES NEGATIVE NUMBERS.
R  INDICATES RECORD WAS SET OR TIED.
MM INDICATES DATA IS MISSING.
T  INDICATES TRACE AMOUNT.




$$
