000
CDUS45 KTWC 230740
CLIDUG

CLIMATE REPORT
NATIONAL WEATHER SERVICE TUCSON AZ
1239 AM MST THU OCT 23 2014


...................................

...THE DOUGLAS AZ CLIMATE SUMMARY FOR OCTOBER 22 2014...

CLIMATE NORMAL PERIOD 1981 TO 2010
CLIMATE RECORD PERIOD 1948 TO 2014


WEATHER ITEM   OBSERVED TIME   RECORD YEAR NORMAL DEPARTURE LAST
                VALUE   (LST)  VALUE       VALUE  FROM      YEAR
                                                  NORMAL
..................................................................
TEMPERATURE (F)
 YESTERDAY
  MAXIMUM         82    313 PM  90    2011  80      2       82
  MINIMUM         46    643 AM  28    1996  45      1       34
  AVERAGE         64                        62      2       58

PRECIPITATION (IN)
  YESTERDAY        0.00          1.56 2000   0.03  -0.03     0.00
  MONTH TO DATE    1.36                      0.68   0.68     0.00
  SINCE OCT 1      1.36                      0.68   0.68     0.00
  SINCE JAN 1     14.93                     11.23   3.70    17.11

DEGREE DAYS
 HEATING
  YESTERDAY        1                         4     -3        7
  MONTH TO DATE   11                        37    -26       83
  SINCE SEP 1     11                        39    -28       83
  SINCE JUL 1     11                        39    -28       83

 COOLING
  YESTERDAY        0                         1     -1        0
  MONTH TO DATE   34                        56    -22       23
  SINCE SEP 1    320                       337    -17      298
  SINCE JAN 1   1766                      1807    -41     1838
..................................................................


WIND (MPH)
  HIGHEST WIND SPEED    12   HIGHEST WIND DIRECTION     N (360)
  HIGHEST GUST SPEED    13   HIGHEST GUST DIRECTION    SE (150)
  AVERAGE WIND SPEED     5.0


SKY COVER
  POSSIBLE SUNSHINE  MM
  AVERAGE SKY COVER 0.0


WEATHER CONDITIONS
 THE FOLLOWING WEATHER WAS RECORDED YESTERDAY.
  NO SIGNIFICANT WEATHER WAS OBSERVED.


RELATIVE HUMIDITY (PERCENT)
 HIGHEST    93
 LOWEST     30
 AVERAGE    62

..........................................................


THE DOUGLAS AZ CLIMATE NORMALS FOR TODAY
                         NORMAL    RECORD    YEAR
 MAXIMUM TEMPERATURE (F)   79        90      2011
 MINIMUM TEMPERATURE (F)   45        28      1996
                                             1957


SUNRISE AND SUNSET
OCTOBER 23 2014.......SUNRISE   627 AM MST   SUNSET   538 PM MST
OCTOBER 24 2014.......SUNRISE   628 AM MST   SUNSET   537 PM MST


-  INDICATES NEGATIVE NUMBERS.
R  INDICATES RECORD WAS SET OR TIED.
MM INDICATES DATA IS MISSING.
T  INDICATES TRACE AMOUNT.




$$
