256
CDUS45 KTWC 090748 RRA
CLIDUG

CLIMATE REPORT
NATIONAL WEATHER SERVICE TUCSON AZ
1247 AM MST FRI DEC 9 2016

...................................

...THE DOUGLAS AZ CLIMATE SUMMARY FOR DECEMBER 8 2016...

CLIMATE NORMAL PERIOD 1981 TO 2010
CLIMATE RECORD PERIOD 1948 TO 2016


WEATHER ITEM   OBSERVED TIME   RECORD YEAR NORMAL DEPARTURE LAST
                VALUE   (LST)  VALUE       VALUE  FROM      YEAR
                                                  NORMAL
..................................................................
TEMPERATURE (F)
 YESTERDAY
  MAXIMUM         65    426 PM  77    1986  63      2       72
  MINIMUM         26    635 AM  -4    1978  30     -4       20
  AVERAGE         46                        46      0       46

PRECIPITATION (IN)
  YESTERDAY        0.00          0.45 1961   0.04  -0.04     0.00
  MONTH TO DATE    0.16                      0.25  -0.09     0.00
  SINCE OCT 1      0.42                      1.83  -1.41     0.86
  SINCE JAN 1     12.56                     12.38   0.18    12.22

DEGREE DAYS
 HEATING
  YESTERDAY       19                        18      1       19
  MONTH TO DATE  150                       141      9      155
  SINCE DEC 1    150                       141      9      155
  SINCE JUL 1    486                       576    -90      608

 COOLING
  YESTERDAY        0                         0      0        0
  MONTH TO DATE    0                         0      0        0
  SINCE DEC 1      0                         0      0        0
  SINCE JAN 1   1786                      1813    -27     1697
..................................................................


WIND (MPH)
  HIGHEST WIND SPEED    12   HIGHEST WIND DIRECTION     N (10)
  HIGHEST GUST SPEED    14   HIGHEST GUST DIRECTION     E (80)
  AVERAGE WIND SPEED     5.1


SKY COVER
  POSSIBLE SUNSHINE  MM
  AVERAGE SKY COVER  MM


WEATHER CONDITIONS
 THE FOLLOWING WEATHER WAS RECORDED YESTERDAY.
  NO SIGNIFICANT WEATHER WAS OBSERVED.


RELATIVE HUMIDITY (PERCENT)
 HIGHEST    92
 LOWEST     27
 AVERAGE    60

..........................................................


THE DOUGLAS AZ CLIMATE NORMALS FOR TODAY
                         NORMAL    RECORD    YEAR
 MAXIMUM TEMPERATURE (F)   63        78      1996
 MINIMUM TEMPERATURE (F)   30         1      1978


SUNRISE AND SUNSET
DECEMBER  9 2016......SUNRISE   706 AM MST   SUNSET   516 PM MST
DECEMBER 10 2016......SUNRISE   707 AM MST   SUNSET   516 PM MST


-  INDICATES NEGATIVE NUMBERS.
R  INDICATES RECORD WAS SET OR TIED.
MM INDICATES DATA IS MISSING.
T  INDICATES TRACE AMOUNT.

$$
