000
CDUS45 KTWC 231428 RRA
CLIDUG

CLIMATE REPORT
NATIONAL WEATHER SERVICE TUCSON AZ
727 AM MST THU MAR 23 2017


...................................

...THE DOUGLAS AZ CLIMATE SUMMARY FOR MARCH 23 2017...
VALID AS OF 0700 AM LOCAL TIME.

CLIMATE NORMAL PERIOD 1981 TO 2010
CLIMATE RECORD PERIOD 1948 TO 2017


WEATHER ITEM   OBSERVED TIME   RECORD YEAR NORMAL DEPARTURE LAST
                VALUE   (LST)  VALUE       VALUE  FROM      YEAR
                                                  NORMAL
..................................................................
TEMPERATURE (F)
 TODAY
  MINIMUM         52    600 AM  26    2000  38     14       33

PRECIPITATION (IN)
  TODAY            0.00          0.61 2007   0.01  -0.01     0.00
  MONTH TO DATE    0.00                      0.41  -0.41     0.19
  SINCE OCT 1      2.97                      4.35  -1.38     2.64
  SINCE JAN 1      1.62                      1.80  -0.18     1.43

DEGREE DAYS
 HEATING
  TODAY            7                         9     -2       14

 COOLING
  TODAY            0                         0      0        0
..................................................................


WIND (MPH)
  HIGHEST WIND SPEED    17   HIGHEST WIND DIRECTION    SW (240)
  HIGHEST GUST SPEED    25   HIGHEST GUST DIRECTION     W (250)
  AVERAGE WIND SPEED     8.5


SKY COVER
  POSSIBLE SUNSHINE  MM
  AVERAGE SKY COVER 0.1


WEATHER CONDITIONS
 THE FOLLOWING WEATHER WAS RECORDED TODAY.
  NO SIGNIFICANT WEATHER WAS OBSERVED.


RELATIVE HUMIDITY (PERCENT)
 HIGHEST    63           600 AM

..........................................................


THE DOUGLAS AZ CLIMATE NORMALS FOR TOMORROW
                         NORMAL    RECORD    YEAR
 MAXIMUM TEMPERATURE (F)   74        86      1988
 MINIMUM TEMPERATURE (F)   38        22      2016


SUNRISE AND SUNSET
MARCH 23 2017.........SUNRISE   618 AM MST   SUNSET   632 PM MST
MARCH 24 2017.........SUNRISE   617 AM MST   SUNSET   633 PM MST


-  INDICATES NEGATIVE NUMBERS.
R  INDICATES RECORD WAS SET OR TIED.
MM INDICATES DATA IS MISSING.
T  INDICATES TRACE AMOUNT.




$$
