000
CDUS45 KTWC 010731
CLIDUG

CLIMATE REPORT
NATIONAL WEATHER SERVICE TUCSON AZ
1230 AM MST SUN FEB 1 2015


...................................

...THE DOUGLAS AZ CLIMATE SUMMARY FOR JANUARY 31 2015...

CLIMATE NORMAL PERIOD 1981 TO 2010
CLIMATE RECORD PERIOD 1948 TO 2015


WEATHER ITEM   OBSERVED TIME   RECORD YEAR NORMAL DEPARTURE LAST
                VALUE   (LST)  VALUE       VALUE  FROM      YEAR
                                                  NORMAL
..................................................................
TEMPERATURE (F)
 YESTERDAY
  MAXIMUM         56    355 PM  76    2003  64     -8       69
                                      1967
                                      1963
  MINIMUM         42    931 PM  13    2002  31     11       50
                                      1949
  AVERAGE         49                        47      2       60

PRECIPITATION (IN)
  YESTERDAY        0.25          0.32 1980   0.03   0.22     0.00
  MONTH TO DATE    1.14                      0.74   0.40      T
  SINCE OCT 1      3.11                      3.29  -0.18     0.82
  SINCE JAN 1      1.14                      0.74   0.40      T

DEGREE DAYS
 HEATING
  YESTERDAY       16                        18     -2        5
  MONTH TO DATE  595                       581     14      534
  SINCE DEC 1   1153                      1170    -17     1182
  SINCE JUL 1   1547                      1605    -58     1628

 COOLING
  YESTERDAY        0                         0      0        0
  MONTH TO DATE    0                         0      0        0
  SINCE DEC 1      0                         0      0        0
  SINCE JAN 1      0                         0      0        0
..................................................................


WIND (MPH)
  HIGHEST WIND SPEED    21   HIGHEST WIND DIRECTION    SE (140)
  HIGHEST GUST SPEED    27   HIGHEST GUST DIRECTION     E (90)
  AVERAGE WIND SPEED     7.2


SKY COVER
  POSSIBLE SUNSHINE  MM
  AVERAGE SKY COVER 0.9


WEATHER CONDITIONS
 THE FOLLOWING WEATHER WAS RECORDED YESTERDAY.
  RAIN
  LIGHT RAIN
  FOG


RELATIVE HUMIDITY (PERCENT)
 HIGHEST   100
 LOWEST     61
 AVERAGE    81

..........................................................


THE DOUGLAS AZ CLIMATE NORMALS FOR TODAY
                         NORMAL    RECORD    YEAR
 MAXIMUM TEMPERATURE (F)   64        80      2003
 MINIMUM TEMPERATURE (F)   31        12      1949


SUNRISE AND SUNSET
FEBRUARY  1 2015......SUNRISE   711 AM MST   SUNSET   553 PM MST
FEBRUARY  2 2015......SUNRISE   710 AM MST   SUNSET   554 PM MST


-  INDICATES NEGATIVE NUMBERS.
R  INDICATES RECORD WAS SET OR TIED.
MM INDICATES DATA IS MISSING.
T  INDICATES TRACE AMOUNT.




$$
