000
CDUS45 KTWC 040033
CLIDUG

CLIMATE REPORT
NATIONAL WEATHER SERVICE TUCSON AZ
530 PM MST THU SEP 3 2015


...................................

...THE DOUGLAS AZ CLIMATE SUMMARY FOR SEPTEMBER 3 2015...
VALID TODAY AS OF 0500 PM LOCAL TIME.

CLIMATE NORMAL PERIOD 1981 TO 2010
CLIMATE RECORD PERIOD 1948 TO 2015


WEATHER ITEM   OBSERVED TIME   RECORD YEAR NORMAL DEPARTURE LAST
                VALUE   (LST)  VALUE       VALUE  FROM      YEAR
                                                  NORMAL
..................................................................
TEMPERATURE (F)
 TODAY
  MAXIMUM         81   1157 AM 102    1948  92    -11       97
  MINIMUM         65    554 AM  48    1955  63      2       62
  AVERAGE         73                        77     -4       80

PRECIPITATION (IN)
  TODAY            T                         0.05  -0.05     0.03
  MONTH TO DATE    T                         0.17  -0.17     0.03
  SINCE OCT 1     13.33                     11.73   1.60    10.29
  SINCE JAN 1     11.36                      9.18   2.18     9.47

DEGREE DAYS
 HEATING
  TODAY            0                         0      0        0
  MONTH TO DATE    0                         0      0        0
  SINCE SEP 1      0                         0      0        0
  SINCE JUL 1      0                         0      0        0

 COOLING
  TODAY            8                        12     -4       15
  MONTH TO DATE   30                        37     -7       38
  SINCE SEP 1     30                        37     -7       38
  SINCE JAN 1   1339                      1507   -168     1484
..................................................................


WIND (MPH)
  HIGHEST WIND SPEED    22   HIGHEST WIND DIRECTION     S (170)
  HIGHEST GUST SPEED    27   HIGHEST GUST DIRECTION     S (180)
  AVERAGE WIND SPEED     7.6


SKY COVER
  POSSIBLE SUNSHINE  MM
  AVERAGE SKY COVER 0.4


WEATHER CONDITIONS
 THE FOLLOWING WEATHER WAS RECORDED TODAY.
  NO SIGNIFICANT WEATHER WAS OBSERVED.


RELATIVE HUMIDITY (PERCENT)
 HIGHEST    87
 LOWEST     42
 AVERAGE    65

..........................................................


THE DOUGLAS AZ CLIMATE NORMALS FOR TOMORROW
                         NORMAL    RECORD    YEAR
 MAXIMUM TEMPERATURE (F)   92       101      1952
 MINIMUM TEMPERATURE (F)   63        50      1961


SUNRISE AND SUNSET
SEPTEMBER  3 2015.....SUNRISE   555 AM MST   SUNSET   640 PM MST
SEPTEMBER  4 2015.....SUNRISE   556 AM MST   SUNSET   638 PM MST


-  INDICATES NEGATIVE NUMBERS.
R  INDICATES RECORD WAS SET OR TIED.
MM INDICATES DATA IS MISSING.
T  INDICATES TRACE AMOUNT.




$$
