000
CDUS45 KTWC 280028
CLIDUG

CLIMATE REPORT
NATIONAL WEATHER SERVICE TUCSON AZ
528 PM MST FRI FEB 27 2015


...................................

...THE DOUGLAS AZ CLIMATE SUMMARY FOR FEBRUARY 27 2015...
VALID TODAY AS OF 0500 PM LOCAL TIME.

CLIMATE NORMAL PERIOD 1981 TO 2010
CLIMATE RECORD PERIOD 1948 TO 2015


WEATHER ITEM   OBSERVED TIME   RECORD YEAR NORMAL DEPARTURE LAST
                VALUE   (LST)  VALUE       VALUE  FROM      YEAR
                                                  NORMAL
..................................................................
TEMPERATURE (F)
 TODAY
  MAXIMUM         71    241 PM  81    1986  69      2       77
  MINIMUM         37    616 AM  17    1964  35      2       38
  AVERAGE         54                        52      2       58

PRECIPITATION (IN)
  TODAY            0.00                      0.02  -0.02     0.00
  MONTH TO DATE    0.37                      0.63  -0.26      T
  SINCE OCT 1      3.48                      3.92  -0.44     0.82
  SINCE JAN 1      1.51                      1.37   0.14      T

DEGREE DAYS
 HEATING
  TODAY           11                        13     -2        7
  MONTH TO DATE  284                       418   -134      331
  SINCE DEC 1   1437                      1588   -151     1513
  SINCE JUL 1   1831                      2023   -192     1959
..................................................................


WIND (MPH)
  HIGHEST WIND SPEED    31   HIGHEST WIND DIRECTION    SW (230)
  HIGHEST GUST SPEED    37   HIGHEST GUST DIRECTION    SW (230)
  AVERAGE WIND SPEED    12.9


SKY COVER
  POSSIBLE SUNSHINE  MM
  AVERAGE SKY COVER 0.0


WEATHER CONDITIONS
 THE FOLLOWING WEATHER WAS RECORDED TODAY.
  NO SIGNIFICANT WEATHER WAS OBSERVED.


RELATIVE HUMIDITY (PERCENT)
 HIGHEST    54
 LOWEST     15
 AVERAGE    35

..........................................................


THE DOUGLAS AZ CLIMATE NORMALS FOR TOMORROW
                         NORMAL    RECORD    YEAR
 MAXIMUM TEMPERATURE (F)   69        81      2008
 MINIMUM TEMPERATURE (F)   35        15      2011


SUNRISE AND SUNSET
FEBRUARY 27 2015......SUNRISE   648 AM MST   SUNSET   615 PM MST
FEBRUARY 28 2015......SUNRISE   647 AM MST   SUNSET   616 PM MST


-  INDICATES NEGATIVE NUMBERS.
R  INDICATES RECORD WAS SET OR TIED.
MM INDICATES DATA IS MISSING.
T  INDICATES TRACE AMOUNT.




$$
