000
CDUS45 KTWC 260027 RRA
CLIDUG

CLIMATE REPORT
NATIONAL WEATHER SERVICE TUCSON AZ
526 PM MST TUE JUL 25 2017


...................................

...THE DOUGLAS AZ CLIMATE SUMMARY FOR JULY 25 2017...
VALID TODAY AS OF 0500 PM LOCAL TIME.

CLIMATE NORMAL PERIOD 1981 TO 2010
CLIMATE RECORD PERIOD 1948 TO 2017


WEATHER ITEM   OBSERVED TIME   RECORD YEAR NORMAL DEPARTURE LAST
                VALUE   (LST)  VALUE       VALUE  FROM      YEAR
                                                  NORMAL
..................................................................
TEMPERATURE (F)
 TODAY
  MAXIMUM         89    319 PM 103    1963  93     -4       90
  MINIMUM         65    455 AM  57    1995  66     -1       66
  AVERAGE         77                        79     -2       78

PRECIPITATION (IN)
  TODAY            0.00                      0.12  -0.12     0.00
  MONTH TO DATE    3.52                      2.21   1.31     3.45
  SINCE OCT 1      6.68                      7.77  -1.09     7.99
  SINCE JAN 1      5.33                      5.22   0.11     6.78

DEGREE DAYS
 COOLING
  TODAY           12                        14     -2       13
  MONTH TO DATE  359                       384    -25      413
  SINCE JUN 1    850                       779     71      881
  SINCE JAN 1   1043                       980     63     1029
..................................................................


WIND (MPH)
  HIGHEST WIND SPEED    17   HIGHEST WIND DIRECTION    SW (230)
  HIGHEST GUST SPEED    20   HIGHEST GUST DIRECTION    SW (240)
  AVERAGE WIND SPEED     3.2


SKY COVER
  POSSIBLE SUNSHINE  MM
  AVERAGE SKY COVER 0.2


WEATHER CONDITIONS
 THE FOLLOWING WEATHER WAS RECORDED TODAY.
  THUNDERSTORM


RELATIVE HUMIDITY (PERCENT)
 HIGHEST   100
 LOWEST     31
 AVERAGE    66

..........................................................


THE DOUGLAS AZ CLIMATE NORMALS FOR TOMORROW
                         NORMAL    RECORD    YEAR
 MAXIMUM TEMPERATURE (F)   92       104      1995
 MINIMUM TEMPERATURE (F)   66        58      1976


SUNRISE AND SUNSET
JULY 25 2017..........SUNRISE   531 AM MST   SUNSET   719 PM MST
JULY 26 2017..........SUNRISE   531 AM MST   SUNSET   718 PM MST


-  INDICATES NEGATIVE NUMBERS.
R  INDICATES RECORD WAS SET OR TIED.
MM INDICATES DATA IS MISSING.
T  INDICATES TRACE AMOUNT.




$$
