000
CDUS43 KDVN 261006
CLIDVN


CLIMATE REPORT
NATIONAL WEATHER SERVICE QUAD CITIES IA IL
405 AM CST FRI DEC 26 2014


...................................

...THE DAVENPORT IA CLIMATE SUMMARY FOR DECEMBER 25 2014...

CLIMATE NORMAL PERIOD 1981 TO 2010
CLIMATE RECORD PERIOD 9999 TO 9999


WEATHER ITEM   OBSERVED TIME   RECORD YEAR NORMAL DEPARTURE LAST
                VALUE   (LST)  VALUE       VALUE  FROM      YEAR
                                                  NORMAL
..................................................................
TEMPERATURE (F)
 YESTERDAY
  MAXIMUM         47    339 PM  MM      MM  31     16       26
  MINIMUM         32    520 AM  MM      MM  15     17       13
  AVERAGE         40                        22     18       20

PRECIPITATION (IN)
  YESTERDAY        T            MM      MM   0.03  -0.03     0.04
  MONTH TO DATE    0.75                      1.54  -0.79     1.06
  SINCE DEC 1      0.75                      1.54  -0.79     1.06
  SINCE JAN 1     34.18                     35.84  -1.66    34.83

SNOWFALL (IN)
  YESTERDAY        T            MM      MM  MM     MM        0.7
  MONTH TO DATE    T                        MM     MM       12.4
  SINCE DEC 1      T                        MM     MM       12.4
  SINCE JUL 1      4.0                      MM     MM       15.7
  SNOW DEPTH       0

DEGREE DAYS
 HEATING
  YESTERDAY       25                        42    -17       45
  MONTH TO DATE  830                       974   -144     1136
  SINCE DEC 1    830                       974   -144     1136
  SINCE JUL 1   2435                      2322    113     2549

 COOLING
  YESTERDAY        0                         0      0        0
  MONTH TO DATE    0                         0      0        0
  SINCE DEC 1      0                         0      0        0
  SINCE JAN 1    728                       786    -58      938
..................................................................


WIND (MPH)
  HIGHEST WIND SPEED    21   HIGHEST WIND DIRECTION     S (180)
  HIGHEST GUST SPEED    26   HIGHEST GUST DIRECTION     S (160)
  AVERAGE WIND SPEED    14.8


SKY COVER
  POSSIBLE SUNSHINE  MM
  AVERAGE SKY COVER 0.4


WEATHER CONDITIONS
 THE FOLLOWING WEATHER WAS RECORDED YESTERDAY.
  LIGHT SNOW


RELATIVE HUMIDITY (PERCENT)
 HIGHEST    85           400 AM
 LOWEST     53           300 PM
 AVERAGE    69

..........................................................


THE DAVENPORT IA CLIMATE NORMALS FOR TODAY
                         NORMAL    RECORD    YEAR
 MAXIMUM TEMPERATURE (F)   30        MM        MM
 MINIMUM TEMPERATURE (F)   14        MM        MM


SUNRISE AND SUNSET
DECEMBER 26 2014......SUNRISE   728 AM CST   SUNSET   438 PM CST
DECEMBER 27 2014......SUNRISE   728 AM CST   SUNSET   439 PM CST


-  INDICATES NEGATIVE NUMBERS.
R  INDICATES RECORD WAS SET OR TIED.
MM INDICATES DATA IS MISSING.
T  INDICATES TRACE AMOUNT.




$$
